000
CDUS41 KOKX 010617
CLIEWR


CLIMATE REPORT
NATIONAL WEATHER SERVICE NEW YORK NY
117 AM EST SUN MAR 1 2015


...................................

...THE NEWARK NJ CLIMATE SUMMARY FOR FEBRUARY 28 2015...

CLIMATE NORMAL PERIOD 1981 TO 2010
CLIMATE RECORD PERIOD 1929 TO 2015


WEATHER ITEM   OBSERVED TIME   RECORD YEAR NORMAL DEPARTURE LAST
                VALUE   (LST)  VALUE       VALUE  FROM      YEAR
                                                  NORMAL
..................................................................
TEMPERATURE (F)
 YESTERDAY
  MAXIMUM         31    414 PM  68    1976  46    -15       25
  MINIMUM         13    702 AM   0    1934  29    -16        9
  AVERAGE         22                        38    -16       17

PRECIPITATION (IN)
  YESTERDAY        0.00          1.21 1939   0.11  -0.11     0.00
  MONTH TO DATE    2.06                      2.88  -0.82     4.94
  SINCE DEC 1     11.39                     10.23   1.16    12.34
  SINCE JAN 1      6.48                      6.42   0.06     7.72

SNOWFALL (IN)
  YESTERDAY        0.0           5.9  2005   0.2   -0.2      0.0
  MONTH TO DATE   13.5                       9.3    4.2     30.3
  SINCE OCT 1     30.1                      23.0    7.1     60.5
  SINCE JUL 1     30.1                      23.0    7.1     60.5
  SNOW DEPTH       4

DEGREE DAYS
 HEATING
  YESTERDAY       43                        28     15       48
  MONTH TO DATE 1183                       852    331      977
  SINCE DEC 1   3071                      2767    304     3005
  SINCE JUL 1   3903                      3635    268     3875

 COOLING
  YESTERDAY        0                         0      0        0
  MONTH TO DATE    0                         0      0        0
  SINCE DEC 1      0                         0      0        0
  SINCE JAN 1      0                         0      0        0
..................................................................


WIND (MPH)
  HIGHEST WIND SPEED    16   HIGHEST WIND DIRECTION     N (360)
  HIGHEST GUST SPEED    22   HIGHEST GUST DIRECTION    NW (310)
  AVERAGE WIND SPEED     6.1


SKY COVER
  AVERAGE SKY COVER 0.3


WEATHER CONDITIONS
 THE FOLLOWING WEATHER WAS RECORDED YESTERDAY.
  NO SIGNIFICANT WEATHER WAS OBSERVED.


RELATIVE HUMIDITY (PERCENT)
 HIGHEST    53           700 AM
 LOWEST     27           400 PM
 AVERAGE    40

..........................................................


THE NEWARK NJ CLIMATE NORMALS FOR TODAY
                         NORMAL    RECORD    YEAR
 MAXIMUM TEMPERATURE (F)   46        75      1972
 MINIMUM TEMPERATURE (F)   30         7      1980


SUNRISE AND SUNSET
MARCH  1 2015.........SUNRISE   631 AM EST   SUNSET   548 PM EST
MARCH  2 2015.........SUNRISE   629 AM EST   SUNSET   549 PM EST


-  INDICATES NEGATIVE NUMBERS.
R  INDICATES RECORD WAS SET OR TIED.
MM INDICATES DATA IS MISSING.
T  INDICATES TRACE AMOUNT.




$$
