000
CDUS41 KOKX 262040
CLIEWR


CLIMATE REPORT
NATIONAL WEATHER SERVICE NEW YORK NY
439 PM EDT WED AUG 26 2015


...................................

...THE NEWARK NJ CLIMATE SUMMARY FOR AUGUST 26 2015...
VALID TODAY AS OF 0400 PM LOCAL TIME.

CLIMATE NORMAL PERIOD 1981 TO 2010
CLIMATE RECORD PERIOD 1929 TO 2015


WEATHER ITEM   OBSERVED TIME   RECORD YEAR NORMAL DEPARTURE LAST
                VALUE   (LST)  VALUE       VALUE  FROM      YEAR
                                                  NORMAL
..................................................................
TEMPERATURE (F)
 TODAY
  MAXIMUM         85    132 PM 103    1948  83      2       87
  MINIMUM         66    530 AM  51    1942  66      0       68
  AVERAGE         76                        74      2       78

PRECIPITATION (IN)
  TODAY            0.00          2.45 1999   0.10  -0.10     0.00
  MONTH TO DATE    1.40                      3.22  -1.82     1.72
  SINCE JUN 1      9.99                     12.00  -2.01    11.23
  SINCE JAN 1     27.60                     30.89  -3.29    34.58

SNOWFALL (IN)
  TODAY            0.0           0.0  2002   0.0    0.0      0.0
                                      2001
  MONTH TO DATE    0.0                       0.0    0.0      0.0
  SINCE OCT 1     46.4                      28.5   17.9     61.1
  SINCE JUL 1      0.0                       0.0    0.0      0.0
  SNOW DEPTH       0

DEGREE DAYS
 HEATING
  TODAY            0                         0      0        0
  MONTH TO DATE    0                         0      0        0
  SINCE JUN 1     29                        17     12        0
  SINCE JUL 1      0                         0      0        0

 COOLING
  TODAY           11                        10      1       13
  MONTH TO DATE  370                       291     79      249
  SINCE JUN 1   1060                       913    147      872
  SINCE JAN 1   1220                       989    231      934
..................................................................


WIND (MPH)
  HIGHEST WIND SPEED    22   HIGHEST WIND DIRECTION     W (280)
  HIGHEST GUST SPEED    31   HIGHEST GUST DIRECTION     W (260)
  AVERAGE WIND SPEED     8.8


SKY COVER
  AVERAGE SKY COVER 0.3


WEATHER CONDITIONS
 THE FOLLOWING WEATHER WAS RECORDED TODAY.
  NO SIGNIFICANT WEATHER WAS OBSERVED.


RELATIVE HUMIDITY (PERCENT)
 HIGHEST    63           300 AM
 LOWEST     31           100 PM
 AVERAGE    47

..........................................................


THE NEWARK NJ CLIMATE NORMALS FOR TOMORROW
                         NORMAL    RECORD    YEAR
 MAXIMUM TEMPERATURE (F)   83       100      1993
 MINIMUM TEMPERATURE (F)   66        52      1940


SUNRISE AND SUNSET
AUGUST 26 2015........SUNRISE   618 AM EDT   SUNSET   739 PM EDT
AUGUST 27 2015........SUNRISE   618 AM EDT   SUNSET   737 PM EDT


-  INDICATES NEGATIVE NUMBERS.
R  INDICATES RECORD WAS SET OR TIED.
MM INDICATES DATA IS MISSING.
T  INDICATES TRACE AMOUNT.




$$
