000
CDUS41 KOKX 200618
CLIEWR


CLIMATE REPORT
NATIONAL WEATHER SERVICE NEW YORK NY
218 AM EDT WED SEP 20 2017


...................................

...THE NEWARK NJ CLIMATE SUMMARY FOR SEPTEMBER 19 2017...

CLIMATE NORMAL PERIOD 1981 TO 2010
CLIMATE RECORD PERIOD 1929 TO 2017


WEATHER ITEM   OBSERVED TIME   RECORD YEAR NORMAL DEPARTURE LAST
                VALUE   (LST)  VALUE       VALUE  FROM      YEAR
                                                  NORMAL
..................................................................
TEMPERATURE (F)
 YESTERDAY
  MAXIMUM         81    115 PM  93    1983  76      5       76
  MINIMUM         69    705 PM  44    1959  59     10       70
                                      1943
  AVERAGE         75                        67      8       73

PRECIPITATION (IN)
  YESTERDAY        0.04          1.79 1989   0.13  -0.09     1.03
  MONTH TO DATE    1.72                      2.31  -0.59     1.25
  SINCE SEP 1      1.72                      2.31  -0.59     1.25
  SINCE JAN 1     39.40                     33.68   5.72    25.06

SNOWFALL (IN)
  YESTERDAY        0.0           0.0  2002   0.0    0.0      0.0
                                      2001
  MONTH TO DATE    0.0                       0.0    0.0      0.0
  SINCE OCT 1     30.0                      28.5    1.5     32.8
  SINCE JUL 1      0.0                       0.0    0.0      0.0
  SNOW DEPTH       0

DEGREE DAYS
 HEATING
  YESTERDAY        0                         2     -2        0
  MONTH TO DATE   10                        11     -1        0
  SINCE SEP 1     10                        11     -1        0
  SINCE JUL 1     10                        12     -2        0

 COOLING
  YESTERDAY       10                         4      6        8
  MONTH TO DATE   93                       113    -20      182
  SINCE SEP 1     93                       113    -20      182
  SINCE JAN 1   1121                      1147    -26     1492
..................................................................


WIND (MPH)
  HIGHEST WIND SPEED    26   HIGHEST WIND DIRECTION     N (20)
  HIGHEST GUST SPEED    34   HIGHEST GUST DIRECTION    NE (60)
  AVERAGE WIND SPEED    16.3


SKY COVER
  AVERAGE SKY COVER 0.9


WEATHER CONDITIONS
 THE FOLLOWING WEATHER WAS RECORDED YESTERDAY.
  LIGHT RAIN


RELATIVE HUMIDITY (PERCENT)
 HIGHEST    90           400 AM
 LOWEST     58           100 PM
 AVERAGE    74

..........................................................


THE NEWARK NJ CLIMATE NORMALS FOR TODAY
                         NORMAL    RECORD    YEAR
 MAXIMUM TEMPERATURE (F)   75        92      1983
 MINIMUM TEMPERATURE (F)   58        44      1979


SUNRISE AND SUNSET
SEPTEMBER 20 2017.....SUNRISE   642 AM EDT   SUNSET   657 PM EDT
SEPTEMBER 21 2017.....SUNRISE   643 AM EDT   SUNSET   655 PM EDT


-  INDICATES NEGATIVE NUMBERS.
R  INDICATES RECORD WAS SET OR TIED.
MM INDICATES DATA IS MISSING.
T  INDICATES TRACE AMOUNT.




$$
