000
CDUS41 KOKX 160616
CLIEWR


CLIMATE REPORT
NATIONAL WEATHER SERVICE NEW YORK NY
216 AM EDT TUE AUG 16 2016


...................................

...THE NEWARK NJ CLIMATE SUMMARY FOR AUGUST 15 2016...

CLIMATE NORMAL PERIOD 1981 TO 2010
CLIMATE RECORD PERIOD 1929 TO 2016


WEATHER ITEM   OBSERVED TIME   RECORD YEAR NORMAL DEPARTURE LAST
                VALUE   (LST)  VALUE       VALUE  FROM      YEAR
                                                  NORMAL
..................................................................
TEMPERATURE (F)
 YESTERDAY
  MAXIMUM         94    253 PM  99    1988  84     10       94
                                      1947
                                      1944
  MINIMUM         77    543 AM  54    1964  68      9       68
  AVERAGE         86                        76     10       81

PRECIPITATION (IN)
  YESTERDAY        0.00          0.69 1969   0.12  -0.12     0.00
  MONTH TO DATE    0.48                      2.02  -1.54     1.13
  SINCE JUN 1      8.96                     10.80  -1.84     9.72
  SINCE JAN 1     23.36                     29.69  -6.33    27.33

SNOWFALL (IN)
  YESTERDAY        0.0           0.0  2002   0.0    0.0      0.0
                                      2001
  MONTH TO DATE    0.0                       0.0    0.0      0.0
  SINCE OCT 1     32.8                      28.5    4.3     46.4
  SINCE JUL 1      0.0                       0.0    0.0      0.0
  SNOW DEPTH       0

DEGREE DAYS
 HEATING
  YESTERDAY        0                         0      0        0
  MONTH TO DATE    0                         0      0        0
  SINCE JUN 1      4                        17    -13       29
  SINCE JUL 1      0                         0      0        0

 COOLING
  YESTERDAY       21                        11     10       16
  MONTH TO DATE  233                       176     57      197
  SINCE JUN 1    953                       798    155      887
  SINCE JAN 1   1071                       874    197     1047
..................................................................


WIND (MPH)
  HIGHEST WIND SPEED    14   HIGHEST WIND DIRECTION     W (290)
  HIGHEST GUST SPEED    19   HIGHEST GUST DIRECTION    NW (300)
  AVERAGE WIND SPEED     7.2


SKY COVER
  AVERAGE SKY COVER 0.7


WEATHER CONDITIONS
 THE FOLLOWING WEATHER WAS RECORDED YESTERDAY.
  NO SIGNIFICANT WEATHER WAS OBSERVED.


RELATIVE HUMIDITY (PERCENT)
 HIGHEST    79           200 AM
 LOWEST     36           300 PM
 AVERAGE    58

..........................................................


THE NEWARK NJ CLIMATE NORMALS FOR TODAY
                         NORMAL    RECORD    YEAR
 MAXIMUM TEMPERATURE (F)   84        99      1944
 MINIMUM TEMPERATURE (F)   68        57      1945


SUNRISE AND SUNSET
AUGUST 16 2016........SUNRISE   608 AM EDT   SUNSET   752 PM EDT
AUGUST 17 2016........SUNRISE   609 AM EDT   SUNSET   751 PM EDT


-  INDICATES NEGATIVE NUMBERS.
R  INDICATES RECORD WAS SET OR TIED.
MM INDICATES DATA IS MISSING.
T  INDICATES TRACE AMOUNT.




$$
