000
CDUS41 KOKX 140616
CLIEWR


CLIMATE REPORT
NATIONAL WEATHER SERVICE NEW YORK NY
216 AM EDT MON APR 14 2014


...................................

...THE NEWARK NJ CLIMATE SUMMARY FOR APRIL 13 2014...

CLIMATE NORMAL PERIOD 1981 TO 2010
CLIMATE RECORD PERIOD 1929 TO 2014


WEATHER ITEM   OBSERVED TIME   RECORD YEAR NORMAL DEPARTURE LAST
                VALUE   (LST)  VALUE       VALUE  FROM      YEAR
                                                  NORMAL
..................................................................
TEMPERATURE (F)
 YESTERDAY
  MAXIMUM         83    302 PM  86    1977  61     22       60
  MINIMUM         51    459 AM  26    1940  43      8       40
  AVERAGE         67                        52     15       50

PRECIPITATION (IN)
  YESTERDAY        0.00          1.05 2004   0.15  -0.15      T
  MONTH TO DATE    1.17                      1.92  -0.75     1.16
  SINCE MAR 1      4.82                      6.10  -1.28     4.16
  SINCE JAN 1     12.54                     12.52   0.02    10.50

SNOWFALL (IN)
  YESTERDAY        0.0           T    1961   0.0    0.0      0.0
  MONTH TO DATE    0.0                       0.6   -0.6      0.0
  SINCE OCT 1     60.7                      28.2   32.5     29.5
  SINCE JUL 1     60.7                      28.2   32.5     29.5
  SNOW DEPTH       0

DEGREE DAYS
 HEATING
  YESTERDAY        0                        13    -13       15
  MONTH TO DATE  154                       200    -46      183
  SINCE MAR 1    988                       909     79      942
  SINCE JUL 1   4863                      4544    319     4322

 COOLING
  YESTERDAY        2                         0      2        0
  MONTH TO DATE    2                         0      2        3
  SINCE MAR 1      2                         1      1        3
  SINCE JAN 1      2                         1      1        3
..................................................................


WIND (MPH)
  HIGHEST WIND SPEED    25   HIGHEST WIND DIRECTION    SW (230)
  HIGHEST GUST SPEED    35   HIGHEST GUST DIRECTION     W (250)
  AVERAGE WIND SPEED     9.2


SKY COVER
  AVERAGE SKY COVER 0.7


WEATHER CONDITIONS
 THE FOLLOWING WEATHER WAS RECORDED YESTERDAY.
  NO SIGNIFICANT WEATHER WAS OBSERVED.


RELATIVE HUMIDITY (PERCENT)
 HIGHEST    77           700 AM
 LOWEST     31           200 PM
 AVERAGE    54

..........................................................


THE NEWARK NJ CLIMATE NORMALS FOR TODAY
                         NORMAL    RECORD    YEAR
 MAXIMUM TEMPERATURE (F)   62        88      1941
 MINIMUM TEMPERATURE (F)   43        26      1950


SUNRISE AND SUNSET
APRIL 14 2014.........SUNRISE   620 AM EDT   SUNSET   735 PM EDT
APRIL 15 2014.........SUNRISE   618 AM EDT   SUNSET   736 PM EDT


-  INDICATES NEGATIVE NUMBERS.
R  INDICATES RECORD WAS SET OR TIED.
MM INDICATES DATA IS MISSING.
T  INDICATES TRACE AMOUNT.




$$
