000
CDUS41 KOKX 090616
CLIEWR


CLIMATE REPORT
NATIONAL WEATHER SERVICE NEW YORK NY
216 AM EDT WED APR 9 2014


...................................

...THE NEWARK NJ CLIMATE SUMMARY FOR APRIL 8 2014...

CLIMATE NORMAL PERIOD 1981 TO 2010
CLIMATE RECORD PERIOD 1929 TO 2014


WEATHER ITEM   OBSERVED TIME   RECORD YEAR NORMAL DEPARTURE LAST
                VALUE   (LST)  VALUE       VALUE  FROM      YEAR
                                                  NORMAL
..................................................................
TEMPERATURE (F)
 YESTERDAY
  MAXIMUM         67    126 PM  88    1991  59      8       72
  MINIMUM         45   1248 AM  23    1982  41      4       47
  AVERAGE         56                        50      6       60

PRECIPITATION (IN)
  YESTERDAY        0.33          1.85 1940   0.15   0.18     0.00
  MONTH TO DATE    1.17                      1.17   0.00      T
  SINCE MAR 1      4.82                      5.35  -0.53     3.00
  SINCE JAN 1     12.54                     11.77   0.77     9.34

SNOWFALL (IN)
  YESTERDAY        0.0           3.4  1956   0.0    0.0      0.0
  MONTH TO DATE    0.0                       0.4   -0.4      0.0
  SINCE OCT 1     60.7                      28.0   32.7     29.5
  SINCE JUL 1     60.7                      28.0   32.7     29.5
  SNOW DEPTH       0

DEGREE DAYS
 HEATING
  YESTERDAY        9                        15     -6        5
  MONTH TO DATE  127                       130     -3      139
  SINCE MAR 1    961                       839    122      898
  SINCE JUL 1   4836                      4474    362     4278

 COOLING
  YESTERDAY        0                         0      0        0
  MONTH TO DATE    0                         0      0        0
  SINCE MAR 1      0                         1     -1        0
  SINCE JAN 1      0                         1     -1        0
..................................................................


WIND (MPH)
  HIGHEST WIND SPEED    32   HIGHEST WIND DIRECTION     W (250)
  HIGHEST GUST SPEED    45   HIGHEST GUST DIRECTION     W (270)
  AVERAGE WIND SPEED    12.2


SKY COVER
  AVERAGE SKY COVER 0.8


WEATHER CONDITIONS
 THE FOLLOWING WEATHER WAS RECORDED YESTERDAY.
  HEAVY RAIN
  LIGHT RAIN
  FOG
  FOG W/VISIBILITY <= 1/4 MILE


RELATIVE HUMIDITY (PERCENT)
 HIGHEST   100          1200 AM
 LOWEST     39           400 PM
 AVERAGE    70

..........................................................


THE NEWARK NJ CLIMATE NORMALS FOR TODAY
                         NORMAL    RECORD    YEAR
 MAXIMUM TEMPERATURE (F)   60        85      2013
 MINIMUM TEMPERATURE (F)   42        26      1977


SUNRISE AND SUNSET
APRIL  9 2014.........SUNRISE   627 AM EDT   SUNSET   730 PM EDT
APRIL 10 2014.........SUNRISE   626 AM EDT   SUNSET   731 PM EDT


-  INDICATES NEGATIVE NUMBERS.
R  INDICATES RECORD WAS SET OR TIED.
MM INDICATES DATA IS MISSING.
T  INDICATES TRACE AMOUNT.




$$
