779
CDUS41 KOKX 220618
CLIEWR


CLIMATE REPORT
NATIONAL WEATHER SERVICE NEW YORK NY
218 AM EDT WED MAR 22 2017


...................................

...THE NEWARK NJ CLIMATE SUMMARY FOR MARCH 21 2017...

CLIMATE NORMAL PERIOD 1981 TO 2010
CLIMATE RECORD PERIOD 1929 TO 2017


WEATHER ITEM   OBSERVED TIME   RECORD YEAR NORMAL DEPARTURE LAST
                VALUE   (LST)  VALUE       VALUE  FROM      YEAR
                                                  NORMAL
..................................................................
TEMPERATURE (F)
 YESTERDAY
  MAXIMUM         62    339 PM  76    1938  52     10       53
  MINIMUM         42    502 AM  16    1986  35      7       33
  AVERAGE         52                        44      8       43

PRECIPITATION (IN)
  YESTERDAY        T             1.66 1983   0.15  -0.15      T
  MONTH TO DATE    1.71                      2.74  -1.03     0.89
  SINCE MAR 1      1.71                      2.74  -1.03     0.89
  SINCE JAN 1      8.45                      9.16  -0.71     8.94

SNOWFALL (IN)
  YESTERDAY        0.0           5.3  1958   0.1   -0.1       T
  MONTH TO DATE    9.4                       3.7    5.7      1.6
  SINCE OCT 1     30.0                      26.7    3.3     32.8
  SINCE JUL 1     30.0                      26.7    3.3     32.8
  SNOW DEPTH       0

DEGREE DAYS
 HEATING
  YESTERDAY       13                        21     -8       22
  MONTH TO DATE  561                       514     47      360
  SINCE MAR 1    561                       514     47      360
  SINCE JUL 1   3570                      4149   -579     3233

 COOLING
  YESTERDAY        0                         0      0        0
  MONTH TO DATE    0                         0      0        5
  SINCE MAR 1      0                         0      0        5
  SINCE JAN 1      0                         0      0        5
..................................................................


WIND (MPH)
  HIGHEST WIND SPEED    17   HIGHEST WIND DIRECTION     W (270)
  HIGHEST GUST SPEED    21   HIGHEST GUST DIRECTION     W (260)
  AVERAGE WIND SPEED     6.9


SKY COVER
  AVERAGE SKY COVER 0.8


WEATHER CONDITIONS
 THE FOLLOWING WEATHER WAS RECORDED YESTERDAY.
  LIGHT RAIN


RELATIVE HUMIDITY (PERCENT)
 HIGHEST    49           400 AM
 LOWEST     30          1200 PM
 AVERAGE    40

..........................................................


THE NEWARK NJ CLIMATE NORMALS FOR TODAY
                         NORMAL    RECORD    YEAR
 MAXIMUM TEMPERATURE (F)   53        80      1938
 MINIMUM TEMPERATURE (F)   35        17      1934


SUNRISE AND SUNSET
MARCH 22 2017.........SUNRISE   656 AM EDT   SUNSET   711 PM EDT
MARCH 23 2017.........SUNRISE   655 AM EDT   SUNSET   712 PM EDT


-  INDICATES NEGATIVE NUMBERS.
R  INDICATES RECORD WAS SET OR TIED.
MM INDICATES DATA IS MISSING.
T  INDICATES TRACE AMOUNT.




$$
