000
CDUS41 KOKX 150617
CLIEWR


CLIMATE REPORT
NATIONAL WEATHER SERVICE NEW YORK NY
217 AM EDT SAT APR 15 2017


...................................

...THE NEWARK NJ CLIMATE SUMMARY FOR APRIL 14 2017...

CLIMATE NORMAL PERIOD 1981 TO 2010
CLIMATE RECORD PERIOD 1929 TO 2017


WEATHER ITEM   OBSERVED TIME   RECORD YEAR NORMAL DEPARTURE LAST
                VALUE   (LST)  VALUE       VALUE  FROM      YEAR
                                                  NORMAL
..................................................................
TEMPERATURE (F)
 YESTERDAY
  MAXIMUM         64    333 PM  88    1941  62      2       62
  MINIMUM         44    338 AM  26    1950  43      1       41
  AVERAGE         54                        52      2       52

PRECIPITATION (IN)
  YESTERDAY        0.00          0.90 1979   0.14  -0.14     0.00
  MONTH TO DATE    2.07                      2.06   0.01     0.95
  SINCE MAR 1      7.14                      6.24   0.90     2.33
  SINCE JAN 1     13.88                     12.66   1.22    10.38

SNOWFALL (IN)
  YESTERDAY        0.0           0.7  1950   0.0    0.0      0.0
  MONTH TO DATE    0.0                       0.6   -0.6       T
  SINCE OCT 1     30.0                      28.2    1.8     32.8
  SINCE JUL 1     30.0                      28.2    1.8     32.8
  SNOW DEPTH       0

DEGREE DAYS
 HEATING
  YESTERDAY       11                        13     -2       13
  MONTH TO DATE  155                       213    -58      255
  SINCE MAR 1    927                       922      5      749
  SINCE JUL 1   3936                      4557   -621     3622

 COOLING
  YESTERDAY        0                         0      0        0
  MONTH TO DATE    9                         0      9        6
  SINCE MAR 1      9                         1      8       11
  SINCE JAN 1      9                         1      8       11
..................................................................


WIND (MPH)
  HIGHEST WIND SPEED    13   HIGHEST WIND DIRECTION    NE (30)
  HIGHEST GUST SPEED    16   HIGHEST GUST DIRECTION    SE (150)
  AVERAGE WIND SPEED     7.0


SKY COVER
  AVERAGE SKY COVER 0.4


WEATHER CONDITIONS
 THE FOLLOWING WEATHER WAS RECORDED YESTERDAY.
  NO SIGNIFICANT WEATHER WAS OBSERVED.


RELATIVE HUMIDITY (PERCENT)
 HIGHEST    53           400 AM
 LOWEST     24           300 PM
 AVERAGE    39

..........................................................


THE NEWARK NJ CLIMATE NORMALS FOR TODAY
                         NORMAL    RECORD    YEAR
 MAXIMUM TEMPERATURE (F)   62        88      1960
 MINIMUM TEMPERATURE (F)   44        25      1943


SUNRISE AND SUNSET
APRIL 15 2017.........SUNRISE   618 AM EDT   SUNSET   736 PM EDT
APRIL 16 2017.........SUNRISE   616 AM EDT   SUNSET   737 PM EDT


-  INDICATES NEGATIVE NUMBERS.
R  INDICATES RECORD WAS SET OR TIED.
MM INDICATES DATA IS MISSING.
T  INDICATES TRACE AMOUNT.




$$
