007
CDUS41 KOKX 150624
CLIEWR


CLIMATE REPORT
NATIONAL WEATHER SERVICE NEW YORK NY
222 AM EDT SAT JUL 15 2017


...................................

...THE NEWARK NJ CLIMATE SUMMARY FOR JULY 14 2017...

CLIMATE NORMAL PERIOD 1981 TO 2010
CLIMATE RECORD PERIOD 1929 TO 2017


WEATHER ITEM   OBSERVED TIME   RECORD YEAR NORMAL DEPARTURE LAST
                VALUE   (LST)  VALUE       VALUE  FROM      YEAR
                                                  NORMAL
..................................................................
TEMPERATURE (F)
 YESTERDAY
  MAXIMUM         73   1234 AM 102    1954  86    -13       91
  MINIMUM         66    931 AM  55    1940  69     -3       76
  AVERAGE         70                        78     -8       84

PRECIPITATION (IN)
  YESTERDAY        0.30          1.35 1987   0.16   0.14     0.12
  MONTH TO DATE    3.00                      1.98   1.02     1.50
  SINCE JUN 1      8.29                      6.00   2.29     3.90
  SINCE JAN 1     30.83                     24.89   5.94    18.30

SNOWFALL (IN)
  YESTERDAY        0.0           0.0  2002   0.0    0.0      0.0
                                      2001
  MONTH TO DATE    0.0                       0.0    0.0      0.0
  SINCE OCT 1     30.0                      28.5    1.5     32.8
  SINCE JUL 1      0.0                       0.0    0.0      0.0
  SNOW DEPTH       0

DEGREE DAYS
 HEATING
  YESTERDAY        0                         0      0        0
  MONTH TO DATE    0                         0      0        0
  SINCE JUN 1     18                        17      1        4
  SINCE JUL 1      0                         0      0        0

 COOLING
  YESTERDAY        5                        13     -8       19
  MONTH TO DATE  185                       170     15      174
  SINCE JUN 1    442                       409     33      424
  SINCE JAN 1    537                       485     52      542
..................................................................


WIND (MPH)
  HIGHEST WIND SPEED    15   HIGHEST WIND DIRECTION     E (100)
  HIGHEST GUST SPEED    19   HIGHEST GUST DIRECTION     E (110)
  AVERAGE WIND SPEED     6.8


SKY COVER
  AVERAGE SKY COVER 1.0


WEATHER CONDITIONS
 THE FOLLOWING WEATHER WAS RECORDED YESTERDAY.
  THUNDERSTORM
  HEAVY RAIN
  RAIN
  LIGHT RAIN
  FOG


RELATIVE HUMIDITY (PERCENT)
 HIGHEST   100           400 PM
 LOWEST     87          1200 AM
 AVERAGE    94

..........................................................


THE NEWARK NJ CLIMATE NORMALS FOR TODAY
                         NORMAL    RECORD    YEAR
 MAXIMUM TEMPERATURE (F)   86       104      1995
 MINIMUM TEMPERATURE (F)   69        55      1940


SUNRISE AND SUNSET
JULY 15 2017..........SUNRISE   539 AM EDT   SUNSET   826 PM EDT
JULY 16 2017..........SUNRISE   539 AM EDT   SUNSET   826 PM EDT


-  INDICATES NEGATIVE NUMBERS.
R  INDICATES RECORD WAS SET OR TIED.
MM INDICATES DATA IS MISSING.
T  INDICATES TRACE AMOUNT.




$$
