000
CDUS41 KOKX 242039
CLIEWR


CLIMATE REPORT
NATIONAL WEATHER SERVICE NEW YORK NY
438 PM EDT SAT SEP 24 2016


...................................

...THE NEWARK NJ CLIMATE SUMMARY FOR SEPTEMBER 24 2016...
VALID TODAY AS OF 0400 PM LOCAL TIME.

CLIMATE NORMAL PERIOD 1981 TO 2010
CLIMATE RECORD PERIOD 1929 TO 2016


WEATHER ITEM   OBSERVED TIME   RECORD YEAR NORMAL DEPARTURE LAST
                VALUE   (LST)  VALUE       VALUE  FROM      YEAR
                                                  NORMAL
..................................................................
TEMPERATURE (F)
 TODAY
  MAXIMUM         72    255 PM  92    1959  74     -2       81
  MINIMUM         58    713 AM  40    1950  56      2       55
  AVERAGE         65                        65      0       68

PRECIPITATION (IN)
  TODAY            0.44          2.58 1946   0.14   0.30     0.00
  MONTH TO DATE    1.70                      2.99  -1.29     1.02
  SINCE SEP 1      1.70                      2.99  -1.29     1.02
  SINCE JAN 1     25.51                     34.36  -8.85    28.62

SNOWFALL (IN)
  TODAY            0.0           0.0  2002   0.0    0.0      0.0
                                      2001
  MONTH TO DATE    0.0                       0.0    0.0      0.0
  SINCE OCT 1     32.8                      28.5    4.3     46.4
  SINCE JUL 1      0.0                       0.0    0.0      0.0
  SNOW DEPTH       0

DEGREE DAYS
 HEATING
  TODAY            0                         3     -3        0
  MONTH TO DATE    0                        22    -22        0
  SINCE SEP 1      0                        22    -22        0
  SINCE JUL 1      0                        23    -23        0

 COOLING
  TODAY            0                         2     -2        3
  MONTH TO DATE  223                       127     96      230
  SINCE SEP 1    223                       127     96      230
  SINCE JAN 1   1533                      1161    372     1512
..................................................................


WIND (MPH)
  HIGHEST WIND SPEED    22   HIGHEST WIND DIRECTION     N (20)
  HIGHEST GUST SPEED    26   HIGHEST GUST DIRECTION    NE (30)
  AVERAGE WIND SPEED    11.8


SKY COVER
  AVERAGE SKY COVER 0.6


WEATHER CONDITIONS
 THE FOLLOWING WEATHER WAS RECORDED TODAY.
  THUNDERSTORM
  HEAVY RAIN
  RAIN
  LIGHT RAIN
  FOG


RELATIVE HUMIDITY (PERCENT)
 HIGHEST    90           300 AM
 LOWEST     35           300 PM
 AVERAGE    63

..........................................................


THE NEWARK NJ CLIMATE NORMALS FOR TOMORROW
                         NORMAL    RECORD    YEAR
 MAXIMUM TEMPERATURE (F)   73        91      1970
 MINIMUM TEMPERATURE (F)   56        39      1950


SUNRISE AND SUNSET
SEPTEMBER 24 2016.....SUNRISE   647 AM EDT   SUNSET   650 PM EDT
SEPTEMBER 25 2016.....SUNRISE   648 AM EDT   SUNSET   648 PM EDT


-  INDICATES NEGATIVE NUMBERS.
R  INDICATES RECORD WAS SET OR TIED.
MM INDICATES DATA IS MISSING.
T  INDICATES TRACE AMOUNT.




$$
