000
CDUS41 KOKX 070621
CLIEWR


CLIMATE REPORT
NATIONAL WEATHER SERVICE NEW YORK NY
121 AM EST SUN FEB 7 2016


...................................

...THE NEWARK NJ CLIMATE SUMMARY FOR FEBRUARY 6 2016...

CLIMATE NORMAL PERIOD 1981 TO 2010
CLIMATE RECORD PERIOD 1929 TO 2016


WEATHER ITEM   OBSERVED TIME   RECORD YEAR NORMAL DEPARTURE LAST
                VALUE   (LST)  VALUE       VALUE  FROM      YEAR
                                                  NORMAL
..................................................................
TEMPERATURE (F)
 YESTERDAY
  MAXIMUM         41    320 PM  69    2008  40      1       27
  MINIMUM         25    712 AM   5    1995  26     -1        9
                                      1935
  AVERAGE         33                        33      0       18

PRECIPITATION (IN)
  YESTERDAY        0.00          1.58 2004   0.10  -0.10     0.00
  MONTH TO DATE    1.12                      0.61   0.51     1.17
  SINCE DEC 1      9.53                      7.96   1.57    10.50
  SINCE JAN 1      5.13                      4.15   0.98     5.59

SNOWFALL (IN)
  YESTERDAY        0.0          17.9  1978   0.4   -0.4      0.0
  MONTH TO DATE    2.8                       2.1    0.7      4.6
  SINCE OCT 1     32.4                      15.8   16.6     21.2
  SINCE JUL 1     32.4                      15.8   16.6     21.2
  SNOW DEPTH       1

DEGREE DAYS
 HEATING
  YESTERDAY       32                        32      0       47
  MONTH TO DATE  133                       194    -61      248
  SINCE DEC 1   1574                      2110   -536     2136
  SINCE JUL 1   2206                      2978   -772     2968

 COOLING
  YESTERDAY        0                         0      0        0
  MONTH TO DATE    0                         0      0        0
  SINCE DEC 1      0                         0      0        0
  SINCE JAN 1      0                         0      0        0
..................................................................


WIND (MPH)
  HIGHEST WIND SPEED    15   HIGHEST WIND DIRECTION     S (200)
  HIGHEST GUST SPEED    18   HIGHEST GUST DIRECTION     S (200)
  AVERAGE WIND SPEED     7.1


SKY COVER
  AVERAGE SKY COVER 0.6


WEATHER CONDITIONS
 THE FOLLOWING WEATHER WAS RECORDED YESTERDAY.
  NO SIGNIFICANT WEATHER WAS OBSERVED.


RELATIVE HUMIDITY (PERCENT)
 HIGHEST    69           800 AM
 LOWEST     44           300 PM
 AVERAGE    57

..........................................................


THE NEWARK NJ CLIMATE NORMALS FOR TODAY
                         NORMAL    RECORD    YEAR
 MAXIMUM TEMPERATURE (F)   41        55      1990
 MINIMUM TEMPERATURE (F)   26         5      1993
                                             1935


SUNRISE AND SUNSET
FEBRUARY  7 2016......SUNRISE   701 AM EST   SUNSET   521 PM EST
FEBRUARY  8 2016......SUNRISE   700 AM EST   SUNSET   522 PM EST


-  INDICATES NEGATIVE NUMBERS.
R  INDICATES RECORD WAS SET OR TIED.
MM INDICATES DATA IS MISSING.
T  INDICATES TRACE AMOUNT.




$$
