000
CDUS41 KOKX 230617
CLIEWR


CLIMATE REPORT
NATIONAL WEATHER SERVICE NEW YORK NY
217 AM EDT SAT AUG 23 2014


...................................

...THE NEWARK NJ CLIMATE SUMMARY FOR AUGUST 22 2014...

CLIMATE NORMAL PERIOD 1981 TO 2010
CLIMATE RECORD PERIOD 1929 TO 2014


WEATHER ITEM   OBSERVED TIME   RECORD YEAR NORMAL DEPARTURE LAST
                VALUE   (LST)  VALUE       VALUE  FROM      YEAR
                                                  NORMAL
..................................................................
TEMPERATURE (F)
 YESTERDAY
  MAXIMUM         77    106 PM  94    1983  84     -7       79
                                      1964
  MINIMUM         67    331 AM  51    1982  67      0       71
  AVERAGE         72                        75     -3       75

PRECIPITATION (IN)
  YESTERDAY        0.24          1.70 1994   0.11   0.13     0.40
  MONTH TO DATE    1.72                      2.81  -1.09     3.20
  SINCE JUN 1     11.23                     11.59  -0.36    15.68
  SINCE JAN 1     34.58                     30.48   4.10    31.93

SNOWFALL (IN)
  YESTERDAY        0.0           0.0  2002   0.0    0.0      0.0
                                      2001
  MONTH TO DATE    0.0                       0.0    0.0      0.0
  SINCE OCT 1     61.1                      28.5   32.6     29.5
  SINCE JUL 1      0.0                       0.0    0.0      0.0
  SNOW DEPTH       0

DEGREE DAYS
 HEATING
  YESTERDAY        0                         0      0        0
  MONTH TO DATE    0                         0      0        0
  SINCE JUN 1      0                        17    -17        8
  SINCE JUL 1      0                         0      0        0

 COOLING
  YESTERDAY        7                        10     -3       10
  MONTH TO DATE  214                       251    -37      202
  SINCE JUN 1    841                       873    -32      966
  SINCE JAN 1    903                       949    -46     1066
..................................................................


WIND (MPH)
  HIGHEST WIND SPEED    13   HIGHEST WIND DIRECTION     E (90)
  HIGHEST GUST SPEED    16   HIGHEST GUST DIRECTION     E (90)
  AVERAGE WIND SPEED     4.9


SKY COVER
  AVERAGE SKY COVER 1.0


WEATHER CONDITIONS
 THE FOLLOWING WEATHER WAS RECORDED YESTERDAY.
  LIGHT RAIN


RELATIVE HUMIDITY (PERCENT)
 HIGHEST    93           100 AM
 LOWEST     53           500 PM
 AVERAGE    73

..........................................................


THE NEWARK NJ CLIMATE NORMALS FOR TODAY
                         NORMAL    RECORD    YEAR
 MAXIMUM TEMPERATURE (F)   83        93      1989
 MINIMUM TEMPERATURE (F)   67        55      1952


SUNRISE AND SUNSET
AUGUST 23 2014........SUNRISE   615 AM EDT   SUNSET   743 PM EDT
AUGUST 24 2014........SUNRISE   616 AM EDT   SUNSET   741 PM EDT


-  INDICATES NEGATIVE NUMBERS.
R  INDICATES RECORD WAS SET OR TIED.
MM INDICATES DATA IS MISSING.
T  INDICATES TRACE AMOUNT.




$$
