000
CDUS41 KOKX 202036
CLIEWR


CLIMATE REPORT
NATIONAL WEATHER SERVICE NEW YORK NY
436 PM EDT WED APR 20 2016


...................................

...THE NEWARK NJ CLIMATE SUMMARY FOR APRIL 20 2016...
VALID TODAY AS OF 0400 PM LOCAL TIME.

CLIMATE NORMAL PERIOD 1981 TO 2010
CLIMATE RECORD PERIOD 1929 TO 2016


WEATHER ITEM   OBSERVED TIME   RECORD YEAR NORMAL DEPARTURE LAST
                VALUE   (LST)  VALUE       VALUE  FROM      YEAR
                                                  NORMAL
..................................................................
TEMPERATURE (F)
 TODAY
  MAXIMUM         68    258 PM  91    1941  64      4       59
  MINIMUM         50    529 AM  34    1953  45      5       48
  AVERAGE         59                        54      5       54

PRECIPITATION (IN)
  TODAY            0.00          2.10 2009   0.13  -0.13     0.94
  MONTH TO DATE    0.95                      2.87  -1.92     1.40
  SINCE MAR 1      2.33                      7.05  -4.72     6.03
  SINCE JAN 1     10.38                     13.47  -3.09    12.51

SNOWFALL (IN)
  TODAY            0.0           0.0  2002   0.0    0.0      0.0
                                      2001
  MONTH TO DATE    T                         0.8   -0.8      0.0
  SINCE OCT 1     36.4                      28.4    8.0     46.4
  SINCE JUL 1     36.4                      28.4    8.0     46.4
  SNOW DEPTH       0

DEGREE DAYS
 HEATING
  TODAY            6                        11     -5       11
  MONTH TO DATE  293                       284      9      225
  SINCE MAR 1    787                       993   -206     1064
  SINCE JUL 1   3660                      4628   -968     4967

 COOLING
  TODAY            0                         0      0        0
  MONTH TO DATE    6                         0      6        3
  SINCE MAR 1     11                         1     10        3
  SINCE JAN 1     11                         1     10        3
..................................................................


WIND (MPH)
  HIGHEST WIND SPEED    18   HIGHEST WIND DIRECTION     N (340)
  HIGHEST GUST SPEED    28   HIGHEST GUST DIRECTION     N (350)
  AVERAGE WIND SPEED    10.9


SKY COVER
  AVERAGE SKY COVER 0.1


WEATHER CONDITIONS
 THE FOLLOWING WEATHER WAS RECORDED TODAY.
  NO SIGNIFICANT WEATHER WAS OBSERVED.


RELATIVE HUMIDITY (PERCENT)
 HIGHEST    38           600 AM
 LOWEST     10           300 PM
 AVERAGE    24

..........................................................


THE NEWARK NJ CLIMATE NORMALS FOR TOMORROW
                         NORMAL    RECORD    YEAR
 MAXIMUM TEMPERATURE (F)   64        88      1957
 MINIMUM TEMPERATURE (F)   46        31      1981


SUNRISE AND SUNSET
APRIL 20 2016.........SUNRISE   610 AM EDT   SUNSET   742 PM EDT
APRIL 21 2016.........SUNRISE   608 AM EDT   SUNSET   743 PM EDT


-  INDICATES NEGATIVE NUMBERS.
R  INDICATES RECORD WAS SET OR TIED.
MM INDICATES DATA IS MISSING.
T  INDICATES TRACE AMOUNT.




$$
