000
CDUS41 KOKX 060617
CLIEWR


CLIMATE REPORT
NATIONAL WEATHER SERVICE NEW YORK NY
217 AM EDT SUN APR 6 2014


...................................

...THE NEWARK NJ CLIMATE SUMMARY FOR APRIL 5 2014...

CLIMATE NORMAL PERIOD 1981 TO 2010
CLIMATE RECORD PERIOD 1929 TO 2014


WEATHER ITEM   OBSERVED TIME   RECORD YEAR NORMAL DEPARTURE LAST
                VALUE   (LST)  VALUE       VALUE  FROM      YEAR
                                                  NORMAL
..................................................................
TEMPERATURE (F)
 YESTERDAY
  MAXIMUM         57    236 PM  83    1985  58     -1       66
  MINIMUM         40   1159 PM  23    1995  40      0       41
  AVERAGE         49                        49      0       54

PRECIPITATION (IN)
  YESTERDAY        T             2.07 1984   0.15  -0.15     0.00
  MONTH TO DATE    0.37                      0.74  -0.37      T
  SINCE MAR 1      4.02                      4.92  -0.90     3.00
  SINCE JAN 1     11.74                     11.34   0.40     9.34

SNOWFALL (IN)
  YESTERDAY        0.0          10.1  1957   0.1   -0.1      0.0
  MONTH TO DATE    0.0                       0.3   -0.3      0.0
  SINCE OCT 1     60.7                      27.9   32.8     29.5
  SINCE JUL 1     60.7                      27.9   32.8     29.5
  SNOW DEPTH       0

DEGREE DAYS
 HEATING
  YESTERDAY       16                        16      0       11
  MONTH TO DATE   83                        84     -1       98
  SINCE MAR 1    917                       793    124      857
  SINCE JUL 1   4792                      4428    364     4237

 COOLING
  YESTERDAY        0                         0      0        0
  MONTH TO DATE    0                         0      0        0
  SINCE MAR 1      0                         1     -1        0
  SINCE JAN 1      0                         1     -1        0
..................................................................


WIND (MPH)
  HIGHEST WIND SPEED    32   HIGHEST WIND DIRECTION     W (270)
  HIGHEST GUST SPEED    46   HIGHEST GUST DIRECTION     W (290)
  AVERAGE WIND SPEED    16.0


SKY COVER
  AVERAGE SKY COVER 0.6


WEATHER CONDITIONS
 THE FOLLOWING WEATHER WAS RECORDED YESTERDAY.
  FOG


RELATIVE HUMIDITY (PERCENT)
 HIGHEST    93           100 AM
 LOWEST     32           200 PM
 AVERAGE    63

..........................................................


THE NEWARK NJ CLIMATE NORMALS FOR TODAY
                         NORMAL    RECORD    YEAR
 MAXIMUM TEMPERATURE (F)   58        80      1947
 MINIMUM TEMPERATURE (F)   41        17      1982


SUNRISE AND SUNSET
APRIL  6 2014.........SUNRISE   632 AM EDT   SUNSET   727 PM EDT
APRIL  7 2014.........SUNRISE   631 AM EDT   SUNSET   728 PM EDT


-  INDICATES NEGATIVE NUMBERS.
R  INDICATES RECORD WAS SET OR TIED.
MM INDICATES DATA IS MISSING.
T  INDICATES TRACE AMOUNT.




$$
