000
CDUS41 KOKX 090617
CLIEWR


CLIMATE REPORT
NATIONAL WEATHER SERVICE NEW YORK NY
216 AM EDT FRI JUN 9 2017


...................................

...THE NEWARK NJ CLIMATE SUMMARY FOR JUNE 8 2017...

CLIMATE NORMAL PERIOD 1981 TO 2010
CLIMATE RECORD PERIOD 1929 TO 2017


WEATHER ITEM   OBSERVED TIME   RECORD YEAR NORMAL DEPARTURE LAST
                VALUE   (LST)  VALUE       VALUE  FROM      YEAR
                                                  NORMAL
..................................................................
TEMPERATURE (F)
 YESTERDAY
  MAXIMUM         72   1001 AM  99    2011  79     -7       69
  MINIMUM         54    450 AM  44    1932  61     -7       54
  AVERAGE         63                        70     -7       62

PRECIPITATION (IN)
  YESTERDAY        0.00          0.92 1947   0.15  -0.15     0.51
  MONTH TO DATE    0.23                      1.15  -0.92     1.63
  SINCE JUN 1      0.23                      1.15  -0.92     1.63
  SINCE JAN 1     22.77                     20.04   2.73    16.03

SNOWFALL (IN)
  YESTERDAY        0.0           0.0  2002   0.0    0.0      0.0
                                      2001
  MONTH TO DATE    0.0                       0.0    0.0      0.0
  SINCE OCT 1     30.0                      28.5    1.5     32.8
  SINCE JUL 1     30.0                      28.5    1.5     32.8
  SNOW DEPTH       0

DEGREE DAYS
 HEATING
  YESTERDAY        2                         1      1        3
  MONTH TO DATE   18                        10      8        3
  SINCE JUN 1     18                        10      8        3
  SINCE JUL 1   4233                      4865   -632     3898

 COOLING
  YESTERDAY        0                         6     -6        0
  MONTH TO DATE   12                        42    -30       53
  SINCE JUN 1     12                        42    -30       53
  SINCE JAN 1    107                       118    -11      171
..................................................................


WIND (MPH)
  HIGHEST WIND SPEED    16   HIGHEST WIND DIRECTION    SE (150)
  HIGHEST GUST SPEED    19   HIGHEST GUST DIRECTION    SE (150)
  AVERAGE WIND SPEED     5.6


SKY COVER
  AVERAGE SKY COVER 0.6


WEATHER CONDITIONS
 THE FOLLOWING WEATHER WAS RECORDED YESTERDAY.
  NO SIGNIFICANT WEATHER WAS OBSERVED.


RELATIVE HUMIDITY (PERCENT)
 HIGHEST    83           300 AM
 LOWEST     44           500 PM
 AVERAGE    64

..........................................................


THE NEWARK NJ CLIMATE NORMALS FOR TODAY
                         NORMAL    RECORD    YEAR
 MAXIMUM TEMPERATURE (F)   80       102      2011
 MINIMUM TEMPERATURE (F)   61        47      1957


SUNRISE AND SUNSET
JUNE  9 2017..........SUNRISE   525 AM EDT   SUNSET   827 PM EDT
JUNE 10 2017..........SUNRISE   525 AM EDT   SUNSET   827 PM EDT


-  INDICATES NEGATIVE NUMBERS.
R  INDICATES RECORD WAS SET OR TIED.
MM INDICATES DATA IS MISSING.
T  INDICATES TRACE AMOUNT.




$$
