000
CDUS41 KOKX 062033
CLIEWR


CLIMATE REPORT
NATIONAL WEATHER SERVICE NEW YORK NY
433 PM EDT SUN APR 6 2014


...................................

...THE NEWARK NJ CLIMATE SUMMARY FOR APRIL 6 2014...
VALID TODAY AS OF 0400 PM LOCAL TIME.

CLIMATE NORMAL PERIOD 1981 TO 2010
CLIMATE RECORD PERIOD 1929 TO 2014


WEATHER ITEM   OBSERVED TIME   RECORD YEAR NORMAL DEPARTURE LAST
                VALUE   (LST)  VALUE       VALUE  FROM      YEAR
                                                  NORMAL
..................................................................
TEMPERATURE (F)
 TODAY
  MAXIMUM         61    254 PM  80    1947  58      3       55
  MINIMUM         35    559 AM  17    1982  41     -6       35
  AVERAGE         48                        49     -1       45

PRECIPITATION (IN)
  TODAY            0.00          1.85 1958   0.14  -0.14     0.00
  MONTH TO DATE    0.37                      0.88  -0.51      T
  SINCE MAR 1      4.02                      5.06  -1.04     3.00
  SINCE JAN 1     11.74                     11.48   0.26     9.34

SNOWFALL (IN)
  TODAY            0.0          12.8  1982   0.0    0.0      0.0
  MONTH TO DATE    0.0                       0.3   -0.3      0.0
  SINCE OCT 1     60.7                      27.9   32.8     29.5
  SINCE JUL 1     60.7                      27.9   32.8     29.5
  SNOW DEPTH       0

DEGREE DAYS
 HEATING
  TODAY           17                        16      1       20
  MONTH TO DATE  100                       100      0      118
  SINCE MAR 1    934                       809    125      877
  SINCE JUL 1   4809                      4444    365     4257

 COOLING
  TODAY            0                         0      0        0
  MONTH TO DATE    0                         0      0        0
  SINCE MAR 1      0                         1     -1        0
  SINCE JAN 1      0                         1     -1        0
..................................................................


WIND (MPH)
  HIGHEST WIND SPEED    17   HIGHEST WIND DIRECTION    NW (300)
  HIGHEST GUST SPEED    25   HIGHEST GUST DIRECTION     W (290)
  AVERAGE WIND SPEED     7.8


SKY COVER
  AVERAGE SKY COVER 0.0


WEATHER CONDITIONS
 THE FOLLOWING WEATHER WAS RECORDED TODAY.
  NO SIGNIFICANT WEATHER WAS OBSERVED.


RELATIVE HUMIDITY (PERCENT)
 HIGHEST    59           600 AM
 LOWEST     18           200 PM
 AVERAGE    39

..........................................................


THE NEWARK NJ CLIMATE NORMALS FOR TOMORROW
                         NORMAL    RECORD    YEAR
 MAXIMUM TEMPERATURE (F)   59        92      2010
 MINIMUM TEMPERATURE (F)   41        16      1982


SUNRISE AND SUNSET
APRIL  6 2014.........SUNRISE   632 AM EDT   SUNSET   727 PM EDT
APRIL  7 2014.........SUNRISE   631 AM EDT   SUNSET   728 PM EDT


-  INDICATES NEGATIVE NUMBERS.
R  INDICATES RECORD WAS SET OR TIED.
MM INDICATES DATA IS MISSING.
T  INDICATES TRACE AMOUNT.




$$
