000
CDUS41 KOKX 160620
CLIEWR


CLIMATE REPORT
NATIONAL WEATHER SERVICE NEW YORK NY
219 AM EDT MON MAY 16 2016


...................................

...THE NEWARK NJ CLIMATE SUMMARY FOR MAY 15 2016...

CLIMATE NORMAL PERIOD 1981 TO 2010
CLIMATE RECORD PERIOD 1929 TO 2016


WEATHER ITEM   OBSERVED TIME   RECORD YEAR NORMAL DEPARTURE LAST
                VALUE   (LST)  VALUE       VALUE  FROM      YEAR
                                                  NORMAL
..................................................................
TEMPERATURE (F)
 YESTERDAY
  MAXIMUM         59    102 PM  89    2004  72    -13       75
                                      1957
  MINIMUM         44   1159 PM  40    1939  53     -9       51
                                      1936
  AVERAGE         52                        62    -10       63

PRECIPITATION (IN)
  YESTERDAY        T             0.76 1981   0.13  -0.13     0.00
  MONTH TO DATE    2.07                      1.86   0.21     0.17
  SINCE MAR 1      4.57                     10.24  -5.67     6.47
  SINCE JAN 1     12.62                     16.66  -4.04    12.95

SNOWFALL (IN)
  YESTERDAY        0.0           0.0  2002   0.0    0.0      0.0
                                      2001
  MONTH TO DATE    0.0                       0.0    0.0      0.0
  SINCE OCT 1     36.4                      28.5    7.9     46.4
  SINCE JUL 1     36.4                      28.5    7.9     46.4
  SNOW DEPTH       0

DEGREE DAYS
 HEATING
  YESTERDAY       13                         4      9        2
  MONTH TO DATE  135                        89     46       31
  SINCE MAR 1    991                      1174   -183     1194
  SINCE JUL 1   3864                      4809   -945     5097

 COOLING
  YESTERDAY        0                         2     -2        0
  MONTH TO DATE    2                        17    -15       50
  SINCE MAR 1     20                        29     -9       53
  SINCE JAN 1     20                        29     -9       53
..................................................................


WIND (MPH)
  HIGHEST WIND SPEED    38   HIGHEST WIND DIRECTION     W (270)
  HIGHEST GUST SPEED    48   HIGHEST GUST DIRECTION     W (270)
  AVERAGE WIND SPEED    16.1


SKY COVER
  AVERAGE SKY COVER 0.5


WEATHER CONDITIONS
 THE FOLLOWING WEATHER WAS RECORDED YESTERDAY.
  NO SIGNIFICANT WEATHER WAS OBSERVED.


RELATIVE HUMIDITY (PERCENT)
 HIGHEST    65          1000 PM
 LOWEST     36           100 PM
 AVERAGE    51

..........................................................


THE NEWARK NJ CLIMATE NORMALS FOR TODAY
                         NORMAL    RECORD    YEAR
 MAXIMUM TEMPERATURE (F)   72        92      1951
 MINIMUM TEMPERATURE (F)   53        40      1937


SUNRISE AND SUNSET
MAY 16 2016...........SUNRISE   538 AM EDT   SUNSET   808 PM EDT
MAY 17 2016...........SUNRISE   537 AM EDT   SUNSET   809 PM EDT


-  INDICATES NEGATIVE NUMBERS.
R  INDICATES RECORD WAS SET OR TIED.
MM INDICATES DATA IS MISSING.
T  INDICATES TRACE AMOUNT.




$$
