000
CDUS41 KOKX 032032
CLIEWR


CLIMATE REPORT
NATIONAL WEATHER SERVICE NEW YORK NY
432 PM EDT FRI NOV 3 2017


...................................

...THE NEWARK NJ CLIMATE SUMMARY FOR NOVEMBER 3 2017...
VALID TODAY AS OF 0400 PM LOCAL TIME.

CLIMATE NORMAL PERIOD 1981 TO 2010
CLIMATE RECORD PERIOD 1929 TO 2017


WEATHER ITEM   OBSERVED TIME   RECORD YEAR NORMAL DEPARTURE LAST
                VALUE   (LST)  VALUE       VALUE  FROM      YEAR
                                                  NORMAL
..................................................................
TEMPERATURE (F)
 TODAY
  MAXIMUM         76    235 PM  81    2003  59     17       74
  MINIMUM         58    446 AM  29    1951  43     15       57
  AVERAGE         67                        51     16       66

PRECIPITATION (IN)
  TODAY            0.00          2.05 1992   0.12  -0.12      T
  MONTH TO DATE    0.00                      0.36  -0.36      T
  SINCE SEP 1      6.66                      7.78  -1.12     5.17
  SINCE JAN 1     44.34                     39.15   5.19    28.98

SNOWFALL (IN)
  TODAY            0.0           T    1951   0.0    0.0      0.0
  MONTH TO DATE    0.0                       0.0    0.0      0.0
  SINCE OCT 1      0.0                       0.0    0.0      0.0
  SINCE JUL 1      0.0                       0.0    0.0      0.0
  SNOW DEPTH       0

DEGREE DAYS
 HEATING
  TODAY            0                        14    -14        0
  MONTH TO DATE   16                        42    -26       19
  SINCE SEP 1    143                       362   -219      250
  SINCE JUL 1    143                       363   -220      250

 COOLING
  TODAY            2                         0      2        1
  MONTH TO DATE    2                         0      2        1
  SINCE SEP 1    290                       157    133      261
  SINCE JAN 1   1318                      1191    127     1571
..................................................................


WIND (MPH)
  HIGHEST WIND SPEED    18   HIGHEST WIND DIRECTION    SW (240)
  HIGHEST GUST SPEED    23   HIGHEST GUST DIRECTION     W (250)
  AVERAGE WIND SPEED     8.2


SKY COVER
  AVERAGE SKY COVER 0.8


WEATHER CONDITIONS
 THE FOLLOWING WEATHER WAS RECORDED TODAY.
  NO SIGNIFICANT WEATHER WAS OBSERVED.


RELATIVE HUMIDITY (PERCENT)
 HIGHEST    97           200 AM
 LOWEST     54           300 PM
 AVERAGE    76

..........................................................


THE NEWARK NJ CLIMATE NORMALS FOR TOMORROW
                         NORMAL    RECORD    YEAR
 MAXIMUM TEMPERATURE (F)   59        79      1994
 MINIMUM TEMPERATURE (F)   42        26      1951


SUNRISE AND SUNSET
NOVEMBER  3 2017......SUNRISE   730 AM EDT   SUNSET   550 PM EDT
NOVEMBER  4 2017......SUNRISE   731 AM EDT   SUNSET   549 PM EDT


-  INDICATES NEGATIVE NUMBERS.
R  INDICATES RECORD WAS SET OR TIED.
MM INDICATES DATA IS MISSING.
T  INDICATES TRACE AMOUNT.




$$
