000
CDUS41 KOKX 202140
CLIEWR


CLIMATE REPORT
NATIONAL WEATHER SERVICE NEW YORK NY
440 PM EST SUN NOV 20 2016


...................................

...THE NEWARK NJ CLIMATE SUMMARY FOR NOVEMBER 20 2016...
VALID TODAY AS OF 0400 PM LOCAL TIME.

CLIMATE NORMAL PERIOD 1981 TO 2010
CLIMATE RECORD PERIOD 1929 TO 2016


WEATHER ITEM   OBSERVED TIME   RECORD YEAR NORMAL DEPARTURE LAST
                VALUE   (LST)  VALUE       VALUE  FROM      YEAR
                                                  NORMAL
..................................................................
TEMPERATURE (F)
 TODAY
  MAXIMUM         43   1256 PM  76    1985  53    -10       64
  MINIMUM         34    229 AM  21    1984  38     -4       42
  AVERAGE         39                        45     -6       53

PRECIPITATION (IN)
  TODAY            0.22          2.99 1988   0.13   0.09     0.00
  MONTH TO DATE    3.41                      2.37   1.04     1.25
  SINCE SEP 1      8.58                      9.79  -1.21     6.93
  SINCE JAN 1     32.39                     41.16  -8.77    34.53

SNOWFALL (IN)
  TODAY           MM             0.8  1961   0.0   MM        0.0
  MONTH TO DATE    T                         0.1   -0.1      0.0
  SINCE OCT 1      T                         0.1   -0.1      0.0
  SINCE JUL 1      T                         0.1   -0.1      0.0
  SNOW DEPTH       0

DEGREE DAYS
 HEATING
  TODAY           26                        20      6       12
  MONTH TO DATE  261                       331    -70      188
  SINCE SEP 1    492                       651   -159      432
  SINCE JUL 1    492                       652   -160      432

 COOLING
  TODAY            0                         0      0        0
  MONTH TO DATE    1                         0      1        5
  SINCE SEP 1    261                       157    104      273
  SINCE JAN 1   1571                      1191    380     1555
..................................................................


WIND (MPH)
  HIGHEST WIND SPEED    37   HIGHEST WIND DIRECTION     W (260)
  HIGHEST GUST SPEED    45   HIGHEST GUST DIRECTION     W (260)
  AVERAGE WIND SPEED    20.2


SKY COVER
  AVERAGE SKY COVER 0.8


WEATHER CONDITIONS
 THE FOLLOWING WEATHER WAS RECORDED TODAY.
  RAIN
  LIGHT RAIN
  SNOW
  LIGHT SNOW
  FOG


RELATIVE HUMIDITY (PERCENT)
 HIGHEST    92           100 AM
 LOWEST     46           400 PM
 AVERAGE    69

..........................................................


THE NEWARK NJ CLIMATE NORMALS FOR TOMORROW
                         NORMAL    RECORD    YEAR
 MAXIMUM TEMPERATURE (F)   53        73      1931
 MINIMUM TEMPERATURE (F)   38        18      1987


SUNRISE AND SUNSET
NOVEMBER 20 2016......SUNRISE   650 AM EST   SUNSET   435 PM EST
NOVEMBER 21 2016......SUNRISE   651 AM EST   SUNSET   434 PM EST


-  INDICATES NEGATIVE NUMBERS.
R  INDICATES RECORD WAS SET OR TIED.
MM INDICATES DATA IS MISSING.
T  INDICATES TRACE AMOUNT.




$$
