907
CDUS41 KOKX 122134
CLIEWR


CLIMATE REPORT
NATIONAL WEATHER SERVICE NEW YORK NY
434 PM EST THU JAN 12 2017


...................................

...THE NEWARK NJ CLIMATE SUMMARY FOR JANUARY 12 2017...
VALID TODAY AS OF 0400 PM LOCAL TIME.

CLIMATE NORMAL PERIOD 1981 TO 2010
CLIMATE RECORD PERIOD 1929 TO 2017


WEATHER ITEM   OBSERVED TIME   RECORD YEAR NORMAL DEPARTURE LAST
                VALUE   (LST)  VALUE       VALUE  FROM      YEAR
                                                  NORMAL
..................................................................
TEMPERATURE (F)
 TODAY
  MAXIMUM         67R   239 PM  61    1975  39     28       44
  MINIMUM         46   1228 AM  -1    1981  24     22       22
  AVERAGE         57                        31     26       33

PRECIPITATION (IN)
  TODAY            0.09          1.35 2012   0.12  -0.03     0.01
  MONTH TO DATE    1.76                      1.42   0.34     1.79
  SINCE DEC 1      4.67                      5.23  -0.56     6.19
  SINCE JAN 1      1.76                      1.42   0.34     1.79

SNOWFALL (IN)
  TODAY            0.0           6.4  2011   0.3   -0.3       T
  MONTH TO DATE    7.4                       3.0    4.4       T
  SINCE OCT 1     10.8                       8.8    2.0      0.3
  SINCE JUL 1     10.8                       8.8    2.0      0.3
  SNOW DEPTH       0

DEGREE DAYS
 HEATING
  TODAY            8                        34    -26       32
  MONTH TO DATE  359                       398    -39      359
  SINCE DEC 1   1199                      1280    -81      824
  SINCE JUL 1   1882                      2148   -266     1456

 COOLING
  TODAY            0                         0      0        0
  MONTH TO DATE    0                         0      0        0
  SINCE DEC 1      0                         0      0        0
  SINCE JAN 1      0                         0      0        0
..................................................................


WIND (MPH)
  HIGHEST WIND SPEED    23   HIGHEST WIND DIRECTION    SW (220)
  HIGHEST GUST SPEED    32   HIGHEST GUST DIRECTION    SW (230)
  AVERAGE WIND SPEED    14.5


SKY COVER
  AVERAGE SKY COVER 0.9


WEATHER CONDITIONS
 THE FOLLOWING WEATHER WAS RECORDED TODAY.
  LIGHT RAIN
  FOG


RELATIVE HUMIDITY (PERCENT)
 HIGHEST   100           100 AM
 LOWEST     58           200 PM
 AVERAGE    79

..........................................................


THE NEWARK NJ CLIMATE NORMALS FOR TOMORROW
                         NORMAL    RECORD    YEAR
 MAXIMUM TEMPERATURE (F)   38        70      1932
 MINIMUM TEMPERATURE (F)   24         0      1981


SUNRISE AND SUNSET
JANUARY 12 2017.......SUNRISE   720 AM EST   SUNSET   451 PM EST
JANUARY 13 2017.......SUNRISE   719 AM EST   SUNSET   452 PM EST


-  INDICATES NEGATIVE NUMBERS.
R  INDICATES RECORD WAS SET OR TIED.
MM INDICATES DATA IS MISSING.
T  INDICATES TRACE AMOUNT.




$$
