000
CDUS41 KOKX 172133
CLIEWR


CLIMATE REPORT
NATIONAL WEATHER SERVICE NEW YORK NY
433 PM EST FRI FEB 17 2017


...................................

...THE NEWARK NJ CLIMATE SUMMARY FOR FEBRUARY 17 2017...
VALID TODAY AS OF 0400 PM LOCAL TIME.

CLIMATE NORMAL PERIOD 1981 TO 2010
CLIMATE RECORD PERIOD 1929 TO 2017


WEATHER ITEM   OBSERVED TIME   RECORD YEAR NORMAL DEPARTURE LAST
                VALUE   (LST)  VALUE       VALUE  FROM      YEAR
                                                  NORMAL
..................................................................
TEMPERATURE (F)
 TODAY
  MAXIMUM         44    357 PM  66    2011  43      1       41
                                      1976
  MINIMUM         27    714 AM   0    1979  27      0       32
  AVERAGE         36                        35      1       37

PRECIPITATION (IN)
  TODAY            0.00          0.94 2003   0.10  -0.10     0.00
  MONTH TO DATE    1.55                      1.70  -0.15     2.59
  SINCE DEC 1      9.11                      9.05   0.06    11.00
  SINCE JAN 1      6.20                      5.24   0.96     6.60

SNOWFALL (IN)
  TODAY            0.0          18.6  2003   0.4   -0.4      0.0
  MONTH TO DATE    7.9                       5.8    2.1      5.2
  SINCE OCT 1     20.6                      19.5    1.1     31.2
  SINCE JUL 1     20.6                      19.5    1.1     31.2
  SNOW DEPTH       0

DEGREE DAYS
 HEATING
  TODAY           29                        30     -1       28
  MONTH TO DATE  488                       535    -47      532
  SINCE DEC 1   2161                      2451   -290     1973
  SINCE JUL 1   2844                      3319   -475     2605

 COOLING
  TODAY            0                         0      0        0
  MONTH TO DATE    0                         0      0        0
  SINCE DEC 1      0                         0      0        0
  SINCE JAN 1      0                         0      0        0
..................................................................


WIND (MPH)
  HIGHEST WIND SPEED    23   HIGHEST WIND DIRECTION    NW (300)
  HIGHEST GUST SPEED    28   HIGHEST GUST DIRECTION     W (290)
  AVERAGE WIND SPEED    12.5


SKY COVER
  AVERAGE SKY COVER 0.4


WEATHER CONDITIONS
 THE FOLLOWING WEATHER WAS RECORDED TODAY.
  NO SIGNIFICANT WEATHER WAS OBSERVED.


RELATIVE HUMIDITY (PERCENT)
 HIGHEST    57           300 AM
 LOWEST     28           300 PM
 AVERAGE    43

..........................................................


THE NEWARK NJ CLIMATE NORMALS FOR TOMORROW
                         NORMAL    RECORD    YEAR
 MAXIMUM TEMPERATURE (F)   43        71      2011
 MINIMUM TEMPERATURE (F)   27        -1      1979


SUNRISE AND SUNSET
FEBRUARY 17 2017......SUNRISE   648 AM EST   SUNSET   534 PM EST
FEBRUARY 18 2017......SUNRISE   646 AM EST   SUNSET   535 PM EST


-  INDICATES NEGATIVE NUMBERS.
R  INDICATES RECORD WAS SET OR TIED.
MM INDICATES DATA IS MISSING.
T  INDICATES TRACE AMOUNT.




$$
