000
CDUS41 KOKX 090651
CLIEWR


CLIMATE REPORT
NATIONAL WEATHER SERVICE NEW YORK NY
227 AM EDT SAT JUL 9 2016


...................................

...THE NEWARK NJ CLIMATE SUMMARY FOR JULY 8 2016...

CLIMATE NORMAL PERIOD 1981 TO 2010
CLIMATE RECORD PERIOD 1929 TO 2016


WEATHER ITEM   OBSERVED TIME   RECORD YEAR NORMAL DEPARTURE LAST
                VALUE   (LST)  VALUE       VALUE  FROM      YEAR
                                                  NORMAL
..................................................................
TEMPERATURE (F)
 YESTERDAY
  MAXIMUM         90   1016 AM 105    1993  86      4       90
  MINIMUM         69   1159 PM  56    1948  68      1       77
  AVERAGE         80                        77      3       84

PRECIPITATION (IN)
  YESTERDAY        0.05          1.60 1964   0.14  -0.09     0.03
  MONTH TO DATE    0.89                      1.05  -0.16     1.02
  SINCE JUN 1      3.29                      5.07  -1.78     6.92
  SINCE JAN 1     17.69                     23.96  -6.27    24.53

SNOWFALL (IN)
  YESTERDAY        0.0           0.0  2002   0.0    0.0      0.0
                                      2001
  MONTH TO DATE    0.0                       0.0    0.0      0.0
  SINCE OCT 1     32.8                      28.5    4.3     46.4
  SINCE JUL 1      0.0                       0.0    0.0      0.0
  SNOW DEPTH       0

DEGREE DAYS
 HEATING
  YESTERDAY        0                         0      0        0
  MONTH TO DATE    0                         0      0        0
  SINCE JUN 1      6                        17    -11       29
  SINCE JUL 1      0                         0      0        0

 COOLING
  YESTERDAY       15                        12      3       19
  MONTH TO DATE  105                        95     10      102
  SINCE JUN 1    350                       334     16      351
  SINCE JAN 1    468                       410     58      511
..................................................................


WIND (MPH)
  HIGHEST WIND SPEED    17   HIGHEST WIND DIRECTION    SE (130)
  HIGHEST GUST SPEED    22   HIGHEST GUST DIRECTION    SE (140)
  AVERAGE WIND SPEED     9.5


SKY COVER
  AVERAGE SKY COVER 0.7


WEATHER CONDITIONS
 THE FOLLOWING WEATHER WAS RECORDED YESTERDAY.
  THUNDERSTORM
  RAIN
  LIGHT RAIN
  FOG


RELATIVE HUMIDITY (PERCENT)
 HIGHEST    84           800 PM
 LOWEST     55          1000 AM
 AVERAGE    70

..........................................................


THE NEWARK NJ CLIMATE NORMALS FOR TODAY
                         NORMAL    RECORD    YEAR
 MAXIMUM TEMPERATURE (F)   86       104      1993
                                             1936
 MINIMUM TEMPERATURE (F)   69        56      1963


SUNRISE AND SUNSET
JULY  9 2016..........SUNRISE   534 AM EDT   SUNSET   829 PM EDT
JULY 10 2016..........SUNRISE   535 AM EDT   SUNSET   829 PM EDT


-  INDICATES NEGATIVE NUMBERS.
R  INDICATES RECORD WAS SET OR TIED.
MM INDICATES DATA IS MISSING.
T  INDICATES TRACE AMOUNT.




$$
