000
CDUS41 KOKX 250616
CLIEWR


CLIMATE REPORT
NATIONAL WEATHER SERVICE NEW YORK NY
115 AM EST FRI NOV 25 2016


...................................

...THE NEWARK NJ CLIMATE SUMMARY FOR NOVEMBER 24 2016...

CLIMATE NORMAL PERIOD 1981 TO 2010
CLIMATE RECORD PERIOD 1929 TO 2016


WEATHER ITEM   OBSERVED TIME   RECORD YEAR NORMAL DEPARTURE LAST
                VALUE   (LST)  VALUE       VALUE  FROM      YEAR
                                                  NORMAL
..................................................................
TEMPERATURE (F)
 YESTERDAY
  MAXIMUM         50    323 PM  75    1979  51     -1       48
  MINIMUM         35    618 AM  20    1989  37     -2       27
  AVERAGE         43                        44     -1       38

PRECIPITATION (IN)
  YESTERDAY        T             1.17 1980   0.13  -0.13     0.00
  MONTH TO DATE    3.42                      2.88   0.54     1.27
  SINCE SEP 1      8.59                     10.30  -1.71     6.95
  SINCE JAN 1     32.40                     41.67  -9.27    34.55

SNOWFALL (IN)
  YESTERDAY        0.0           T    2005   0.0    0.0      0.0
  MONTH TO DATE    T                         0.2   -0.2      0.0
  SINCE OCT 1      T                         0.2   -0.2      0.0
  SINCE JUL 1      T                         0.2   -0.2      0.0
  SNOW DEPTH       0

DEGREE DAYS
 HEATING
  YESTERDAY       22                        21      1       27
  MONTH TO DATE  356                       413    -57      277
  SINCE SEP 1    587                       733   -146      521
  SINCE JUL 1    587                       734   -147      521

 COOLING
  YESTERDAY        0                         0      0        0
  MONTH TO DATE    1                         0      1        5
  SINCE SEP 1    261                       157    104      273
  SINCE JAN 1   1571                      1191    380     1555
..................................................................


WIND (MPH)
  HIGHEST WIND SPEED    13   HIGHEST WIND DIRECTION     N (360)
  HIGHEST GUST SPEED    16   HIGHEST GUST DIRECTION     N (360)
  AVERAGE WIND SPEED     7.0


SKY COVER
  AVERAGE SKY COVER 0.9


WEATHER CONDITIONS
 THE FOLLOWING WEATHER WAS RECORDED YESTERDAY.
  LIGHT RAIN


RELATIVE HUMIDITY (PERCENT)
 HIGHEST    86           500 PM
 LOWEST     54          1200 AM
 AVERAGE    70

..........................................................


THE NEWARK NJ CLIMATE NORMALS FOR TODAY
                         NORMAL    RECORD    YEAR
 MAXIMUM TEMPERATURE (F)   51        73      1979
 MINIMUM TEMPERATURE (F)   36        19      1938


SUNRISE AND SUNSET
NOVEMBER 25 2016......SUNRISE   655 AM EST   SUNSET   432 PM EST
NOVEMBER 26 2016......SUNRISE   656 AM EST   SUNSET   432 PM EST


-  INDICATES NEGATIVE NUMBERS.
R  INDICATES RECORD WAS SET OR TIED.
MM INDICATES DATA IS MISSING.
T  INDICATES TRACE AMOUNT.




$$
