000
CDUS41 KOKX 012143
CLIEWR


CLIMATE REPORT
NATIONAL WEATHER SERVICE NEW YORK NY
443 PM EST MON FEB 1 2016


...................................

...THE NEWARK NJ CLIMATE SUMMARY FOR FEBRUARY 1 2016...
VALID TODAY AS OF 0400 PM LOCAL TIME.

CLIMATE NORMAL PERIOD 1981 TO 2010
CLIMATE RECORD PERIOD 1929 TO 2016


WEATHER ITEM   OBSERVED TIME   RECORD YEAR NORMAL DEPARTURE LAST
                VALUE   (LST)  VALUE       VALUE  FROM      YEAR
                                                  NORMAL
..................................................................
TEMPERATURE (F)
 TODAY
  MAXIMUM         58    116 PM  68    1989  40     18       36
  MINIMUM         36    424 AM   1    1935  25     11       15
  AVERAGE         47                        32     15       26

PRECIPITATION (IN)
  TODAY            0.01          1.81 2008   0.10  -0.09     0.03
  MONTH TO DATE    0.01                      0.10  -0.09     0.03
  SINCE DEC 1      8.42                      7.45   0.97     9.36
  SINCE JAN 1      4.02                      3.64   0.38     4.45

SNOWFALL (IN)
  TODAY            0.0           7.5  1957   0.3   -0.3      0.4
  MONTH TO DATE    0.0                       0.3   -0.3      0.4
  SINCE OCT 1     29.6                      14.0   15.6     17.0
  SINCE JUL 1     29.6                      14.0   15.6     17.0
  SNOW DEPTH       4

DEGREE DAYS
 HEATING
  TODAY           18                        33    -15       39
  MONTH TO DATE   18                        33    -15       39
  SINCE DEC 1   1459                      1949   -490     1927
  SINCE JUL 1   2091                      2817   -726     2759

 COOLING
  TODAY            0                         0      0        0
  MONTH TO DATE    0                         0      0        0
  SINCE DEC 1      0                         0      0        0
  SINCE JAN 1      0                         0      0        0
..................................................................


WIND (MPH)
  HIGHEST WIND SPEED    15   HIGHEST WIND DIRECTION    NW (320)
  HIGHEST GUST SPEED    23   HIGHEST GUST DIRECTION    NW (310)
  AVERAGE WIND SPEED     7.0


SKY COVER
  AVERAGE SKY COVER 0.8


WEATHER CONDITIONS
 THE FOLLOWING WEATHER WAS RECORDED TODAY.
  LIGHT RAIN


RELATIVE HUMIDITY (PERCENT)
 HIGHEST    85           200 AM
 LOWEST     51           100 PM
 AVERAGE    68

..........................................................


THE NEWARK NJ CLIMATE NORMALS FOR TOMORROW
                         NORMAL    RECORD    YEAR
 MAXIMUM TEMPERATURE (F)   40        62      1973
 MINIMUM TEMPERATURE (F)   25        -2      1961


SUNRISE AND SUNSET
FEBRUARY  1 2016......SUNRISE   707 AM EST   SUNSET   514 PM EST
FEBRUARY  2 2016......SUNRISE   706 AM EST   SUNSET   515 PM EST


-  INDICATES NEGATIVE NUMBERS.
R  INDICATES RECORD WAS SET OR TIED.
MM INDICATES DATA IS MISSING.
T  INDICATES TRACE AMOUNT.




$$
