000
CDUS41 KOKX 080647
CLIEWR


CLIMATE REPORT
NATIONAL WEATHER SERVICE NEW YORK NY
147 AM EST WED MAR 8 2017


...................................

...THE NEWARK NJ CLIMATE SUMMARY FOR MARCH 7 2017...

CLIMATE NORMAL PERIOD 1981 TO 2010
CLIMATE RECORD PERIOD 1929 TO 2017


WEATHER ITEM   OBSERVED TIME   RECORD YEAR NORMAL DEPARTURE LAST
                VALUE   (LST)  VALUE       VALUE  FROM      YEAR
                                                  NORMAL
..................................................................
TEMPERATURE (F)
 YESTERDAY
  MAXIMUM         57   1159 PM  75    1946  48      9       63
  MINIMUM         42    256 AM  11    2015  31     11       31
                                      2003
  AVERAGE         50                        39     11       47

PRECIPITATION (IN)
  YESTERDAY        0.09          1.55 1967   0.13  -0.04     0.00
  MONTH TO DATE    0.25                      0.86  -0.61     0.24
  SINCE MAR 1      0.25                      0.86  -0.61     0.24
  SINCE JAN 1      6.99                      7.28  -0.29     8.29

SNOWFALL (IN)
  YESTERDAY        0.0           2.3  1969   0.2   -0.2      0.0
  MONTH TO DATE    T                         1.5   -1.5      1.4
  SINCE OCT 1     20.6                      24.5   -3.9     32.6
  SINCE JUL 1     20.6                      24.5   -3.9     32.6
  SNOW DEPTH       0

DEGREE DAYS
 HEATING
  YESTERDAY       15                        26    -11       18
  MONTH TO DATE  173                       186    -13      179
  SINCE MAR 1    173                       186    -13      179
  SINCE JUL 1   3182                      3821   -639     3052

 COOLING
  YESTERDAY        0                         0      0        0
  MONTH TO DATE    0                         0      0        0
  SINCE MAR 1      0                         0      0        0
  SINCE JAN 1      0                         0      0        0
..................................................................


WIND (MPH)
  HIGHEST WIND SPEED    12   HIGHEST WIND DIRECTION     S (200)
  HIGHEST GUST SPEED    15   HIGHEST GUST DIRECTION    SW (210)
  AVERAGE WIND SPEED     3.4


SKY COVER
  AVERAGE SKY COVER 1.0


WEATHER CONDITIONS
 THE FOLLOWING WEATHER WAS RECORDED YESTERDAY.
  LIGHT RAIN
  FOG


RELATIVE HUMIDITY (PERCENT)
 HIGHEST    93          1000 AM
 LOWEST     53          1200 AM
 AVERAGE    73

..........................................................


THE NEWARK NJ CLIMATE NORMALS FOR TODAY
                         NORMAL    RECORD    YEAR
 MAXIMUM TEMPERATURE (F)   48        77      1987
 MINIMUM TEMPERATURE (F)   31        13      1986


SUNRISE AND SUNSET
MARCH  8 2017.........SUNRISE   619 AM EST   SUNSET   556 PM EST
MARCH  9 2017.........SUNRISE   618 AM EST   SUNSET   557 PM EST


-  INDICATES NEGATIVE NUMBERS.
R  INDICATES RECORD WAS SET OR TIED.
MM INDICATES DATA IS MISSING.
T  INDICATES TRACE AMOUNT.




$$
