000
CDUS41 KOKX 140618
CLIEWR


CLIMATE REPORT
NATIONAL WEATHER SERVICE NEW YORK NY
218 AM EDT THU AUG 14 2014


...................................

...THE NEWARK NJ CLIMATE SUMMARY FOR AUGUST 13 2014...

CLIMATE NORMAL PERIOD 1981 TO 2010
CLIMATE RECORD PERIOD 1929 TO 2014


WEATHER ITEM   OBSERVED TIME   RECORD YEAR NORMAL DEPARTURE LAST
                VALUE   (LST)  VALUE       VALUE  FROM      YEAR
                                                  NORMAL
..................................................................
TEMPERATURE (F)
 YESTERDAY
  MAXIMUM         86    438 PM 102    2005  85      1       79
  MINIMUM         69    736 AM  55    1950  68      1       70
                                      1941
  AVERAGE         78                        76      2       75

PRECIPITATION (IN)
  YESTERDAY        0.34          1.88 1955   0.12   0.22     0.86
  MONTH TO DATE    1.17                      1.78  -0.61     2.80
  SINCE JUN 1     10.68                     10.56   0.12    15.28
  SINCE JAN 1     34.03                     29.45   4.58    31.53

SNOWFALL (IN)
  YESTERDAY        0.0           0.0  2002   0.0    0.0      0.0
                                      2001
  MONTH TO DATE    0.0                       0.0    0.0      0.0
  SINCE OCT 1     61.1                      28.5   32.6     29.5
  SINCE JUL 1      0.0                       0.0    0.0      0.0
  SNOW DEPTH       0

DEGREE DAYS
 HEATING
  YESTERDAY        0                         0      0        0
  MONTH TO DATE    0                         0      0        0
  SINCE JUN 1      0                        17    -17        8
  SINCE JUL 1      0                         0      0        0

 COOLING
  YESTERDAY       13                        11      2       10
  MONTH TO DATE  146                       154     -8      130
  SINCE JUN 1    773                       776     -3      894
  SINCE JAN 1    835                       852    -17      994
..................................................................


WIND (MPH)
  HIGHEST WIND SPEED    26   HIGHEST WIND DIRECTION     W (290)
  HIGHEST GUST SPEED    38   HIGHEST GUST DIRECTION     E (100)
  AVERAGE WIND SPEED    12.9


SKY COVER
  AVERAGE SKY COVER 0.7


WEATHER CONDITIONS
 THE FOLLOWING WEATHER WAS RECORDED YESTERDAY.
  HEAVY RAIN
  RAIN
  LIGHT RAIN
  FOG


RELATIVE HUMIDITY (PERCENT)
 HIGHEST    93           200 AM
 LOWEST     46           500 PM
 AVERAGE    70

..........................................................


THE NEWARK NJ CLIMATE NORMALS FOR TODAY
                         NORMAL    RECORD    YEAR
 MAXIMUM TEMPERATURE (F)   85        98      2005
                                             1988
                                             1944
 MINIMUM TEMPERATURE (F)   68        50      1941


SUNRISE AND SUNSET
AUGUST 14 2014........SUNRISE   606 AM EDT   SUNSET   756 PM EDT
AUGUST 15 2014........SUNRISE   607 AM EDT   SUNSET   755 PM EDT


-  INDICATES NEGATIVE NUMBERS.
R  INDICATES RECORD WAS SET OR TIED.
MM INDICATES DATA IS MISSING.
T  INDICATES TRACE AMOUNT.




$$
