634
CDUS41 KOKX 250618
CLIEWR


CLIMATE REPORT
NATIONAL WEATHER SERVICE NEW YORK NY
218 AM EDT MON APR 25 2016


...................................

...THE NEWARK NJ CLIMATE SUMMARY FOR APRIL 24 2016...

CLIMATE NORMAL PERIOD 1981 TO 2010
CLIMATE RECORD PERIOD 1929 TO 2016


WEATHER ITEM   OBSERVED TIME   RECORD YEAR NORMAL DEPARTURE LAST
                VALUE   (LST)  VALUE       VALUE  FROM      YEAR
                                                  NORMAL
..................................................................
TEMPERATURE (F)
 YESTERDAY
  MAXIMUM         72    353 PM  87    2001  65      7       55
  MINIMUM         45    454 AM  36    1967  47     -2       39
  AVERAGE         59                        56      3       47

PRECIPITATION (IN)
  YESTERDAY        0.00          1.72 1944   0.13  -0.13     0.00
  MONTH TO DATE    0.99                      3.41  -2.42     1.67
  SINCE MAR 1      2.37                      7.59  -5.22     6.30
  SINCE JAN 1     10.42                     14.01  -3.59    12.78

SNOWFALL (IN)
  YESTERDAY        0.0           T    1967   0.0    0.0      0.0
  MONTH TO DATE    T                         0.9   -0.9       T
  SINCE OCT 1     36.4                      28.5    7.9     46.4
  SINCE JUL 1     36.4                      28.5    7.9     46.4
  SNOW DEPTH       0

DEGREE DAYS
 HEATING
  YESTERDAY        6                        10     -4       18
  MONTH TO DATE  303                       325    -22      271
  SINCE MAR 1    797                      1034   -237     1110
  SINCE JUL 1   3670                      4669   -999     5013

 COOLING
  YESTERDAY        0                         1     -1        0
  MONTH TO DATE   13                         3     10        3
  SINCE MAR 1     18                         4     14        3
  SINCE JAN 1     18                         4     14        3
..................................................................


WIND (MPH)
  HIGHEST WIND SPEED    20   HIGHEST WIND DIRECTION     N (10)
  HIGHEST GUST SPEED    24   HIGHEST GUST DIRECTION     N (360)
  AVERAGE WIND SPEED     8.3


SKY COVER
  AVERAGE SKY COVER 0.4


WEATHER CONDITIONS
 THE FOLLOWING WEATHER WAS RECORDED YESTERDAY.
  NO SIGNIFICANT WEATHER WAS OBSERVED.


RELATIVE HUMIDITY (PERCENT)
 HIGHEST    61          1000 PM
 LOWEST     14           200 PM
 AVERAGE    38

..........................................................


THE NEWARK NJ CLIMATE NORMALS FOR TODAY
                         NORMAL    RECORD    YEAR
 MAXIMUM TEMPERATURE (F)   66        91      1960
 MINIMUM TEMPERATURE (F)   47        34      1936


SUNRISE AND SUNSET
APRIL 25 2016.........SUNRISE   603 AM EDT   SUNSET   747 PM EDT
APRIL 26 2016.........SUNRISE   601 AM EDT   SUNSET   748 PM EDT


-  INDICATES NEGATIVE NUMBERS.
R  INDICATES RECORD WAS SET OR TIED.
MM INDICATES DATA IS MISSING.
T  INDICATES TRACE AMOUNT.




$$
