000
CDUS41 KOKX 010627
CLIEWR


CLIMATE REPORT
NATIONAL WEATHER SERVICE NEW YORK NY
127 AM EST SUN JAN 1 2017


...................................

...THE NEWARK NJ CLIMATE SUMMARY FOR DECEMBER 31 2016...

CLIMATE NORMAL PERIOD 1981 TO 2010
CLIMATE RECORD PERIOD 1929 TO 2016


WEATHER ITEM   OBSERVED TIME   RECORD YEAR NORMAL DEPARTURE LAST
                VALUE   (LST)  VALUE       VALUE  FROM      YEAR
                                                  NORMAL
..................................................................
TEMPERATURE (F)
 YESTERDAY
  MAXIMUM         44   1159 PM  63    1965  40      4       49
  MINIMUM         29    756 AM   2    1962  26      3       42
  AVERAGE         37                        33      4       46

PRECIPITATION (IN)
  YESTERDAY        0.00          1.18 1948   0.11  -0.11     0.02
  MONTH TO DATE    2.91                      3.81  -0.90     4.40
  SINCE DEC 1      2.91                      3.81  -0.90     4.40
  SINCE JAN 1     38.41                     46.25  -7.84    38.98

SNOWFALL (IN)
  YESTERDAY        0.0           3.4  1952   0.3   -0.3      0.0
  MONTH TO DATE    3.4                       5.4   -2.0      0.3
  SINCE OCT 1      3.4                       5.8   -2.4      0.3
  SINCE JUL 1      3.4                       5.8   -2.4      0.3
  SNOW DEPTH       0

DEGREE DAYS
 HEATING
  YESTERDAY       28                        32     -4       19
  MONTH TO DATE  840                       881    -41      465
  SINCE DEC 1    840                       882    -42      465
  SINCE JUL 1   1523                      1750   -227     1097

 COOLING
  YESTERDAY        0                         0      0        0
  MONTH TO DATE    0                         0      0        0
  SINCE DEC 1      0                         0      0        0
  SINCE JAN 1   1571                      1192    379     1555
..................................................................


WIND (MPH)
  HIGHEST WIND SPEED    22   HIGHEST WIND DIRECTION     S (200)
  HIGHEST GUST SPEED    28   HIGHEST GUST DIRECTION    SW (220)
  AVERAGE WIND SPEED    12.4


SKY COVER
  AVERAGE SKY COVER 0.7


WEATHER CONDITIONS
 THE FOLLOWING WEATHER WAS RECORDED YESTERDAY.
  NO SIGNIFICANT WEATHER WAS OBSERVED.


RELATIVE HUMIDITY (PERCENT)
 HIGHEST    63           800 AM
 LOWEST     31           300 PM
 AVERAGE    47

..........................................................


THE NEWARK NJ CLIMATE NORMALS FOR TODAY
                         NORMAL    RECORD    YEAR
 MAXIMUM TEMPERATURE (F)   40        63      1973
 MINIMUM TEMPERATURE (F)   26        11      1997
                                             1963


SUNRISE AND SUNSET
JANUARY  1 2017.......SUNRISE   721 AM EST   SUNSET   440 PM EST
JANUARY  2 2017.......SUNRISE   721 AM EST   SUNSET   441 PM EST


-  INDICATES NEGATIVE NUMBERS.
R  INDICATES RECORD WAS SET OR TIED.
MM INDICATES DATA IS MISSING.
T  INDICATES TRACE AMOUNT.




$$
