000
CDUS41 KOKX 092041
CLIEWR


CLIMATE REPORT
NATIONAL WEATHER SERVICE NEW YORK NY
440 PM EDT FRI JUN 9 2017


...................................

...THE NEWARK NJ CLIMATE SUMMARY FOR JUNE 9 2017...
VALID TODAY AS OF 0400 PM LOCAL TIME.

CLIMATE NORMAL PERIOD 1981 TO 2010
CLIMATE RECORD PERIOD 1929 TO 2017


WEATHER ITEM   OBSERVED TIME   RECORD YEAR NORMAL DEPARTURE LAST
                VALUE   (LST)  VALUE       VALUE  FROM      YEAR
                                                  NORMAL
..................................................................
TEMPERATURE (F)
 TODAY
  MAXIMUM         84    158 PM 102    2011  80      4       75
  MINIMUM         52    438 AM  47    1957  61     -9       53
  AVERAGE         68                        70     -2       64

PRECIPITATION (IN)
  TODAY            0.00          2.11 1977   0.14  -0.14     0.00
  MONTH TO DATE    0.23                      1.29  -1.06     1.63
  SINCE JUN 1      0.23                      1.29  -1.06     1.63
  SINCE JAN 1     22.77                     20.18   2.59    16.03

SNOWFALL (IN)
  TODAY            0.0           T    1952   0.0    0.0      0.0
  MONTH TO DATE    0.0                       0.0    0.0      0.0
  SINCE OCT 1     30.0                      28.5    1.5     32.8
  SINCE JUL 1     30.0                      28.5    1.5     32.8
  SNOW DEPTH       0

DEGREE DAYS
 HEATING
  TODAY            0                         1     -1        1
  MONTH TO DATE   18                        11      7        4
  SINCE JUN 1     18                        11      7        4
  SINCE JUL 1   4233                      4866   -633     3899

 COOLING
  TODAY            3                         6     -3        0
  MONTH TO DATE   15                        48    -33       53
  SINCE JUN 1     15                        48    -33       53
  SINCE JAN 1    110                       124    -14      171
..................................................................


WIND (MPH)
  HIGHEST WIND SPEED    21   HIGHEST WIND DIRECTION    NW (300)
  HIGHEST GUST SPEED    29   HIGHEST GUST DIRECTION     W (280)
  AVERAGE WIND SPEED     8.6


SKY COVER
  AVERAGE SKY COVER 0.7


WEATHER CONDITIONS
 THE FOLLOWING WEATHER WAS RECORDED TODAY.
  NO SIGNIFICANT WEATHER WAS OBSERVED.


RELATIVE HUMIDITY (PERCENT)
 HIGHEST    77           400 AM
 LOWEST     28           200 PM
 AVERAGE    53

..........................................................


THE NEWARK NJ CLIMATE NORMALS FOR TOMORROW
                         NORMAL    RECORD    YEAR
 MAXIMUM TEMPERATURE (F)   80        99      2008
 MINIMUM TEMPERATURE (F)   62        49      1972
                                             1957


SUNRISE AND SUNSET
JUNE  9 2017..........SUNRISE   525 AM EDT   SUNSET   827 PM EDT
JUNE 10 2017..........SUNRISE   525 AM EDT   SUNSET   827 PM EDT


-  INDICATES NEGATIVE NUMBERS.
R  INDICATES RECORD WAS SET OR TIED.
MM INDICATES DATA IS MISSING.
T  INDICATES TRACE AMOUNT.




$$
