000
CDUS41 KOKX 130623
CLIEWR


CLIMATE REPORT
NATIONAL WEATHER SERVICE NEW YORK NY
222 AM EDT TUE SEP 13 2016


...................................

...THE NEWARK NJ CLIMATE SUMMARY FOR SEPTEMBER 12 2016...

CLIMATE NORMAL PERIOD 1981 TO 2010
CLIMATE RECORD PERIOD 1929 TO 2016


WEATHER ITEM   OBSERVED TIME   RECORD YEAR NORMAL DEPARTURE LAST
                VALUE   (LST)  VALUE       VALUE  FROM      YEAR
                                                  NORMAL
..................................................................
TEMPERATURE (F)
 YESTERDAY
  MAXIMUM         78    134 PM  95    1961  78      0       79
  MINIMUM         57    524 AM  47    1958  61     -4       66
  AVERAGE         68                        70     -2       73

PRECIPITATION (IN)
  YESTERDAY        0.00          4.12 1971   0.12  -0.12      T
  MONTH TO DATE    0.22                      1.38  -1.16     1.01
  SINCE SEP 1      0.22                      1.38  -1.16     1.01
  SINCE JAN 1     24.03                     32.75  -8.72    28.61

SNOWFALL (IN)
  YESTERDAY        0.0           0.0  2002   0.0    0.0      0.0
                                      2001
  MONTH TO DATE    0.0                       0.0    0.0      0.0
  SINCE OCT 1     32.8                      28.5    4.3     46.4
  SINCE JUL 1      0.0                       0.0    0.0      0.0
  SNOW DEPTH       0

DEGREE DAYS
 HEATING
  YESTERDAY        0                         1     -1        0
  MONTH TO DATE    0                         3     -3        0
  SINCE SEP 1      0                         3     -3        0
  SINCE JUL 1      0                         4     -4        0

 COOLING
  YESTERDAY        3                         5     -2        8
  MONTH TO DATE  133                        82     51      162
  SINCE SEP 1    133                        82     51      162
  SINCE JAN 1   1443                      1116    327     1444
..................................................................


WIND (MPH)
  HIGHEST WIND SPEED    13   HIGHEST WIND DIRECTION    SE (150)
  HIGHEST GUST SPEED    17   HIGHEST GUST DIRECTION    SE (150)
  AVERAGE WIND SPEED     6.7


SKY COVER
  AVERAGE SKY COVER 0.2


WEATHER CONDITIONS
 THE FOLLOWING WEATHER WAS RECORDED YESTERDAY.
  NO SIGNIFICANT WEATHER WAS OBSERVED.


RELATIVE HUMIDITY (PERCENT)
 HIGHEST    73           800 PM
 LOWEST     38          1100 AM
 AVERAGE    56

..........................................................


THE NEWARK NJ CLIMATE NORMALS FOR TODAY
                         NORMAL    RECORD    YEAR
 MAXIMUM TEMPERATURE (F)   78        94      2005
                                             1952
 MINIMUM TEMPERATURE (F)   61        49      1985
                                             1963
                                             1958


SUNRISE AND SUNSET
SEPTEMBER 13 2016.....SUNRISE   636 AM EDT   SUNSET   708 PM EDT
SEPTEMBER 14 2016.....SUNRISE   637 AM EDT   SUNSET   707 PM EDT


-  INDICATES NEGATIVE NUMBERS.
R  INDICATES RECORD WAS SET OR TIED.
MM INDICATES DATA IS MISSING.
T  INDICATES TRACE AMOUNT.




$$
