000
CDUS41 KOKX 100622
CLIEWR


CLIMATE REPORT
NATIONAL WEATHER SERVICE NEW YORK NY
222 AM EDT SUN AUG 10 2014


...................................

...THE NEWARK NJ CLIMATE SUMMARY FOR AUGUST 9 2014...

CLIMATE NORMAL PERIOD 1981 TO 2010
CLIMATE RECORD PERIOD 1929 TO 2014


WEATHER ITEM   OBSERVED TIME   RECORD YEAR NORMAL DEPARTURE LAST
                VALUE   (LST)  VALUE       VALUE  FROM      YEAR
                                                  NORMAL
..................................................................
TEMPERATURE (F)
 YESTERDAY
  MAXIMUM         88    424 PM 105    2001  85      3       88
  MINIMUM         65    424 AM  58    1944  68     -3       74
  AVERAGE         77                        77      0       81

PRECIPITATION (IN)
  YESTERDAY        0.00          3.25 1942   0.14  -0.14     0.03
  MONTH TO DATE    0.58                      1.30  -0.72     1.43
  SINCE JUN 1     10.09                     10.08   0.01    13.91
  SINCE JAN 1     33.44                     28.97   4.47    30.16

SNOWFALL (IN)
  YESTERDAY        0.0           0.0  2002   0.0    0.0      0.0
                                      2001
  MONTH TO DATE    0.0                       0.0    0.0      0.0
  SINCE OCT 1     61.1                      28.5   32.6     29.5
  SINCE JUL 1      0.0                       0.0    0.0      0.0
  SNOW DEPTH       0

DEGREE DAYS
 HEATING
  YESTERDAY        0                         0      0        0
  MONTH TO DATE    0                         0      0        0
  SINCE JUN 1      0                        17    -17        8
  SINCE JUL 1      0                         0      0        0

 COOLING
  YESTERDAY       12                        12      0       16
  MONTH TO DATE   99                       108     -9       87
  SINCE JUN 1    726                       730     -4      851
  SINCE JAN 1    788                       806    -18      951
..................................................................


WIND (MPH)
  HIGHEST WIND SPEED    15   HIGHEST WIND DIRECTION     E (70)
  HIGHEST GUST SPEED    22   HIGHEST GUST DIRECTION     E (90)
  AVERAGE WIND SPEED     4.3


SKY COVER
  AVERAGE SKY COVER 0.3


WEATHER CONDITIONS
 THE FOLLOWING WEATHER WAS RECORDED YESTERDAY.
  NO SIGNIFICANT WEATHER WAS OBSERVED.


RELATIVE HUMIDITY (PERCENT)
 HIGHEST    68           500 AM
 LOWEST     29           400 PM
 AVERAGE    49

..........................................................


THE NEWARK NJ CLIMATE NORMALS FOR TODAY
                         NORMAL    RECORD    YEAR
 MAXIMUM TEMPERATURE (F)   85       102      1949
 MINIMUM TEMPERATURE (F)   68        57      1962


SUNRISE AND SUNSET
AUGUST 10 2014........SUNRISE   602 AM EDT   SUNSET   801 PM EDT
AUGUST 11 2014........SUNRISE   603 AM EDT   SUNSET   800 PM EDT


-  INDICATES NEGATIVE NUMBERS.
R  INDICATES RECORD WAS SET OR TIED.
MM INDICATES DATA IS MISSING.
T  INDICATES TRACE AMOUNT.




$$
