000
CDUS41 KOKX 170620
CLIEWR


CLIMATE REPORT
NATIONAL WEATHER SERVICE NEW YORK NY
219 AM EDT FRI OCT 17 2014


...................................

...THE NEWARK NJ CLIMATE SUMMARY FOR OCTOBER 16 2014...

CLIMATE NORMAL PERIOD 1981 TO 2010
CLIMATE RECORD PERIOD 1929 TO 2014


WEATHER ITEM   OBSERVED TIME   RECORD YEAR NORMAL DEPARTURE LAST
                VALUE   (LST)  VALUE       VALUE  FROM      YEAR
                                                  NORMAL
..................................................................
TEMPERATURE (F)
 YESTERDAY
  MAXIMUM         72    305 PM  84    1958  65      7       68
  MINIMUM         60   1159 PM  31    1944  48     12       54
  AVERAGE         66                        56     10       61

PRECIPITATION (IN)
  YESTERDAY        0.81          1.42 1974   0.11   0.70     0.00
  MONTH TO DATE    2.35                      1.89   0.46     0.38
  SINCE SEP 1      3.87                      5.71  -1.84     1.92
  SINCE JAN 1     38.49                     37.08   1.41    35.22

SNOWFALL (IN)
  YESTERDAY        0.0           0.0  2001   0.0    0.0      0.0
  MONTH TO DATE    0.0                       0.0    0.0      0.0
  SINCE OCT 1      0.0                       0.0    0.0      0.0
  SINCE JUL 1      0.0                       0.0    0.0      0.0
  SNOW DEPTH       0

DEGREE DAYS
 HEATING
  YESTERDAY        0                         9     -9        4
  MONTH TO DATE   69                       108    -39       39
  SINCE SEP 1     88                       152    -64       86
  SINCE JUL 1     88                       153    -65       86

 COOLING
  YESTERDAY        1                         0      1        0
  MONTH TO DATE   20                        14      6       44
  SINCE SEP 1    189                       154     35      163
  SINCE JAN 1   1174                      1188    -14     1334
..................................................................


WIND (MPH)
  HIGHEST WIND SPEED    17   HIGHEST WIND DIRECTION     S (190)
  HIGHEST GUST SPEED    24   HIGHEST GUST DIRECTION    SW (210)
  AVERAGE WIND SPEED     8.3


SKY COVER
  AVERAGE SKY COVER 0.7


WEATHER CONDITIONS
 THE FOLLOWING WEATHER WAS RECORDED YESTERDAY.
  HEAVY RAIN
  RAIN
  LIGHT RAIN
  FOG


RELATIVE HUMIDITY (PERCENT)
 HIGHEST    97           100 AM
 LOWEST     57           200 PM
 AVERAGE    77

..........................................................


THE NEWARK NJ CLIMATE NORMALS FOR TODAY
                         NORMAL    RECORD    YEAR
 MAXIMUM TEMPERATURE (F)   65        90      1938
 MINIMUM TEMPERATURE (F)   47        29      1937


SUNRISE AND SUNSET
OCTOBER 17 2014.......SUNRISE   710 AM EDT   SUNSET   613 PM EDT
OCTOBER 18 2014.......SUNRISE   711 AM EDT   SUNSET   612 PM EDT


-  INDICATES NEGATIVE NUMBERS.
R  INDICATES RECORD WAS SET OR TIED.
MM INDICATES DATA IS MISSING.
T  INDICATES TRACE AMOUNT.




$$
