000
CDUS41 KOKX 282034
CLIEWR


CLIMATE REPORT
NATIONAL WEATHER SERVICE NEW YORK NY
433 PM EDT FRI MAR 28 2014


...................................

...THE NEWARK NJ CLIMATE SUMMARY FOR MARCH 28 2014...
VALID TODAY AS OF 0400 PM LOCAL TIME.

CLIMATE NORMAL PERIOD 1981 TO 2010
CLIMATE RECORD PERIOD 1929 TO 2014


WEATHER ITEM   OBSERVED TIME   RECORD YEAR NORMAL DEPARTURE LAST
                VALUE   (LST)  VALUE       VALUE  FROM      YEAR
                                                  NORMAL
..................................................................
TEMPERATURE (F)
 TODAY
  MAXIMUM         59    259 PM  87    1945  55      4       51
  MINIMUM         35    141 AM  19    1982  37     -2       36
  AVERAGE         47                        46      1       44

PRECIPITATION (IN)
  TODAY            0.03          2.30 2005   0.14  -0.11      T
  MONTH TO DATE    0.92                      3.75  -2.83     2.91
  SINCE MAR 1      0.92                      3.75  -2.83     2.91
  SINCE JAN 1      8.64                     10.17  -1.53     9.25

SNOWFALL (IN)
  TODAY            0.0           1.1  1984   0.1   -0.1      0.0
  MONTH TO DATE    0.2                       4.4   -4.2      8.8
  SINCE OCT 1     60.7                      27.4   33.3     29.5
  SINCE JUL 1     60.7                      27.4   33.3     29.5
  SNOW DEPTH       0

DEGREE DAYS
 HEATING
  TODAY           18                        19     -1       21
  MONTH TO DATE  783                       654    129      708
  SINCE MAR 1    783                       654    129      708
  SINCE JUL 1   4658                      4289    369     4088

 COOLING
  TODAY            0                         0      0        0
  MONTH TO DATE    0                         0      0        0
  SINCE MAR 1      0                         0      0        0
  SINCE JAN 1      0                         0      0        0
..................................................................


WIND (MPH)
  HIGHEST WIND SPEED    26   HIGHEST WIND DIRECTION    SW (230)
  HIGHEST GUST SPEED    36   HIGHEST GUST DIRECTION    SW (220)
  AVERAGE WIND SPEED     7.4


SKY COVER
  AVERAGE SKY COVER 1.0


WEATHER CONDITIONS
 THE FOLLOWING WEATHER WAS RECORDED TODAY.
  LIGHT RAIN
  FOG
  HAZE


RELATIVE HUMIDITY (PERCENT)
 HIGHEST    80          1100 AM
 LOWEST     56          1200 AM
 AVERAGE    68

..........................................................


THE NEWARK NJ CLIMATE NORMALS FOR TOMORROW
                         NORMAL    RECORD    YEAR
 MAXIMUM TEMPERATURE (F)   55        89      1945
 MINIMUM TEMPERATURE (F)   38        23      1959


SUNRISE AND SUNSET
MARCH 28 2014.........SUNRISE   647 AM EDT   SUNSET   717 PM EDT
MARCH 29 2014.........SUNRISE   645 AM EDT   SUNSET   718 PM EDT


-  INDICATES NEGATIVE NUMBERS.
R  INDICATES RECORD WAS SET OR TIED.
MM INDICATES DATA IS MISSING.
T  INDICATES TRACE AMOUNT.




$$
