000
CDUS41 KOKX 190617
CLIEWR


CLIMATE REPORT
NATIONAL WEATHER SERVICE NEW YORK NY
117 AM EST MON FEB 19 2018


...................................

...THE NEWARK NJ CLIMATE SUMMARY FOR FEBRUARY 18 2018...

CLIMATE NORMAL PERIOD 1981 TO 2010
CLIMATE RECORD PERIOD 1929 TO 2018


WEATHER ITEM   OBSERVED TIME   RECORD YEAR NORMAL DEPARTURE LAST
                VALUE   (LST)  VALUE       VALUE  FROM      YEAR
                                                  NORMAL
..................................................................
TEMPERATURE (F)
 YESTERDAY
  MAXIMUM         46    359 PM  71    2011  43      3       66
  MINIMUM         33    553 AM  -1    1979  27      6       30
  AVERAGE         40                        35      5       48

PRECIPITATION (IN)
  YESTERDAY        T             1.23 1956   0.11  -0.11     0.00
  MONTH TO DATE    4.44                      1.81   2.63     1.55
  SINCE DEC 1      8.14                      9.16  -1.02     9.11
  SINCE JAN 1      6.50                      5.35   1.15     6.20

SNOWFALL (IN)
  YESTERDAY        T             3.1  2000   0.4   -0.4      0.0
  MONTH TO DATE    3.4                       6.2   -2.8      7.9
  SINCE OCT 1     21.2                      19.9    1.3     20.6
  SINCE JUL 1     21.2                      19.9    1.3     20.6
  SNOW DEPTH       2

DEGREE DAYS
 HEATING
  YESTERDAY       25                        30     -5       17
  MONTH TO DATE  495                       565    -70      505
  SINCE DEC 1   2478                      2481     -3     2178
  SINCE JUL 1   3163                      3349   -186     2861

 COOLING
  YESTERDAY        0                         0      0        0
  MONTH TO DATE    0                         0      0        0
  SINCE DEC 1      0                         0      0        0
  SINCE JAN 1      0                         0      0        0
..................................................................


WIND (MPH)
  HIGHEST WIND SPEED    21   HIGHEST WIND DIRECTION    NW (330)
  HIGHEST GUST SPEED    27   HIGHEST GUST DIRECTION    NW (310)
  AVERAGE WIND SPEED     8.8


SKY COVER
  AVERAGE SKY COVER 0.5


WEATHER CONDITIONS
 THE FOLLOWING WEATHER WAS RECORDED YESTERDAY.
  LIGHT SNOW
  FOG


RELATIVE HUMIDITY (PERCENT)
 HIGHEST   100           100 AM
 LOWEST     41           400 PM
 AVERAGE    71

..........................................................


THE NEWARK NJ CLIMATE NORMALS FOR TODAY
                         NORMAL    RECORD    YEAR
 MAXIMUM TEMPERATURE (F)   43        69      2017
 MINIMUM TEMPERATURE (F)   28         1      1936


SUNRISE AND SUNSET
FEBRUARY 19 2018......SUNRISE   645 AM EST   SUNSET   536 PM EST
FEBRUARY 20 2018......SUNRISE   644 AM EST   SUNSET   537 PM EST


-  INDICATES NEGATIVE NUMBERS.
R  INDICATES RECORD WAS SET OR TIED.
MM INDICATES DATA IS MISSING.
T  INDICATES TRACE AMOUNT.




$$
