213
CDUS41 KOKX 302148
CLIEWR


CLIMATE REPORT
NATIONAL WEATHER SERVICE NEW YORK NY
448 PM EST SAT JAN 30 2016


...................................

...THE NEWARK NJ CLIMATE SUMMARY FOR JANUARY 30 2016...
VALID TODAY AS OF 0400 PM LOCAL TIME.

CLIMATE NORMAL PERIOD 1981 TO 2010
CLIMATE RECORD PERIOD 1929 TO 2016


WEATHER ITEM   OBSERVED TIME   RECORD YEAR NORMAL DEPARTURE LAST
                VALUE   (LST)  VALUE       VALUE  FROM      YEAR
                                                  NORMAL
..................................................................
TEMPERATURE (F)
 TODAY
  MAXIMUM         39    356 PM  66    2013  39      0       38
  MINIMUM         25    442 AM   3    1935  25      0       18
  AVERAGE         32                        32      0       28

PRECIPITATION (IN)
  TODAY            0.00          1.07 1939   0.11  -0.11     0.04
  MONTH TO DATE    4.01                      3.43   0.58     4.42
  SINCE DEC 1      8.41                      7.24   1.17     9.33
  SINCE JAN 1      4.01                      3.43   0.58     4.42

SNOWFALL (IN)
  TODAY            0.0           5.6  1966   0.3   -0.3      0.7
  MONTH TO DATE   29.3                       7.6   21.7     14.9
  SINCE OCT 1     29.6                      13.4   16.2     16.6
  SINCE JUL 1     29.6                      13.4   16.2     16.6
  SNOW DEPTH       8

DEGREE DAYS
 HEATING
  TODAY           33                        33      0       37
  MONTH TO DATE  953                      1003    -50     1078
  SINCE DEC 1   1418                      1885   -467     1843
  SINCE JUL 1   2050                      2753   -703     2675

 COOLING
  TODAY            0                         0      0        0
  MONTH TO DATE    0                         0      0        0
  SINCE DEC 1      0                         0      0        0
  SINCE JAN 1      0                         0      0        0
..................................................................


WIND (MPH)
  HIGHEST WIND SPEED    23   HIGHEST WIND DIRECTION    NW (310)
  HIGHEST GUST SPEED    30   HIGHEST GUST DIRECTION    NW (300)
  AVERAGE WIND SPEED     7.7


SKY COVER
  AVERAGE SKY COVER 0.4


WEATHER CONDITIONS
 THE FOLLOWING WEATHER WAS RECORDED TODAY.
  NO SIGNIFICANT WEATHER WAS OBSERVED.


RELATIVE HUMIDITY (PERCENT)
 HIGHEST    68           700 AM
 LOWEST     44           300 PM
 AVERAGE    56

..........................................................


THE NEWARK NJ CLIMATE NORMALS FOR TOMORROW
                         NORMAL    RECORD    YEAR
 MAXIMUM TEMPERATURE (F)   40        64      1947
 MINIMUM TEMPERATURE (F)   25         1      1948
                                             1935


SUNRISE AND SUNSET
JANUARY 30 2016.......SUNRISE   709 AM EST   SUNSET   511 PM EST
JANUARY 31 2016.......SUNRISE   708 AM EST   SUNSET   513 PM EST


-  INDICATES NEGATIVE NUMBERS.
R  INDICATES RECORD WAS SET OR TIED.
MM INDICATES DATA IS MISSING.
T  INDICATES TRACE AMOUNT.




$$
