500
CDUS41 KOKX 130627
CLIEWR


CLIMATE REPORT
NATIONAL WEATHER SERVICE NEW YORK NY
227 AM EDT THU JUL 13 2017


...................................

...THE NEWARK NJ CLIMATE SUMMARY FOR JULY 12 2017...

CLIMATE NORMAL PERIOD 1981 TO 2010
CLIMATE RECORD PERIOD 1929 TO 2017


WEATHER ITEM   OBSERVED TIME   RECORD YEAR NORMAL DEPARTURE LAST
                VALUE   (LST)  VALUE       VALUE  FROM      YEAR
                                                  NORMAL
..................................................................
TEMPERATURE (F)
 YESTERDAY
  MAXIMUM         91    315 PM  99    2011  86      5       84
  MINIMUM         76    527 AM  52    1945  69      7       67
  AVERAGE         84                        78      6       76

PRECIPITATION (IN)
  YESTERDAY        0.01          1.59 2004   0.16  -0.15     0.00
  MONTH TO DATE    2.67                      1.66   1.01     1.38
  SINCE JUN 1      7.96                      5.68   2.28     3.78
  SINCE JAN 1     30.50                     24.57   5.93    18.18

SNOWFALL (IN)
  YESTERDAY        0.0           0.0  2002   0.0    0.0      0.0
                                      2001
  MONTH TO DATE    0.0                       0.0    0.0      0.0
  SINCE OCT 1     30.0                      28.5    1.5     32.8
  SINCE JUL 1      0.0                       0.0    0.0      0.0
  SNOW DEPTH       0

DEGREE DAYS
 HEATING
  YESTERDAY        0                         0      0        0
  MONTH TO DATE    0                         0      0        0
  SINCE JUN 1     18                        17      1        4
  SINCE JUL 1      0                         0      0        0

 COOLING
  YESTERDAY       19                        13      6       11
  MONTH TO DATE  162                       144     18      141
  SINCE JUN 1    419                       383     36      391
  SINCE JAN 1    514                       459     55      509
..................................................................


WIND (MPH)
  HIGHEST WIND SPEED    25   HIGHEST WIND DIRECTION    SW (240)
  HIGHEST GUST SPEED    32   HIGHEST GUST DIRECTION    SW (240)
  AVERAGE WIND SPEED    11.2


SKY COVER
  AVERAGE SKY COVER 0.8


WEATHER CONDITIONS
 THE FOLLOWING WEATHER WAS RECORDED YESTERDAY.
  NO SIGNIFICANT WEATHER WAS OBSERVED.


RELATIVE HUMIDITY (PERCENT)
 HIGHEST    82           500 AM
 LOWEST     50          1200 PM
 AVERAGE    66

..........................................................


THE NEWARK NJ CLIMATE NORMALS FOR TODAY
                         NORMAL    RECORD    YEAR
 MAXIMUM TEMPERATURE (F)   86       100      1966
 MINIMUM TEMPERATURE (F)   69        57      1940


SUNRISE AND SUNSET
JULY 13 2017..........SUNRISE   537 AM EDT   SUNSET   828 PM EDT
JULY 14 2017..........SUNRISE   538 AM EDT   SUNSET   827 PM EDT


-  INDICATES NEGATIVE NUMBERS.
R  INDICATES RECORD WAS SET OR TIED.
MM INDICATES DATA IS MISSING.
T  INDICATES TRACE AMOUNT.




$$
