000
CDUS41 KOKX 070627
CLIEWR


CLIMATE REPORT
NATIONAL WEATHER SERVICE NEW YORK NY
227 AM EDT FRI APR 7 2017


...................................

...THE NEWARK NJ CLIMATE SUMMARY FOR APRIL 6 2017...

CLIMATE NORMAL PERIOD 1981 TO 2010
CLIMATE RECORD PERIOD 1929 TO 2017


WEATHER ITEM   OBSERVED TIME   RECORD YEAR NORMAL DEPARTURE LAST
                VALUE   (LST)  VALUE       VALUE  FROM      YEAR
                                                  NORMAL
..................................................................
TEMPERATURE (F)
 YESTERDAY
  MAXIMUM         50   1159 PM  80    1947  58     -8       49
  MINIMUM         42    851 AM  17    1982  41      1       27
  AVERAGE         46                        49     -3       38

PRECIPITATION (IN)
  YESTERDAY        0.76          1.85 1958   0.14   0.62     0.00
  MONTH TO DATE    2.04                      0.88   1.16     0.63
  SINCE MAR 1      7.11                      5.06   2.05     2.01
  SINCE JAN 1     13.85                     11.48   2.37    10.06

SNOWFALL (IN)
  YESTERDAY        0.0          12.8  1982   0.0    0.0      0.0
  MONTH TO DATE    0.0                       0.3   -0.3       T
  SINCE OCT 1     30.0                      27.9    2.1     32.8
  SINCE JUL 1     30.0                      27.9    2.1     32.8
  SNOW DEPTH       0

DEGREE DAYS
 HEATING
  YESTERDAY       19                        16      3       27
  MONTH TO DATE   91                       100     -9      122
  SINCE MAR 1    863                       809     54      616
  SINCE JUL 1   3872                      4444   -572     3489

 COOLING
  YESTERDAY        0                         0      0        0
  MONTH TO DATE    0                         0      0        6
  SINCE MAR 1      0                         1     -1       11
  SINCE JAN 1      0                         1     -1       11
..................................................................


WIND (MPH)
  HIGHEST WIND SPEED    23   HIGHEST WIND DIRECTION    NE (30)
  HIGHEST GUST SPEED    27   HIGHEST GUST DIRECTION    NE (30)
  AVERAGE WIND SPEED    12.6


SKY COVER
  AVERAGE SKY COVER 0.9


WEATHER CONDITIONS
 THE FOLLOWING WEATHER WAS RECORDED YESTERDAY.
  THUNDERSTORM
  HEAVY RAIN
  RAIN
  LIGHT RAIN
  FOG


RELATIVE HUMIDITY (PERCENT)
 HIGHEST   100           400 PM
 LOWEST     82          1200 AM
 AVERAGE    91

..........................................................


THE NEWARK NJ CLIMATE NORMALS FOR TODAY
                         NORMAL    RECORD    YEAR
 MAXIMUM TEMPERATURE (F)   59        92      2010
 MINIMUM TEMPERATURE (F)   41        16      1982


SUNRISE AND SUNSET
APRIL  7 2017.........SUNRISE   630 AM EDT   SUNSET   728 PM EDT
APRIL  8 2017.........SUNRISE   629 AM EDT   SUNSET   729 PM EDT


-  INDICATES NEGATIVE NUMBERS.
R  INDICATES RECORD WAS SET OR TIED.
MM INDICATES DATA IS MISSING.
T  INDICATES TRACE AMOUNT.




$$
