000
CDUS41 KOKX 262133
CLIEWR


CLIMATE REPORT
NATIONAL WEATHER SERVICE NEW YORK NY
433 PM EST SUN NOV 26 2017


...................................

...THE NEWARK NJ CLIMATE SUMMARY FOR NOVEMBER 26 2017...
VALID TODAY AS OF 0400 PM LOCAL TIME.

CLIMATE NORMAL PERIOD 1981 TO 2010
CLIMATE RECORD PERIOD 1929 TO 2017


WEATHER ITEM   OBSERVED TIME   RECORD YEAR NORMAL DEPARTURE LAST
                VALUE   (LST)  VALUE       VALUE  FROM      YEAR
                                                  NORMAL
..................................................................
TEMPERATURE (F)
 TODAY
  MAXIMUM         51   1207 AM  68    2011  51      0       53
                                      1979
  MINIMUM         43    604 AM  15    1938  36      7       41
  AVERAGE         47                        43      4       47

PRECIPITATION (IN)
  TODAY            0.00          1.77 1986   0.12  -0.12     0.00
  MONTH TO DATE    1.49                      3.12  -1.63     3.43
  SINCE SEP 1      8.15                     10.54  -2.39     8.60
  SINCE JAN 1     45.83                     41.91   3.92    32.41

SNOWFALL (IN)
  TODAY            0.0           1.7  1938   0.1   -0.1      0.0
  MONTH TO DATE    T                         0.3   -0.3       T
  SINCE OCT 1      T                         0.3   -0.3       T
  SINCE JUL 1      T                         0.3   -0.3       T
  SNOW DEPTH       0

DEGREE DAYS
 HEATING
  TODAY           18                        22     -4       18
  MONTH TO DATE  479                       456     23      389
  SINCE SEP 1    606                       776   -170      620
  SINCE JUL 1    606                       777   -171      620

 COOLING
  TODAY            0                         0      0        0
  MONTH TO DATE    0                         0      0        1
  SINCE SEP 1    288                       157    131      261
  SINCE JAN 1   1316                      1191    125     1571
..................................................................


WIND (MPH)
  HIGHEST WIND SPEED    24   HIGHEST WIND DIRECTION     W (290)
  HIGHEST GUST SPEED    34   HIGHEST GUST DIRECTION     W (290)
  AVERAGE WIND SPEED    13.1


SKY COVER
  AVERAGE SKY COVER 0.6


WEATHER CONDITIONS
 THE FOLLOWING WEATHER WAS RECORDED TODAY.
  NO SIGNIFICANT WEATHER WAS OBSERVED.


RELATIVE HUMIDITY (PERCENT)
 HIGHEST    71           300 AM
 LOWEST     36          1200 PM
 AVERAGE    54

..........................................................


THE NEWARK NJ CLIMATE NORMALS FOR TOMORROW
                         NORMAL    RECORD    YEAR
 MAXIMUM TEMPERATURE (F)   50        67      1960
                                             1959
 MINIMUM TEMPERATURE (F)   36        12      1932


SUNRISE AND SUNSET
NOVEMBER 26 2017......SUNRISE   656 AM EST   SUNSET   432 PM EST
NOVEMBER 27 2017......SUNRISE   657 AM EST   SUNSET   431 PM EST


-  INDICATES NEGATIVE NUMBERS.
R  INDICATES RECORD WAS SET OR TIED.
MM INDICATES DATA IS MISSING.
T  INDICATES TRACE AMOUNT.




$$
