000
CDUS41 KOKX 090619
CLIEWR


CLIMATE REPORT
NATIONAL WEATHER SERVICE NEW YORK NY
219 AM EDT TUE AUG 9 2016


...................................

...THE NEWARK NJ CLIMATE SUMMARY FOR AUGUST 8 2016...

CLIMATE NORMAL PERIOD 1981 TO 2010
CLIMATE RECORD PERIOD 1929 TO 2016


WEATHER ITEM   OBSERVED TIME   RECORD YEAR NORMAL DEPARTURE LAST
                VALUE   (LST)  VALUE       VALUE  FROM      YEAR
                                                  NORMAL
..................................................................
TEMPERATURE (F)
 YESTERDAY
  MAXIMUM         87    340 PM 101    2001  85      2       83
  MINIMUM         69    527 AM  56    1989  69      0       65
                                      1950
  AVERAGE         78                        77      1       74

PRECIPITATION (IN)
  YESTERDAY        0.00          3.12 2007   0.13  -0.13     0.00
  MONTH TO DATE    0.09                      1.16  -1.07     0.17
  SINCE JUN 1      8.57                      9.94  -1.37     8.76
  SINCE JAN 1     22.97                     28.83  -5.86    26.37

SNOWFALL (IN)
  YESTERDAY        0.0           0.0  2002   0.0    0.0      0.0
                                      2001
  MONTH TO DATE    0.0                       0.0    0.0      0.0
  SINCE OCT 1     32.8                      28.5    4.3     46.4
  SINCE JUL 1      0.0                       0.0    0.0      0.0
  SNOW DEPTH       0

DEGREE DAYS
 HEATING
  YESTERDAY        0                         0      0        0
  MONTH TO DATE    0                         0      0        0
  SINCE JUN 1      4                        17    -13       29
  SINCE JUL 1      0                         0      0        0

 COOLING
  YESTERDAY       13                        12      1        9
  MONTH TO DATE   91                        96     -5      110
  SINCE JUN 1    811                       718     93      800
  SINCE JAN 1    929                       794    135      960
..................................................................


WIND (MPH)
  HIGHEST WIND SPEED    13   HIGHEST WIND DIRECTION    NW (330)
  HIGHEST GUST SPEED    16   HIGHEST GUST DIRECTION    NW (320)
  AVERAGE WIND SPEED     6.2


SKY COVER
  AVERAGE SKY COVER 0.6


WEATHER CONDITIONS
 THE FOLLOWING WEATHER WAS RECORDED YESTERDAY.
  NO SIGNIFICANT WEATHER WAS OBSERVED.


RELATIVE HUMIDITY (PERCENT)
 HIGHEST    68           600 AM
 LOWEST     34           600 PM
 AVERAGE    51

..........................................................


THE NEWARK NJ CLIMATE NORMALS FOR TODAY
                         NORMAL    RECORD    YEAR
 MAXIMUM TEMPERATURE (F)   85       105      2001
 MINIMUM TEMPERATURE (F)   68        58      1944


SUNRISE AND SUNSET
AUGUST  9 2016........SUNRISE   602 AM EDT   SUNSET   802 PM EDT
AUGUST 10 2016........SUNRISE   603 AM EDT   SUNSET   801 PM EDT


-  INDICATES NEGATIVE NUMBERS.
R  INDICATES RECORD WAS SET OR TIED.
MM INDICATES DATA IS MISSING.
T  INDICATES TRACE AMOUNT.




$$
