000
CDUS41 KOKX 040623
CLIEWR


CLIMATE REPORT
NATIONAL WEATHER SERVICE NEW YORK NY
222 AM EDT MON SEP 4 2017


...................................

...THE NEWARK NJ CLIMATE SUMMARY FOR SEPTEMBER 3 2017...

CLIMATE NORMAL PERIOD 1981 TO 2010
CLIMATE RECORD PERIOD 1929 TO 2017


WEATHER ITEM   OBSERVED TIME   RECORD YEAR NORMAL DEPARTURE LAST
                VALUE   (LST)  VALUE       VALUE  FROM      YEAR
                                                  NORMAL
..................................................................
TEMPERATURE (F)
 YESTERDAY
  MAXIMUM         73    412 PM 100    1993  81     -8       77
  MINIMUM         60    407 AM  51    1967  64     -4       65
  AVERAGE         67                        73     -6       71

PRECIPITATION (IN)
  YESTERDAY        0.48          2.96 1969   0.12   0.36     0.00
  MONTH TO DATE    1.08                      0.33   0.75     0.21
  SINCE SEP 1      1.08                      0.33   0.75     0.21
  SINCE JAN 1     38.76                     31.70   7.06    24.02

SNOWFALL (IN)
  YESTERDAY        0.0           0.0  2002   0.0    0.0      0.0
                                      2001
  MONTH TO DATE    0.0                       0.0    0.0      0.0
  SINCE OCT 1     30.0                      28.5    1.5     32.8
  SINCE JUL 1      0.0                       0.0    0.0      0.0
  SNOW DEPTH       0

DEGREE DAYS
 HEATING
  YESTERDAY        0                         0      0        0
  MONTH TO DATE    7                         0      7        0
  SINCE SEP 1      7                         0      7        0
  SINCE JUL 1      7                         1      6        0

 COOLING
  YESTERDAY        2                         8     -6        6
  MONTH TO DATE    2                        24    -22       24
  SINCE SEP 1      2                        24    -22       24
  SINCE JAN 1   1030                      1058    -28     1334
..................................................................


WIND (MPH)
  HIGHEST WIND SPEED    18   HIGHEST WIND DIRECTION     W (260)
  HIGHEST GUST SPEED    24   HIGHEST GUST DIRECTION     W (260)
  AVERAGE WIND SPEED     9.8


SKY COVER
  AVERAGE SKY COVER 0.8


WEATHER CONDITIONS
 THE FOLLOWING WEATHER WAS RECORDED YESTERDAY.
  HEAVY RAIN
  RAIN
  LIGHT RAIN
  FOG


RELATIVE HUMIDITY (PERCENT)
 HIGHEST   100           800 AM
 LOWEST     61           500 PM
 AVERAGE    81

..........................................................


THE NEWARK NJ CLIMATE NORMALS FOR TODAY
                         NORMAL    RECORD    YEAR
 MAXIMUM TEMPERATURE (F)   81        95      1973
                                             1964
 MINIMUM TEMPERATURE (F)   64        52      1997


SUNRISE AND SUNSET
SEPTEMBER  4 2017.....SUNRISE   627 AM EDT   SUNSET   724 PM EDT
SEPTEMBER  5 2017.....SUNRISE   628 AM EDT   SUNSET   722 PM EDT


-  INDICATES NEGATIVE NUMBERS.
R  INDICATES RECORD WAS SET OR TIED.
MM INDICATES DATA IS MISSING.
T  INDICATES TRACE AMOUNT.




$$
