000
CDUS41 KOKX 312039
CLIEWR


CLIMATE REPORT
NATIONAL WEATHER SERVICE NEW YORK NY
439 PM EDT TUE OCT 31 2017


...................................

...THE NEWARK NJ CLIMATE SUMMARY FOR OCTOBER 31 2017...
VALID TODAY AS OF 0400 PM LOCAL TIME.

CLIMATE NORMAL PERIOD 1981 TO 2010
CLIMATE RECORD PERIOD 1929 TO 2017


WEATHER ITEM   OBSERVED TIME   RECORD YEAR NORMAL DEPARTURE LAST
                VALUE   (LST)  VALUE       VALUE  FROM      YEAR
                                                  NORMAL
..................................................................
TEMPERATURE (F)
 TODAY
  MAXIMUM         59    226 PM  82    1946  60     -1       57
  MINIMUM         45    654 AM  29    1975  43      2       43
  AVERAGE         52                        52      0       50

PRECIPITATION (IN)
  TODAY            0.00          1.76 1956   0.12  -0.12     0.00
  MONTH TO DATE    4.94                      3.60   1.34     3.00
  SINCE SEP 1      6.66                      7.42  -0.76     5.17
  SINCE JAN 1     44.34                     38.79   5.55    28.98

SNOWFALL (IN)
  TODAY            0.0          MM      MM   0.0    0.0      0.0
  MONTH TO DATE    0.0                       0.0    0.0      0.0
  SINCE OCT 1      0.0                       0.0    0.0      0.0
  SINCE JUL 1      0.0                       0.0    0.0      0.0
  SNOW DEPTH       0

DEGREE DAYS
 HEATING
  TODAY           13                        13      0       15
  MONTH TO DATE  110                       276   -166      215
  SINCE SEP 1    127                       320   -193      231
  SINCE JUL 1    127                       321   -194      231

 COOLING
  TODAY            0                         0      0        0
  MONTH TO DATE   86                        17     69       32
  SINCE SEP 1    288                       157    131      260
  SINCE JAN 1   1316                      1191    125     1570
..................................................................


WIND (MPH)
  HIGHEST WIND SPEED    26   HIGHEST WIND DIRECTION     W (250)
  HIGHEST GUST SPEED    33   HIGHEST GUST DIRECTION     W (250)
  AVERAGE WIND SPEED    13.2


SKY COVER
  AVERAGE SKY COVER 0.3


WEATHER CONDITIONS
 THE FOLLOWING WEATHER WAS RECORDED TODAY.
  NO SIGNIFICANT WEATHER WAS OBSERVED.


RELATIVE HUMIDITY (PERCENT)
 HIGHEST    76           500 AM
 LOWEST     33          1200 PM
 AVERAGE    55

..........................................................


THE NEWARK NJ CLIMATE NORMALS FOR TOMORROW
                         NORMAL    RECORD    YEAR
 MAXIMUM TEMPERATURE (F)   60        85      1950
 MINIMUM TEMPERATURE (F)   43        31      1954


SUNRISE AND SUNSET
OCTOBER 31 2017.......SUNRISE   726 AM EDT   SUNSET   554 PM EDT
NOVEMBER  1 2017......SUNRISE   727 AM EDT   SUNSET   553 PM EDT


-  INDICATES NEGATIVE NUMBERS.
R  INDICATES RECORD WAS SET OR TIED.
MM INDICATES DATA IS MISSING.
T  INDICATES TRACE AMOUNT.




$$
