000
CDUS41 KOKX 312152
CLIEWR


CLIMATE REPORT
NATIONAL WEATHER SERVICE NEW YORK NY
546 PM EDT MON JUL 31 2017


...................................

...THE NEWARK NJ CLIMATE SUMMARY FOR JULY 31 2017...
VALID TODAY AS OF 0500 PM LOCAL TIME.

CLIMATE NORMAL PERIOD 1981 TO 2010
CLIMATE RECORD PERIOD 1929 TO 2017


WEATHER ITEM   OBSERVED TIME   RECORD YEAR NORMAL DEPARTURE LAST
                VALUE   (LST)  VALUE       VALUE  FROM      YEAR
                                                  NORMAL
..................................................................
TEMPERATURE (F)
 TODAY
  MAXIMUM         90    257 PM 103    1954  86      4       80
  MINIMUM         64    220 AM  56    1932  69     -5       72
  AVERAGE         77                        77      0       76

PRECIPITATION (IN)
  TODAY            0.00          2.51 1996   0.17  -0.17     0.71
  MONTH TO DATE    4.36                      4.76  -0.40     6.08
  SINCE JUN 1      9.65                      8.78   0.87     8.48
  SINCE JAN 1     32.19                     27.67   4.52    22.88

SNOWFALL (IN)
  TODAY            0.0           0.0  2002   0.0    0.0      0.0
                                      2001
  MONTH TO DATE    0.0                       0.0    0.0      0.0
  SINCE OCT 1     30.0                      28.5    1.5     32.8
  SINCE JUL 1      0.0                       0.0    0.0      0.0
  SNOW DEPTH       0

DEGREE DAYS
 HEATING
  TODAY            0                         0      0        0
  MONTH TO DATE    0                         0      0        0
  SINCE JUN 1     18                        17      1        4
  SINCE JUL 1      0                         0      0        0

 COOLING
  TODAY           12                        12      0       11
  MONTH TO DATE  390                       383      7      470
  SINCE JUN 1    647                       622     25      720
  SINCE JAN 1    742                       698     44      838
..................................................................


WIND (MPH)
  HIGHEST WIND SPEED    14   HIGHEST WIND DIRECTION     N (340)
  HIGHEST GUST SPEED    17   HIGHEST GUST DIRECTION     N (350)
  AVERAGE WIND SPEED     5.9


SKY COVER
  AVERAGE SKY COVER 0.2


WEATHER CONDITIONS
 THE FOLLOWING WEATHER WAS RECORDED TODAY.
  NO SIGNIFICANT WEATHER WAS OBSERVED.


RELATIVE HUMIDITY (PERCENT)
 HIGHEST    68           400 AM
 LOWEST     34          1200 PM
 AVERAGE    51

..........................................................


THE NEWARK NJ CLIMATE NORMALS FOR TOMORROW
                         NORMAL    RECORD    YEAR
 MAXIMUM TEMPERATURE (F)   86       100      2006
 MINIMUM TEMPERATURE (F)   69        58      1936
                                             1932


SUNRISE AND SUNSET
JULY 31 2017..........SUNRISE   553 AM EDT   SUNSET   813 PM EDT
AUGUST  1 2017........SUNRISE   554 AM EDT   SUNSET   812 PM EDT


-  INDICATES NEGATIVE NUMBERS.
R  INDICATES RECORD WAS SET OR TIED.
MM INDICATES DATA IS MISSING.
T  INDICATES TRACE AMOUNT.




$$
