000
CDUS41 KOKX 280618
CLIEWR


CLIMATE REPORT
NATIONAL WEATHER SERVICE NEW YORK NY
216 AM EDT THU SEP 28 2017


...................................

...THE NEWARK NJ CLIMATE SUMMARY FOR SEPTEMBER 27 2017...

CLIMATE NORMAL PERIOD 1981 TO 2010
CLIMATE RECORD PERIOD 1929 TO 2017


WEATHER ITEM   OBSERVED TIME   RECORD YEAR NORMAL DEPARTURE LAST
                VALUE   (LST)  VALUE       VALUE  FROM      YEAR
                                                  NORMAL
..................................................................
TEMPERATURE (F)
 YESTERDAY
  MAXIMUM         88   1249 PM  91    1998  72     16       76
  MINIMUM         69    527 AM  35    1947  55     14       62
  AVERAGE         79                        64     15       69

PRECIPITATION (IN)
  YESTERDAY        0.00          3.00 1985   0.13  -0.13     0.12
  MONTH TO DATE    1.72                      3.39  -1.67     1.82
  SINCE SEP 1      1.72                      3.39  -1.67     1.82
  SINCE JAN 1     39.40                     34.76   4.64    25.63

SNOWFALL (IN)
  YESTERDAY        0.0           0.0  2002   0.0    0.0      0.0
                                      2001
  MONTH TO DATE    0.0                       0.0    0.0      0.0
  SINCE OCT 1     30.0                      28.5    1.5     32.8
  SINCE JUL 1      0.0                       0.0    0.0      0.0
  SNOW DEPTH       0

DEGREE DAYS
 HEATING
  YESTERDAY        0                         3     -3        0
  MONTH TO DATE   10                        31    -21        6
  SINCE SEP 1     10                        31    -21        6
  SINCE JUL 1     10                        32    -22        6

 COOLING
  YESTERDAY       14                         2     12        4
  MONTH TO DATE  197                       133     64      228
  SINCE SEP 1    197                       133     64      228
  SINCE JAN 1   1225                      1167     58     1538
..................................................................


WIND (MPH)
  HIGHEST WIND SPEED    13   HIGHEST WIND DIRECTION    NE (40)
  HIGHEST GUST SPEED    16   HIGHEST GUST DIRECTION    NE (40)
  AVERAGE WIND SPEED     6.7


SKY COVER
  AVERAGE SKY COVER 0.5


WEATHER CONDITIONS
 THE FOLLOWING WEATHER WAS RECORDED YESTERDAY.
  NO SIGNIFICANT WEATHER WAS OBSERVED.


RELATIVE HUMIDITY (PERCENT)
 HIGHEST    90           400 AM
 LOWEST     55           100 PM
 AVERAGE    73

..........................................................


THE NEWARK NJ CLIMATE NORMALS FOR TODAY
                         NORMAL    RECORD    YEAR
 MAXIMUM TEMPERATURE (F)   72        87      2014
 MINIMUM TEMPERATURE (F)   55        38      1947


SUNRISE AND SUNSET
SEPTEMBER 28 2017.....SUNRISE   650 AM EDT   SUNSET   643 PM EDT
SEPTEMBER 29 2017.....SUNRISE   651 AM EDT   SUNSET   642 PM EDT


-  INDICATES NEGATIVE NUMBERS.
R  INDICATES RECORD WAS SET OR TIED.
MM INDICATES DATA IS MISSING.
T  INDICATES TRACE AMOUNT.




$$
