000
CDUS41 KOKX 172035
CLIEWR


CLIMATE REPORT
NATIONAL WEATHER SERVICE NEW YORK NY
435 PM EDT TUE MAR 17 2015


...................................

...THE NEWARK NJ CLIMATE SUMMARY FOR MARCH 17 2015...
VALID TODAY AS OF 0400 PM LOCAL TIME.

CLIMATE NORMAL PERIOD 1981 TO 2010
CLIMATE RECORD PERIOD 1929 TO 2015


WEATHER ITEM   OBSERVED TIME   RECORD YEAR NORMAL DEPARTURE LAST
                VALUE   (LST)  VALUE       VALUE  FROM      YEAR
                                                  NORMAL
..................................................................
TEMPERATURE (F)
 TODAY
  MAXIMUM         60   1239 PM  80    1945  51      9       34
  MINIMUM         46    756 AM  16    1981  34     12       23
                                      1967
                                      1941
  AVERAGE         53                        42     11       29

PRECIPITATION (IN)
  TODAY            T             1.09 1968   0.14  -0.14     0.00
  MONTH TO DATE    3.45                      2.17   1.28     0.27
  SINCE MAR 1      3.45                      2.17   1.28     0.27
  SINCE JAN 1      9.93                      8.59   1.34     7.99

SNOWFALL (IN)
  TODAY           MM             5.1  1967   0.1   MM        0.0
  MONTH TO DATE   12.4                       3.2    9.2      0.2
  SINCE OCT 1     42.5                      26.2   16.3     60.7
  SINCE JUL 1     42.5                      26.2   16.3     60.7
  SNOW DEPTH       0

DEGREE DAYS
 HEATING
  TODAY           12                        23    -11       36
  MONTH TO DATE  469                       427     42      496
  SINCE MAR 1    469                       427     42      496
  SINCE JUL 1   4372                      4062    310     4371

 COOLING
  TODAY            0                         0      0        0
  MONTH TO DATE    0                         0      0        0
  SINCE MAR 1      0                         0      0        0
  SINCE JAN 1      0                         0      0        0
..................................................................


WIND (MPH)
  HIGHEST WIND SPEED    32   HIGHEST WIND DIRECTION    NW (300)
  HIGHEST GUST SPEED    43   HIGHEST GUST DIRECTION    NW (330)
  AVERAGE WIND SPEED    12.6


SKY COVER
  AVERAGE SKY COVER 0.9


WEATHER CONDITIONS
 THE FOLLOWING WEATHER WAS RECORDED TODAY.
  LIGHT RAIN


RELATIVE HUMIDITY (PERCENT)
 HIGHEST    76           800 AM
 LOWEST     40           200 PM
 AVERAGE    58

..........................................................


THE NEWARK NJ CLIMATE NORMALS FOR TOMORROW
                         NORMAL    RECORD    YEAR
 MAXIMUM TEMPERATURE (F)   51        80      2011
 MINIMUM TEMPERATURE (F)   34        10      1981


SUNRISE AND SUNSET
MARCH 17 2015.........SUNRISE   705 AM EDT   SUNSET   705 PM EDT
MARCH 18 2015.........SUNRISE   704 AM EDT   SUNSET   706 PM EDT


-  INDICATES NEGATIVE NUMBERS.
R  INDICATES RECORD WAS SET OR TIED.
MM INDICATES DATA IS MISSING.
T  INDICATES TRACE AMOUNT.




$$
