000
CDUS41 KOKX 030616
CLIEWR


CLIMATE REPORT
NATIONAL WEATHER SERVICE NEW YORK NY
115 AM EST SUN DEC 3 2017


...................................

...THE NEWARK NJ CLIMATE SUMMARY FOR DECEMBER 2 2017...

CLIMATE NORMAL PERIOD 1981 TO 2010
CLIMATE RECORD PERIOD 1929 TO 2017


WEATHER ITEM   OBSERVED TIME   RECORD YEAR NORMAL DEPARTURE LAST
                VALUE   (LST)  VALUE       VALUE  FROM      YEAR
                                                  NORMAL
..................................................................
TEMPERATURE (F)
 YESTERDAY
  MAXIMUM         49    133 PM  66    1998  48      1       53
                                      1970
  MINIMUM         32    734 AM  16    1946  34     -2       38
                                      1938
  AVERAGE         41                        41      0       46

PRECIPITATION (IN)
  YESTERDAY        0.00          1.40 1936   0.13  -0.13     0.00
  MONTH TO DATE    0.00                      0.26  -0.26     0.11
  SINCE DEC 1      0.00                      0.26  -0.26     0.11
  SINCE JAN 1     45.85                     42.70   3.15    35.61

SNOWFALL (IN)
  YESTERDAY        0.0           3.2  1952   0.1   -0.1      0.0
  MONTH TO DATE    0.0                       0.2   -0.2      0.0
  SINCE OCT 1      T                         0.6   -0.6       T
  SINCE JUL 1      T                         0.6   -0.6       T
  SNOW DEPTH       0

DEGREE DAYS
 HEATING
  YESTERDAY       24                        24      0       19
  MONTH TO DATE   45                        48     -3       36
  SINCE DEC 1     45                        48     -3       36
  SINCE JUL 1    730                       916   -186      719

 COOLING
  YESTERDAY        0                         0      0        0
  MONTH TO DATE    0                         0      0        0
  SINCE DEC 1      0                         0      0        0
  SINCE JAN 1   1316                      1192    124     1571
..................................................................


WIND (MPH)
  HIGHEST WIND SPEED     9   HIGHEST WIND DIRECTION     N (10)
  HIGHEST GUST SPEED    10   HIGHEST GUST DIRECTION    NW (310)
  AVERAGE WIND SPEED     3.5


SKY COVER
  AVERAGE SKY COVER 0.7


WEATHER CONDITIONS
 THE FOLLOWING WEATHER WAS RECORDED YESTERDAY.
  NO SIGNIFICANT WEATHER WAS OBSERVED.


RELATIVE HUMIDITY (PERCENT)
 HIGHEST    89           800 AM
 LOWEST     46          1200 PM
 AVERAGE    68

..........................................................


THE NEWARK NJ CLIMATE NORMALS FOR TODAY
                         NORMAL    RECORD    YEAR
 MAXIMUM TEMPERATURE (F)   48        70      1998
 MINIMUM TEMPERATURE (F)   34         9      1976


SUNRISE AND SUNSET
DECEMBER  3 2017......SUNRISE   703 AM EST   SUNSET   430 PM EST
DECEMBER  4 2017......SUNRISE   704 AM EST   SUNSET   429 PM EST


-  INDICATES NEGATIVE NUMBERS.
R  INDICATES RECORD WAS SET OR TIED.
MM INDICATES DATA IS MISSING.
T  INDICATES TRACE AMOUNT.




$$
