743
CDUS41 KOKX 260618
CLIEWR


CLIMATE REPORT
NATIONAL WEATHER SERVICE NEW YORK NY
117 AM EST SAT NOV 26 2016


...................................

...THE NEWARK NJ CLIMATE SUMMARY FOR NOVEMBER 25 2016...

CLIMATE NORMAL PERIOD 1981 TO 2010
CLIMATE RECORD PERIOD 1929 TO 2016


WEATHER ITEM   OBSERVED TIME   RECORD YEAR NORMAL DEPARTURE LAST
                VALUE   (LST)  VALUE       VALUE  FROM      YEAR
                                                  NORMAL
..................................................................
TEMPERATURE (F)
 YESTERDAY
  MAXIMUM         55        MM  73    1979  51      4       51
  MINIMUM         45        MM  19    1938  36      9       31
  AVERAGE         50                        44      6       41

PRECIPITATION (IN)
  YESTERDAY        0.01          2.74 1950   0.12  -0.11     0.00
  MONTH TO DATE    3.43                      3.00   0.43     1.27
  SINCE SEP 1      8.60                     10.42  -1.82     6.95
  SINCE JAN 1     32.41                     41.79  -9.38    34.55

SNOWFALL (IN)
  YESTERDAY        0.0           1.2  1983   0.0    0.0      0.0
  MONTH TO DATE    T                         0.2   -0.2      0.0
  SINCE OCT 1      T                         0.2   -0.2      0.0
  SINCE JUL 1      T                         0.2   -0.2      0.0
  SNOW DEPTH       0

DEGREE DAYS
 HEATING
  YESTERDAY       15                        21     -6       24
  MONTH TO DATE  371                       434    -63      301
  SINCE SEP 1    602                       754   -152      545
  SINCE JUL 1    602                       755   -153      545

 COOLING
  YESTERDAY        0                         0      0        0
  MONTH TO DATE    1                         0      1        5
  SINCE SEP 1    261                       157    104      273
  SINCE JAN 1   1571                      1191    380     1555
..................................................................


WIND (MPH)
  HIGHEST WIND SPEED     8   HIGHEST WIND DIRECTION    SW (220)
  HIGHEST GUST SPEED    MM   HIGHEST GUST DIRECTION    MM
  AVERAGE WIND SPEED     4.6


SKY COVER
  AVERAGE SKY COVER 1.0


WEATHER CONDITIONS
 THE FOLLOWING WEATHER WAS RECORDED YESTERDAY.
  LIGHT RAIN


RELATIVE HUMIDITY (PERCENT)
 HIGHEST    92           200 AM
 LOWEST     66          1200 PM
 AVERAGE    79

..........................................................


THE NEWARK NJ CLIMATE NORMALS FOR TODAY
                         NORMAL    RECORD    YEAR
 MAXIMUM TEMPERATURE (F)   51        68      2011
                                             1979
 MINIMUM TEMPERATURE (F)   36        15      1938


SUNRISE AND SUNSET
NOVEMBER 26 2016......SUNRISE   656 AM EST   SUNSET   432 PM EST
NOVEMBER 27 2016......SUNRISE   658 AM EST   SUNSET   431 PM EST


-  INDICATES NEGATIVE NUMBERS.
R  INDICATES RECORD WAS SET OR TIED.
MM INDICATES DATA IS MISSING.
T  INDICATES TRACE AMOUNT.




$$
