000
CDUS41 KOKX 050617
CLIEWR


CLIMATE REPORT
NATIONAL WEATHER SERVICE NEW YORK NY
116 AM EST SUN NOV 5 2017


...................................

...THE NEWARK NJ CLIMATE SUMMARY FOR NOVEMBER 4 2017...

CLIMATE NORMAL PERIOD 1981 TO 2010
CLIMATE RECORD PERIOD 1929 TO 2017


WEATHER ITEM   OBSERVED TIME   RECORD YEAR NORMAL DEPARTURE LAST
                VALUE   (LST)  VALUE       VALUE  FROM      YEAR
                                                  NORMAL
..................................................................
TEMPERATURE (F)
 YESTERDAY
  MAXIMUM         57    255 PM  79    1994  59     -2       62
  MINIMUM         43    653 AM  26    1951  42      1       47
  AVERAGE         50                        51     -1       55

PRECIPITATION (IN)
  YESTERDAY        T             1.79 1947   0.11  -0.11     0.00
  MONTH TO DATE    T                         0.47  -0.47      T
  SINCE SEP 1      6.66                      7.89  -1.23     5.17
  SINCE JAN 1     44.34                     39.26   5.08    28.98

SNOWFALL (IN)
  YESTERDAY        0.0           0.0  2002   0.0    0.0      0.0
                                      2001
  MONTH TO DATE    0.0                       0.0    0.0      0.0
  SINCE OCT 1      0.0                       0.0    0.0      0.0
  SINCE JUL 1      0.0                       0.0    0.0      0.0
  SNOW DEPTH       0

DEGREE DAYS
 HEATING
  YESTERDAY       15                        14      1       10
  MONTH TO DATE   33                        56    -23       29
  SINCE SEP 1    160                       376   -216      260
  SINCE JUL 1    160                       377   -217      260

 COOLING
  YESTERDAY        0                         0      0        0
  MONTH TO DATE    0                         0      0        1
  SINCE SEP 1    288                       157    131      261
  SINCE JAN 1   1316                      1191    125     1571
..................................................................


WIND (MPH)
  HIGHEST WIND SPEED    16   HIGHEST WIND DIRECTION    NW (330)
  HIGHEST GUST SPEED    19   HIGHEST GUST DIRECTION     N (340)
  AVERAGE WIND SPEED     7.7


SKY COVER
  AVERAGE SKY COVER 0.8


WEATHER CONDITIONS
 THE FOLLOWING WEATHER WAS RECORDED YESTERDAY.
  LIGHT RAIN


RELATIVE HUMIDITY (PERCENT)
 HIGHEST    76           700 AM
 LOWEST     38          1200 PM
 AVERAGE    57

..........................................................


THE NEWARK NJ CLIMATE NORMALS FOR TODAY
                         NORMAL    RECORD    YEAR
 MAXIMUM TEMPERATURE (F)   59        77      1959
 MINIMUM TEMPERATURE (F)   42        27      1933


SUNRISE AND SUNSET
NOVEMBER  5 2017......SUNRISE   632 AM EST   SUNSET   448 PM EST
NOVEMBER  6 2017......SUNRISE   633 AM EST   SUNSET   447 PM EST


-  INDICATES NEGATIVE NUMBERS.
R  INDICATES RECORD WAS SET OR TIED.
MM INDICATES DATA IS MISSING.
T  INDICATES TRACE AMOUNT.




$$
