187
CDUS41 KOKX 300617
CLIEWR


CLIMATE REPORT
NATIONAL WEATHER SERVICE NEW YORK NY
117 AM EST SAT JAN 30 2016


...................................

...THE NEWARK NJ CLIMATE SUMMARY FOR JANUARY 29 2016...

CLIMATE NORMAL PERIOD 1981 TO 2010
CLIMATE RECORD PERIOD 1929 TO 2016


WEATHER ITEM   OBSERVED TIME   RECORD YEAR NORMAL DEPARTURE LAST
                VALUE   (LST)  VALUE       VALUE  FROM      YEAR
                                                  NORMAL
..................................................................
TEMPERATURE (F)
 YESTERDAY
  MAXIMUM         41    330 PM  70    2002  39      2       32
  MINIMUM         30   1159 PM   0    1977  25      5       12
  AVERAGE         36                        32      4       22

PRECIPITATION (IN)
  YESTERDAY        T             1.07 1990   0.11  -0.11     0.03
  MONTH TO DATE    4.01                      3.32   0.69     4.38
  SINCE DEC 1      8.41                      7.13   1.28     9.29
  SINCE JAN 1      4.01                      3.32   0.69     4.38

SNOWFALL (IN)
  YESTERDAY        T             1.1  1986   0.3   -0.3      0.2
  MONTH TO DATE   29.3                       7.3   22.0     14.2
  SINCE OCT 1     29.6                      13.1   16.5     15.9
  SINCE JUL 1     29.6                      13.1   16.5     15.9
  SNOW DEPTH       9

DEGREE DAYS
 HEATING
  YESTERDAY       29                        33     -4       43
  MONTH TO DATE  920                       970    -50     1041
  SINCE DEC 1   1385                      1852   -467     1806
  SINCE JUL 1   2017                      2720   -703     2638

 COOLING
  YESTERDAY        0                         0      0        0
  MONTH TO DATE    0                         0      0        0
  SINCE DEC 1      0                         0      0        0
  SINCE JAN 1      0                         0      0        0
..................................................................


WIND (MPH)
  HIGHEST WIND SPEED    24   HIGHEST WIND DIRECTION    NW (300)
  HIGHEST GUST SPEED    35   HIGHEST GUST DIRECTION     W (290)
  AVERAGE WIND SPEED    10.3


SKY COVER
  AVERAGE SKY COVER 0.8


WEATHER CONDITIONS
 THE FOLLOWING WEATHER WAS RECORDED YESTERDAY.
  LIGHT RAIN
  SNOW


RELATIVE HUMIDITY (PERCENT)
 HIGHEST    72           800 AM
 LOWEST     48           500 PM
 AVERAGE    60

..........................................................


THE NEWARK NJ CLIMATE NORMALS FOR TODAY
                         NORMAL    RECORD    YEAR
 MAXIMUM TEMPERATURE (F)   39        66      2013
 MINIMUM TEMPERATURE (F)   25         3      1935


SUNRISE AND SUNSET
JANUARY 30 2016.......SUNRISE   709 AM EST   SUNSET   511 PM EST
JANUARY 31 2016.......SUNRISE   708 AM EST   SUNSET   513 PM EST


-  INDICATES NEGATIVE NUMBERS.
R  INDICATES RECORD WAS SET OR TIED.
MM INDICATES DATA IS MISSING.
T  INDICATES TRACE AMOUNT.




$$
