000
CDUS41 KOKX 050618
CLIEWR


CLIMATE REPORT
NATIONAL WEATHER SERVICE NEW YORK NY
117 AM EST SUN MAR 5 2017


...................................

...THE NEWARK NJ CLIMATE SUMMARY FOR MARCH 4 2017...

CLIMATE NORMAL PERIOD 1981 TO 2010
CLIMATE RECORD PERIOD 1929 TO 2017


WEATHER ITEM   OBSERVED TIME   RECORD YEAR NORMAL DEPARTURE LAST
                VALUE   (LST)  VALUE       VALUE  FROM      YEAR
                                                  NORMAL
..................................................................
TEMPERATURE (F)
 YESTERDAY
  MAXIMUM         32    322 PM  72    1974  47    -15       40
  MINIMUM         17   1159 PM   6    1943  30    -13       29
  AVERAGE         25                        38    -13       35

PRECIPITATION (IN)
  YESTERDAY        0.00          1.29 1977   0.12  -0.12     0.12
  MONTH TO DATE    0.16                      0.48  -0.32     0.24
  SINCE MAR 1      0.16                      0.48  -0.32     0.24
  SINCE JAN 1      6.90                      6.90   0.00     8.29

SNOWFALL (IN)
  YESTERDAY        0.0           3.7  1971   0.2   -0.2      1.4
  MONTH TO DATE    T                         0.9   -0.9      1.4
  SINCE OCT 1     20.6                      23.9   -3.3     32.6
  SINCE JUL 1     20.6                      23.9   -3.3     32.6
  SNOW DEPTH       0

DEGREE DAYS
 HEATING
  YESTERDAY       40                        27     13       30
  MONTH TO DATE   87                       108    -21      104
  SINCE MAR 1     87                       108    -21      104
  SINCE JUL 1   3096                      3743   -647     2977

 COOLING
  YESTERDAY        0                         0      0        0
  MONTH TO DATE    0                         0      0        0
  SINCE MAR 1      0                         0      0        0
  SINCE JAN 1      0                         0      0        0
..................................................................


WIND (MPH)
  HIGHEST WIND SPEED    32   HIGHEST WIND DIRECTION    NW (310)
  HIGHEST GUST SPEED    41   HIGHEST GUST DIRECTION    NW (300)
  AVERAGE WIND SPEED    18.4


SKY COVER
  AVERAGE SKY COVER 0.3


WEATHER CONDITIONS
 THE FOLLOWING WEATHER WAS RECORDED YESTERDAY.
  NO SIGNIFICANT WEATHER WAS OBSERVED.


RELATIVE HUMIDITY (PERCENT)
 HIGHEST    45           500 AM
 LOWEST     19           500 PM
 AVERAGE    32

..........................................................


THE NEWARK NJ CLIMATE NORMALS FOR TODAY
                         NORMAL    RECORD    YEAR
 MAXIMUM TEMPERATURE (F)   47        75      1976
                                             1964
 MINIMUM TEMPERATURE (F)   31         9      1948


SUNRISE AND SUNSET
MARCH  5 2017.........SUNRISE   624 AM EST   SUNSET   553 PM EST
MARCH  6 2017.........SUNRISE   622 AM EST   SUNSET   554 PM EST


-  INDICATES NEGATIVE NUMBERS.
R  INDICATES RECORD WAS SET OR TIED.
MM INDICATES DATA IS MISSING.
T  INDICATES TRACE AMOUNT.




$$
