000
CDUS41 KOKX 062043
CLIEWR


CLIMATE REPORT
NATIONAL WEATHER SERVICE NEW YORK NY
442 PM EDT TUE JUN 6 2017


...................................

...THE NEWARK NJ CLIMATE SUMMARY FOR JUNE 6 2017...
VALID TODAY AS OF 0400 PM LOCAL TIME.

CLIMATE NORMAL PERIOD 1981 TO 2010
CLIMATE RECORD PERIOD 1929 TO 2017


WEATHER ITEM   OBSERVED TIME   RECORD YEAR NORMAL DEPARTURE LAST
                VALUE   (LST)  VALUE       VALUE  FROM      YEAR
                                                  NORMAL
..................................................................
TEMPERATURE (F)
 TODAY
  MAXIMUM         60   1217 AM  94    2010  79    -19       86
                                      1953
  MINIMUM         55   1122 AM  43    1945  60     -5       66
  AVERAGE         58                        70    -12       76

PRECIPITATION (IN)
  TODAY            0.05          1.19 2002   0.15  -0.10     0.00
  MONTH TO DATE    0.23                      0.86  -0.63     0.98
  SINCE JUN 1      0.23                      0.86  -0.63     0.98
  SINCE JAN 1     22.77                     19.75   3.02    15.38

SNOWFALL (IN)
  TODAY            0.0           0.0  2002   0.0    0.0      0.0
                                      2001
  MONTH TO DATE    0.0                       0.0    0.0      0.0
  SINCE OCT 1     30.0                      28.5    1.5     32.8
  SINCE JUL 1     30.0                      28.5    1.5     32.8
  SNOW DEPTH       0

DEGREE DAYS
 HEATING
  TODAY            7                         1      6        0
  MONTH TO DATE   11                         8      3        0
  SINCE JUN 1     11                         8      3        0
  SINCE JUL 1   4226                      4863   -637     3895

 COOLING
  TODAY            0                         6     -6       11
  MONTH TO DATE   12                        30    -18       42
  SINCE JUN 1     12                        30    -18       42
  SINCE JAN 1    107                       106      1      160
..................................................................


WIND (MPH)
  HIGHEST WIND SPEED    17   HIGHEST WIND DIRECTION     N (20)
  HIGHEST GUST SPEED    21   HIGHEST GUST DIRECTION    NE (30)
  AVERAGE WIND SPEED    10.5


SKY COVER
  AVERAGE SKY COVER 0.9


WEATHER CONDITIONS
 THE FOLLOWING WEATHER WAS RECORDED TODAY.
  LIGHT RAIN
  FOG


RELATIVE HUMIDITY (PERCENT)
 HIGHEST   100           200 AM
 LOWEST     75           300 PM
 AVERAGE    88

..........................................................


THE NEWARK NJ CLIMATE NORMALS FOR TOMORROW
                         NORMAL    RECORD    YEAR
 MAXIMUM TEMPERATURE (F)   79        99      1999
 MINIMUM TEMPERATURE (F)   61        48      1945


SUNRISE AND SUNSET
JUNE  6 2017..........SUNRISE   526 AM EDT   SUNSET   825 PM EDT
JUNE  7 2017..........SUNRISE   526 AM EDT   SUNSET   826 PM EDT


-  INDICATES NEGATIVE NUMBERS.
R  INDICATES RECORD WAS SET OR TIED.
MM INDICATES DATA IS MISSING.
T  INDICATES TRACE AMOUNT.




$$
