000
CDUS41 KOKX 232040
CLIEWR


CLIMATE REPORT
NATIONAL WEATHER SERVICE NEW YORK NY
439 PM EDT TUE JUN 23 2015


...................................

...THE NEWARK NJ CLIMATE SUMMARY FOR JUNE 23 2015...
VALID TODAY AS OF 0400 PM LOCAL TIME.

CLIMATE NORMAL PERIOD 1981 TO 2010
CLIMATE RECORD PERIOD 1929 TO 2015


WEATHER ITEM   OBSERVED TIME   RECORD YEAR NORMAL DEPARTURE LAST
                VALUE   (LST)  VALUE       VALUE  FROM      YEAR
                                                  NORMAL
..................................................................
TEMPERATURE (F)
 TODAY
  MAXIMUM         92    221 PM  97    1965  84      8       82
  MINIMUM         74    342 AM  51    1992  66      8       64
                                      1940
  AVERAGE         83                        75      8       73

PRECIPITATION (IN)
  TODAY            0.00          1.10 2001   0.13  -0.13     0.00
  MONTH TO DATE    4.29                      3.15   1.14     4.20
  SINCE JUN 1      4.29                      3.15   1.14     4.20
  SINCE JAN 1     21.90                     22.04  -0.14    27.55

SNOWFALL (IN)
  TODAY            0.0           0.0  2002   0.0    0.0      0.0
                                      2001
  MONTH TO DATE    0.0                       0.0    0.0      0.0
  SINCE OCT 1     46.4                      28.5   17.9     61.1
  SINCE JUL 1     46.4                      28.5   17.9     61.1
  SNOW DEPTH       0

DEGREE DAYS
 HEATING
  TODAY            0                         0      0        0
  MONTH TO DATE   29                        15     14        0
  SINCE JUN 1     29                        15     14        0
  SINCE JUL 1   5143                      4870    273     5166

 COOLING
  TODAY           18                        10      8        8
  MONTH TO DATE  192                       164     28      163
  SINCE JUN 1    192                       164     28      163
  SINCE JAN 1    352                       240    112      225
..................................................................


WIND (MPH)
  HIGHEST WIND SPEED    25   HIGHEST WIND DIRECTION    SW (240)
  HIGHEST GUST SPEED    31   HIGHEST GUST DIRECTION    SW (240)
  AVERAGE WIND SPEED    12.3


SKY COVER
  AVERAGE SKY COVER 0.8


WEATHER CONDITIONS
 THE FOLLOWING WEATHER WAS RECORDED TODAY.
  NO SIGNIFICANT WEATHER WAS OBSERVED.


RELATIVE HUMIDITY (PERCENT)
 HIGHEST    79           300 AM
 LOWEST     49          1100 AM
 AVERAGE    64

..........................................................


THE NEWARK NJ CLIMATE NORMALS FOR TOMORROW
                         NORMAL    RECORD    YEAR
 MAXIMUM TEMPERATURE (F)   84        97      1966
 MINIMUM TEMPERATURE (F)   66        49      1932


SUNRISE AND SUNSET
JUNE 23 2015..........SUNRISE   526 AM EDT   SUNSET   832 PM EDT
JUNE 24 2015..........SUNRISE   526 AM EDT   SUNSET   832 PM EDT


-  INDICATES NEGATIVE NUMBERS.
R  INDICATES RECORD WAS SET OR TIED.
MM INDICATES DATA IS MISSING.
T  INDICATES TRACE AMOUNT.




$$
