000
CDUS41 KOKX 090617
CLIEWR


CLIMATE REPORT
NATIONAL WEATHER SERVICE NEW YORK NY
217 AM EDT THU OCT 9 2014


...................................

...THE NEWARK NJ CLIMATE SUMMARY FOR OCTOBER 8 2014...

CLIMATE NORMAL PERIOD 1981 TO 2010
CLIMATE RECORD PERIOD 1929 TO 2014


WEATHER ITEM   OBSERVED TIME   RECORD YEAR NORMAL DEPARTURE LAST
                VALUE   (LST)  VALUE       VALUE  FROM      YEAR
                                                  NORMAL
..................................................................
TEMPERATURE (F)
 YESTERDAY
  MAXIMUM         75    140 PM  89    2007  68      7       70
  MINIMUM         60   1159 PM  32    1935  51      9       52
  AVERAGE         68                        59      9       61

PRECIPITATION (IN)
  YESTERDAY        0.04          4.08 2005   0.12  -0.08     0.00
  MONTH TO DATE    0.91                      0.95  -0.04     0.35
  SINCE SEP 1      2.43                      4.77  -2.34     1.89
  SINCE JAN 1     37.05                     36.14   0.91    35.19

SNOWFALL (IN)
  YESTERDAY        0.0           0.0  2002   0.0    0.0      0.0
                                      2001
  MONTH TO DATE    0.0                       0.0    0.0      0.0
  SINCE OCT 1      0.0                       0.0    0.0      0.0
  SINCE JUL 1      0.0                       0.0    0.0      0.0
  SNOW DEPTH       0

DEGREE DAYS
 HEATING
  YESTERDAY        0                         7     -7        4
  MONTH TO DATE   26                        44    -18        4
  SINCE SEP 1     45                        88    -43       51
  SINCE JUL 1     45                        89    -44       51

 COOLING
  YESTERDAY        3                         1      2        0
  MONTH TO DATE    5                         9     -4       43
  SINCE SEP 1    174                       149     25      162
  SINCE JAN 1   1159                      1183    -24     1333
..................................................................


WIND (MPH)
  HIGHEST WIND SPEED    24   HIGHEST WIND DIRECTION     W (260)
  HIGHEST GUST SPEED    32   HIGHEST GUST DIRECTION     S (190)
  AVERAGE WIND SPEED    14.4


SKY COVER
  AVERAGE SKY COVER 0.5


WEATHER CONDITIONS
 THE FOLLOWING WEATHER WAS RECORDED YESTERDAY.
  LIGHT RAIN
  FOG


RELATIVE HUMIDITY (PERCENT)
 HIGHEST    93           100 AM
 LOWEST     33           400 PM
 AVERAGE    63

..........................................................


THE NEWARK NJ CLIMATE NORMALS FOR TODAY
                         NORMAL    RECORD    YEAR
 MAXIMUM TEMPERATURE (F)   68        88      2011
 MINIMUM TEMPERATURE (F)   50        35      1988


SUNRISE AND SUNSET
OCTOBER  9 2014.......SUNRISE   701 AM EDT   SUNSET   626 PM EDT
OCTOBER 10 2014.......SUNRISE   702 AM EDT   SUNSET   624 PM EDT


-  INDICATES NEGATIVE NUMBERS.
R  INDICATES RECORD WAS SET OR TIED.
MM INDICATES DATA IS MISSING.
T  INDICATES TRACE AMOUNT.




$$
