000
CDUS41 KOKX 302133
CLIEWR


CLIMATE REPORT
NATIONAL WEATHER SERVICE NEW YORK NY
433 PM EST THU NOV 30 2017


...................................

...THE NEWARK NJ CLIMATE SUMMARY FOR NOVEMBER 30 2017...
VALID TODAY AS OF 0400 PM LOCAL TIME.

CLIMATE NORMAL PERIOD 1981 TO 2010
CLIMATE RECORD PERIOD 1929 TO 2017


WEATHER ITEM   OBSERVED TIME   RECORD YEAR NORMAL DEPARTURE LAST
                VALUE   (LST)  VALUE       VALUE  FROM      YEAR
                                                  NORMAL
..................................................................
TEMPERATURE (F)
 TODAY
  MAXIMUM         51    359 PM  71    1991  49      2       58
  MINIMUM         32    537 AM  16    1976  35     -3       52
  AVERAGE         42                        42      0       55

PRECIPITATION (IN)
  TODAY            0.00          1.07 2016   0.14  -0.14     1.07
  MONTH TO DATE    1.49                      3.65  -2.16     6.52
  SINCE SEP 1      8.15                     11.07  -2.92    11.69
  SINCE JAN 1     45.83                     42.44   3.39    35.50

SNOWFALL (IN)
  TODAY            0.0           3.1  1967   0.0    0.0      0.0
  MONTH TO DATE    T                         0.4   -0.4       T
  SINCE OCT 1      T                         0.4   -0.4       T
  SINCE JUL 1      T                         0.4   -0.4       T
  SNOW DEPTH       0

DEGREE DAYS
 HEATING
  TODAY           23                        23      0       10
  MONTH TO DATE  558                       547     11      452
  SINCE SEP 1    685                       867   -182      683
  SINCE JUL 1    685                       868   -183      683

 COOLING
  TODAY            0                         0      0        0
  MONTH TO DATE    0                         1     -1        1
  SINCE SEP 1    288                       158    130      261
  SINCE JAN 1   1316                      1192    124     1571
..................................................................


WIND (MPH)
  HIGHEST WIND SPEED    14   HIGHEST WIND DIRECTION    NE (30)
  HIGHEST GUST SPEED    16   HIGHEST GUST DIRECTION    NE (40)
  AVERAGE WIND SPEED     5.7


SKY COVER
  AVERAGE SKY COVER 0.5


WEATHER CONDITIONS
 THE FOLLOWING WEATHER WAS RECORDED TODAY.
  NO SIGNIFICANT WEATHER WAS OBSERVED.


RELATIVE HUMIDITY (PERCENT)
 HIGHEST    70           500 AM
 LOWEST     53          1100 AM
 AVERAGE    62

..........................................................


THE NEWARK NJ CLIMATE NORMALS FOR TOMORROW
                         NORMAL    RECORD    YEAR
 MAXIMUM TEMPERATURE (F)   49        72      2006
 MINIMUM TEMPERATURE (F)   34        12      1936


SUNRISE AND SUNSET
NOVEMBER 30 2017......SUNRISE   700 AM EST   SUNSET   430 PM EST
DECEMBER  1 2017......SUNRISE   701 AM EST   SUNSET   430 PM EST


-  INDICATES NEGATIVE NUMBERS.
R  INDICATES RECORD WAS SET OR TIED.
MM INDICATES DATA IS MISSING.
T  INDICATES TRACE AMOUNT.




$$
