000
CDUS41 KOKX 282032
CLIEWR


CLIMATE REPORT
NATIONAL WEATHER SERVICE NEW YORK NY
431 PM EDT THU SEP 28 2017


...................................

...THE NEWARK NJ CLIMATE SUMMARY FOR SEPTEMBER 28 2017...
VALID TODAY AS OF 0400 PM LOCAL TIME.

CLIMATE NORMAL PERIOD 1981 TO 2010
CLIMATE RECORD PERIOD 1929 TO 2017


WEATHER ITEM   OBSERVED TIME   RECORD YEAR NORMAL DEPARTURE LAST
                VALUE   (LST)  VALUE       VALUE  FROM      YEAR
                                                  NORMAL
..................................................................
TEMPERATURE (F)
 TODAY
  MAXIMUM         79    229 PM  87    2014  72      7       73
  MINIMUM         71    806 AM  38    1947  55     16       56
  AVERAGE         75                        63     12       65

PRECIPITATION (IN)
  TODAY            0.00          3.10 2004   0.15  -0.15      T
  MONTH TO DATE    1.72                      3.54  -1.82     1.82
  SINCE SEP 1      1.72                      3.54  -1.82     1.82
  SINCE JAN 1     39.40                     34.91   4.49    25.63

SNOWFALL (IN)
  TODAY            0.0           0.0  2002   0.0    0.0      0.0
                                      2001
  MONTH TO DATE    0.0                       0.0    0.0      0.0
  SINCE OCT 1     30.0                      28.5    1.5     32.8
  SINCE JUL 1      0.0                       0.0    0.0      0.0
  SNOW DEPTH       0

DEGREE DAYS
 HEATING
  TODAY            0                         4     -4        0
  MONTH TO DATE   10                        35    -25        6
  SINCE SEP 1     10                        35    -25        6
  SINCE JUL 1     10                        36    -26        6

 COOLING
  TODAY           10                         2      8        0
  MONTH TO DATE  207                       135     72      228
  SINCE SEP 1    207                       135     72      228
  SINCE JAN 1   1235                      1169     66     1538
..................................................................


WIND (MPH)
  HIGHEST WIND SPEED    28   HIGHEST WIND DIRECTION     N (350)
  HIGHEST GUST SPEED    36   HIGHEST GUST DIRECTION    NW (310)
  AVERAGE WIND SPEED    15.6


SKY COVER
  AVERAGE SKY COVER 0.3


WEATHER CONDITIONS
 THE FOLLOWING WEATHER WAS RECORDED TODAY.
  NO SIGNIFICANT WEATHER WAS OBSERVED.


RELATIVE HUMIDITY (PERCENT)
 HIGHEST    94           200 AM
 LOWEST     32           100 PM
 AVERAGE    63

..........................................................


THE NEWARK NJ CLIMATE NORMALS FOR TOMORROW
                         NORMAL    RECORD    YEAR
 MAXIMUM TEMPERATURE (F)   72        89      1945
 MINIMUM TEMPERATURE (F)   54        40      1942


SUNRISE AND SUNSET
SEPTEMBER 28 2017.....SUNRISE   650 AM EDT   SUNSET   643 PM EDT
SEPTEMBER 29 2017.....SUNRISE   651 AM EDT   SUNSET   642 PM EDT


-  INDICATES NEGATIVE NUMBERS.
R  INDICATES RECORD WAS SET OR TIED.
MM INDICATES DATA IS MISSING.
T  INDICATES TRACE AMOUNT.




$$
