000
CDUS41 KOKX 120618
CLIEWR


CLIMATE REPORT
NATIONAL WEATHER SERVICE NEW YORK NY
218 AM EDT SUN OCT 12 2014


...................................

...THE NEWARK NJ CLIMATE SUMMARY FOR OCTOBER 11 2014...

CLIMATE NORMAL PERIOD 1981 TO 2010
CLIMATE RECORD PERIOD 1929 TO 2014


WEATHER ITEM   OBSERVED TIME   RECORD YEAR NORMAL DEPARTURE LAST
                VALUE   (LST)  VALUE       VALUE  FROM      YEAR
                                                  NORMAL
..................................................................
TEMPERATURE (F)
 YESTERDAY
  MAXIMUM         59   1218 AM  88    1949  67     -8       69
  MINIMUM         49    813 PM  36    1979  50     -1       59
  AVERAGE         54                        58     -4       64

PRECIPITATION (IN)
  YESTERDAY        0.36          2.68 2002   0.12   0.24     0.01
  MONTH TO DATE    1.27                      1.32  -0.05     0.38
  SINCE SEP 1      2.79                      5.14  -2.35     1.92
  SINCE JAN 1     37.41                     36.51   0.90    35.22

SNOWFALL (IN)
  YESTERDAY        0.0           0.0  2002   0.0    0.0      0.0
                                      2001
  MONTH TO DATE    0.0                       0.0    0.0      0.0
  SINCE OCT 1      0.0                       0.0    0.0      0.0
  SINCE JUL 1      0.0                       0.0    0.0      0.0
  SNOW DEPTH       0

DEGREE DAYS
 HEATING
  YESTERDAY       11                         8      3        1
  MONTH TO DATE   50                        66    -16       20
  SINCE SEP 1     69                       110    -41       67
  SINCE JUL 1     69                       111    -42       67

 COOLING
  YESTERDAY        0                         1     -1        0
  MONTH TO DATE    5                        12     -7       43
  SINCE SEP 1    174                       152     22      162
  SINCE JAN 1   1159                      1186    -27     1333
..................................................................


WIND (MPH)
  HIGHEST WIND SPEED    16   HIGHEST WIND DIRECTION     N (360)
  HIGHEST GUST SPEED    20   HIGHEST GUST DIRECTION     N (360)
  AVERAGE WIND SPEED     8.4


SKY COVER
  AVERAGE SKY COVER 0.9


WEATHER CONDITIONS
 THE FOLLOWING WEATHER WAS RECORDED YESTERDAY.
  RAIN
  LIGHT RAIN
  FOG


RELATIVE HUMIDITY (PERCENT)
 HIGHEST   100           800 AM
 LOWEST     57          1200 AM
 AVERAGE    79

..........................................................


THE NEWARK NJ CLIMATE NORMALS FOR TODAY
                         NORMAL    RECORD    YEAR
 MAXIMUM TEMPERATURE (F)   67        88      1954
 MINIMUM TEMPERATURE (F)   49        35      1996
                                             1943


SUNRISE AND SUNSET
OCTOBER 12 2014.......SUNRISE   705 AM EDT   SUNSET   621 PM EDT
OCTOBER 13 2014.......SUNRISE   706 AM EDT   SUNSET   620 PM EDT


-  INDICATES NEGATIVE NUMBERS.
R  INDICATES RECORD WAS SET OR TIED.
MM INDICATES DATA IS MISSING.
T  INDICATES TRACE AMOUNT.




$$
