000
CDUS41 KOKX 080622
CLIEWR


CLIMATE REPORT
NATIONAL WEATHER SERVICE NEW YORK NY
222 AM EDT SAT APR 8 2017


...................................

...THE NEWARK NJ CLIMATE SUMMARY FOR APRIL 7 2017...

CLIMATE NORMAL PERIOD 1981 TO 2010
CLIMATE RECORD PERIOD 1929 TO 2017


WEATHER ITEM   OBSERVED TIME   RECORD YEAR NORMAL DEPARTURE LAST
                VALUE   (LST)  VALUE       VALUE  FROM      YEAR
                                                  NORMAL
..................................................................
TEMPERATURE (F)
 YESTERDAY
  MAXIMUM         50    202 PM  92    2010  59     -9       61
  MINIMUM         40   1156 PM  16    1982  41     -1       46
  AVERAGE         45                        50     -5       54

PRECIPITATION (IN)
  YESTERDAY        T             1.78 1953   0.14  -0.14     0.09
  MONTH TO DATE    2.04                      1.02   1.02     0.72
  SINCE MAR 1      7.11                      5.20   1.91     2.10
  SINCE JAN 1     13.85                     11.62   2.23    10.15

SNOWFALL (IN)
  YESTERDAY        0.0           4.4  2003   0.1   -0.1      0.0
  MONTH TO DATE    0.0                       0.4   -0.4       T
  SINCE OCT 1     30.0                      28.0    2.0     32.8
  SINCE JUL 1     30.0                      28.0    2.0     32.8
  SNOW DEPTH       0

DEGREE DAYS
 HEATING
  YESTERDAY       20                        15      5       11
  MONTH TO DATE  111                       115     -4      133
  SINCE MAR 1    883                       824     59      627
  SINCE JUL 1   3892                      4459   -567     3500

 COOLING
  YESTERDAY        0                         0      0        0
  MONTH TO DATE    0                         0      0        6
  SINCE MAR 1      0                         1     -1       11
  SINCE JAN 1      0                         1     -1       11
..................................................................


WIND (MPH)
  HIGHEST WIND SPEED    32   HIGHEST WIND DIRECTION     W (290)
  HIGHEST GUST SPEED    39   HIGHEST GUST DIRECTION     W (290)
  AVERAGE WIND SPEED    18.1


SKY COVER
  AVERAGE SKY COVER 0.8


WEATHER CONDITIONS
 THE FOLLOWING WEATHER WAS RECORDED YESTERDAY.
  LIGHT RAIN


RELATIVE HUMIDITY (PERCENT)
 HIGHEST    80          1200 AM
 LOWEST     46           500 PM
 AVERAGE    63

..........................................................


THE NEWARK NJ CLIMATE NORMALS FOR TODAY
                         NORMAL    RECORD    YEAR
 MAXIMUM TEMPERATURE (F)   59        88      1991
 MINIMUM TEMPERATURE (F)   41        23      1982


SUNRISE AND SUNSET
APRIL  8 2017.........SUNRISE   629 AM EDT   SUNSET   729 PM EDT
APRIL  9 2017.........SUNRISE   627 AM EDT   SUNSET   730 PM EDT


-  INDICATES NEGATIVE NUMBERS.
R  INDICATES RECORD WAS SET OR TIED.
MM INDICATES DATA IS MISSING.
T  INDICATES TRACE AMOUNT.




$$
