000
CDUS41 KOKX 110616
CLIEWR


CLIMATE REPORT
NATIONAL WEATHER SERVICE NEW YORK NY
116 AM EST TUE NOV 11 2014


...................................

...THE NEWARK NJ CLIMATE SUMMARY FOR NOVEMBER 10 2014...

CLIMATE NORMAL PERIOD 1981 TO 2010
CLIMATE RECORD PERIOD 1929 TO 2014


WEATHER ITEM   OBSERVED TIME   RECORD YEAR NORMAL DEPARTURE LAST
                VALUE   (LST)  VALUE       VALUE  FROM      YEAR
                                                  NORMAL
..................................................................
TEMPERATURE (F)
 YESTERDAY
  MAXIMUM         61    249 PM  73    1999  57      4       61
                                      1985
                                      1966
  MINIMUM         37    750 AM  27    2004  41     -4       38
  AVERAGE         49                        49      0       50

PRECIPITATION (IN)
  YESTERDAY        0.00          1.98 1990   0.11  -0.11      T
  MONTH TO DATE    0.94                      1.17  -0.23     0.22
  SINCE SEP 1      6.61                      8.59  -1.98     2.27
  SINCE JAN 1     41.23                     39.96   1.27    35.57

SNOWFALL (IN)
  YESTERDAY        0.0           0.2  1987   0.0    0.0      0.0
  MONTH TO DATE    0.0                       0.0    0.0      0.0
  SINCE OCT 1      T                         0.0    0.0      0.0
  SINCE JUL 1      T                         0.0    0.0      0.0
  SNOW DEPTH       0

DEGREE DAYS
 HEATING
  YESTERDAY       16                        16      0       15
  MONTH TO DATE  154                       149      5      150
  SINCE SEP 1    362                       469   -107      407
  SINCE JUL 1    362                       470   -108      407

 COOLING
  YESTERDAY        0                         0      0        0
  MONTH TO DATE    0                         0      0        0
  SINCE SEP 1    190                       157     33      166
  SINCE JAN 1   1175                      1191    -16     1337
..................................................................


WIND (MPH)
  HIGHEST WIND SPEED    12   HIGHEST WIND DIRECTION    SE (150)
  HIGHEST GUST SPEED    16   HIGHEST GUST DIRECTION    SE (150)
  AVERAGE WIND SPEED     3.7


SKY COVER
  AVERAGE SKY COVER 0.4


WEATHER CONDITIONS
 THE FOLLOWING WEATHER WAS RECORDED YESTERDAY.
  NO SIGNIFICANT WEATHER WAS OBSERVED.


RELATIVE HUMIDITY (PERCENT)
 HIGHEST    85           500 AM
 LOWEST     29           100 PM
 AVERAGE    57

..........................................................


THE NEWARK NJ CLIMATE NORMALS FOR TODAY
                         NORMAL    RECORD    YEAR
 MAXIMUM TEMPERATURE (F)   56        75      1949
 MINIMUM TEMPERATURE (F)   40        25      1956
                                             1933


SUNRISE AND SUNSET
NOVEMBER 11 2014......SUNRISE   639 AM EST   SUNSET   442 PM EST
NOVEMBER 12 2014......SUNRISE   640 AM EST   SUNSET   441 PM EST


-  INDICATES NEGATIVE NUMBERS.
R  INDICATES RECORD WAS SET OR TIED.
MM INDICATES DATA IS MISSING.
T  INDICATES TRACE AMOUNT.




$$
