709
CDUS41 KOKX 142042
CLIEWR


CLIMATE REPORT
NATIONAL WEATHER SERVICE NEW YORK NY
441 PM EDT THU SEP 14 2017


...................................

...THE NEWARK NJ CLIMATE SUMMARY FOR SEPTEMBER 14 2017...
VALID TODAY AS OF 0400 PM LOCAL TIME.

CLIMATE NORMAL PERIOD 1981 TO 2010
CLIMATE RECORD PERIOD 1929 TO 2017


WEATHER ITEM   OBSERVED TIME   RECORD YEAR NORMAL DEPARTURE LAST
                VALUE   (LST)  VALUE       VALUE  FROM      YEAR
                                                  NORMAL
..................................................................
TEMPERATURE (F)
 TODAY
  MAXIMUM         83    155 PM  94    2016  78      5       94
  MINIMUM         69    617 AM  45    1975  61      8       66
  AVERAGE         76                        69      7       80

PRECIPITATION (IN)
  TODAY            0.00          3.40 1944   0.13  -0.13      T
  MONTH TO DATE    1.68                      1.64   0.04     0.22
  SINCE SEP 1      1.68                      1.64   0.04     0.22
  SINCE JAN 1     39.36                     33.01   6.35    24.03

SNOWFALL (IN)
  TODAY            0.0           0.0  2002   0.0    0.0      0.0
                                      2001
  MONTH TO DATE    0.0                       0.0    0.0      0.0
  SINCE OCT 1     30.0                      28.5    1.5     32.8
  SINCE JUL 1      0.0                       0.0    0.0      0.0
  SNOW DEPTH       0

DEGREE DAYS
 HEATING
  TODAY            0                         1     -1        0
  MONTH TO DATE   10                         5      5        0
  SINCE SEP 1     10                         5      5        0
  SINCE JUL 1     10                         6      4        0

 COOLING
  TODAY           11                         5      6       15
  MONTH TO DATE   46                        92    -46      155
  SINCE SEP 1     46                        92    -46      155
  SINCE JAN 1   1074                      1126    -52     1465
..................................................................


WIND (MPH)
  HIGHEST WIND SPEED    15   HIGHEST WIND DIRECTION     S (170)
  HIGHEST GUST SPEED    23   HIGHEST GUST DIRECTION     S (170)
  AVERAGE WIND SPEED     6.3


SKY COVER
  AVERAGE SKY COVER 0.9


WEATHER CONDITIONS
 THE FOLLOWING WEATHER WAS RECORDED TODAY.
  NO SIGNIFICANT WEATHER WAS OBSERVED.


RELATIVE HUMIDITY (PERCENT)
 HIGHEST   100           400 AM
 LOWEST     55           200 PM
 AVERAGE    78

..........................................................


THE NEWARK NJ CLIMATE NORMALS FOR TOMORROW
                         NORMAL    RECORD    YEAR
 MAXIMUM TEMPERATURE (F)   77        94      1993
 MINIMUM TEMPERATURE (F)   60        47      1975


SUNRISE AND SUNSET
SEPTEMBER 14 2017.....SUNRISE   637 AM EDT   SUNSET   707 PM EDT
SEPTEMBER 15 2017.....SUNRISE   637 AM EDT   SUNSET   705 PM EDT


-  INDICATES NEGATIVE NUMBERS.
R  INDICATES RECORD WAS SET OR TIED.
MM INDICATES DATA IS MISSING.
T  INDICATES TRACE AMOUNT.




$$
