000
CDUS41 KOKX 272136
CLIEWR


CLIMATE REPORT
NATIONAL WEATHER SERVICE NEW YORK NY
436 PM EST FRI JAN 27 2017


...................................

...THE NEWARK NJ CLIMATE SUMMARY FOR JANUARY 27 2017...
VALID TODAY AS OF 0400 PM LOCAL TIME.

CLIMATE NORMAL PERIOD 1981 TO 2010
CLIMATE RECORD PERIOD 1929 TO 2017


WEATHER ITEM   OBSERVED TIME   RECORD YEAR NORMAL DEPARTURE LAST
                VALUE   (LST)  VALUE       VALUE  FROM      YEAR
                                                  NORMAL
..................................................................
TEMPERATURE (F)
 TODAY
  MAXIMUM         46    203 PM  69    1974  39      7       45
  MINIMUM         40    515 AM  -2    1994  25     15       32
  AVERAGE         43                        32     11       39

PRECIPITATION (IN)
  TODAY            0.00          1.42 1976   0.10  -0.10     0.01
  MONTH TO DATE    4.62                      3.10   1.52     4.01
  SINCE DEC 1      7.53                      6.91   0.62     8.41
  SINCE JAN 1      4.62                      3.10   1.52     4.01

SNOWFALL (IN)
  TODAY            0.0           7.9  2011   0.3   -0.3      0.0
  MONTH TO DATE    8.8                       6.7    2.1     25.7
  SINCE OCT 1     12.2                      12.5   -0.3     26.0
  SINCE JUL 1     12.2                      12.5   -0.3     26.0
  SNOW DEPTH       0

DEGREE DAYS
 HEATING
  TODAY           22                        33    -11       26
  MONTH TO DATE  709                       904   -195      859
  SINCE DEC 1   1549                      1786   -237     1324
  SINCE JUL 1   2232                      2654   -422     1956

 COOLING
  TODAY            0                         0      0        0
  MONTH TO DATE    0                         0      0        0
  SINCE DEC 1      0                         0      0        0
  SINCE JAN 1      0                         0      0        0
..................................................................


WIND (MPH)
  HIGHEST WIND SPEED    30   HIGHEST WIND DIRECTION     W (260)
  HIGHEST GUST SPEED    41   HIGHEST GUST DIRECTION     W (250)
  AVERAGE WIND SPEED    19.4


SKY COVER
  AVERAGE SKY COVER 0.7


WEATHER CONDITIONS
 THE FOLLOWING WEATHER WAS RECORDED TODAY.
  NO SIGNIFICANT WEATHER WAS OBSERVED.


RELATIVE HUMIDITY (PERCENT)
 HIGHEST    60           300 AM
 LOWEST     37           200 PM
 AVERAGE    49

..........................................................


THE NEWARK NJ CLIMATE NORMALS FOR TOMORROW
                         NORMAL    RECORD    YEAR
 MAXIMUM TEMPERATURE (F)   39        62      2002
 MINIMUM TEMPERATURE (F)   25        -4      1935


SUNRISE AND SUNSET
JANUARY 27 2017.......SUNRISE   711 AM EST   SUNSET   509 PM EST
JANUARY 28 2017.......SUNRISE   710 AM EST   SUNSET   510 PM EST


-  INDICATES NEGATIVE NUMBERS.
R  INDICATES RECORD WAS SET OR TIED.
MM INDICATES DATA IS MISSING.
T  INDICATES TRACE AMOUNT.




$$
