000
CDUS41 KOKX 020616
CLIEWR


CLIMATE REPORT
NATIONAL WEATHER SERVICE NEW YORK NY
216 AM EDT SUN JUL 2 2017


...................................

...THE NEWARK NJ CLIMATE SUMMARY FOR JULY 1 2017...

CLIMATE NORMAL PERIOD 1981 TO 2010
CLIMATE RECORD PERIOD 1929 TO 2017


WEATHER ITEM   OBSERVED TIME   RECORD YEAR NORMAL DEPARTURE LAST
                VALUE   (LST)  VALUE       VALUE  FROM      YEAR
                                                  NORMAL
..................................................................
TEMPERATURE (F)
 YESTERDAY
  MAXIMUM         85    106 PM 100    1963  85      0       80
  MINIMUM         71   1027 PM  52    1943  68      3       70
  AVERAGE         78                        76      2       75

PRECIPITATION (IN)
  YESTERDAY        0.47          1.22 1971   0.13   0.34     0.20
  MONTH TO DATE    0.47                      0.13   0.34     0.20
  SINCE JUN 1      5.76                      4.15   1.61     2.60
  SINCE JAN 1     28.30                     23.04   5.26    17.00

SNOWFALL (IN)
  YESTERDAY        0.0           0.0  2002   0.0    0.0      0.0
                                      2001
  MONTH TO DATE    0.0                       0.0    0.0      0.0
  SINCE OCT 1     30.0                      28.5    1.5     32.8
  SINCE JUL 1      0.0                       0.0    0.0      0.0
  SNOW DEPTH       0

DEGREE DAYS
 HEATING
  YESTERDAY        0                         0      0        0
  MONTH TO DATE    0                         0      0        0
  SINCE JUN 1     18                        17      1        4
  SINCE JUL 1      0                         0      0        0

 COOLING
  YESTERDAY       13                        11      2       10
  MONTH TO DATE   13                        11      2       10
  SINCE JUN 1    270                       250     20      260
  SINCE JAN 1    365                       326     39      378
..................................................................


WIND (MPH)
  HIGHEST WIND SPEED    24   HIGHEST WIND DIRECTION    SW (210)
  HIGHEST GUST SPEED    31   HIGHEST GUST DIRECTION    SW (220)
  AVERAGE WIND SPEED     9.7


SKY COVER
  AVERAGE SKY COVER 0.7


WEATHER CONDITIONS
 THE FOLLOWING WEATHER WAS RECORDED YESTERDAY.
  THUNDERSTORM
  HEAVY RAIN
  RAIN
  LIGHT RAIN
  FOG


RELATIVE HUMIDITY (PERCENT)
 HIGHEST    93           900 PM
 LOWEST     69          1000 AM
 AVERAGE    81

..........................................................


THE NEWARK NJ CLIMATE NORMALS FOR TODAY
                         NORMAL    RECORD    YEAR
 MAXIMUM TEMPERATURE (F)   85       102      1966
 MINIMUM TEMPERATURE (F)   68        53      1940


SUNRISE AND SUNSET
JULY  2 2017..........SUNRISE   530 AM EDT   SUNSET   831 PM EDT
JULY  3 2017..........SUNRISE   530 AM EDT   SUNSET   831 PM EDT


-  INDICATES NEGATIVE NUMBERS.
R  INDICATES RECORD WAS SET OR TIED.
MM INDICATES DATA IS MISSING.
T  INDICATES TRACE AMOUNT.




$$
