000
CDUS41 KOKX 070619
CLIEWR


CLIMATE REPORT
NATIONAL WEATHER SERVICE NEW YORK NY
219 AM EDT THU APR 7 2016


...................................

...THE NEWARK NJ CLIMATE SUMMARY FOR APRIL 6 2016...

CLIMATE NORMAL PERIOD 1981 TO 2010
CLIMATE RECORD PERIOD 1929 TO 2016


WEATHER ITEM   OBSERVED TIME   RECORD YEAR NORMAL DEPARTURE LAST
                VALUE   (LST)  VALUE       VALUE  FROM      YEAR
                                                  NORMAL
..................................................................
TEMPERATURE (F)
 YESTERDAY
  MAXIMUM         49    505 PM  80    1947  58     -9       63
  MINIMUM         27    225 AM  17    1982  41    -14       41
  AVERAGE         38                        49    -11       52

PRECIPITATION (IN)
  YESTERDAY        0.00          1.85 1958   0.14  -0.14     0.00
  MONTH TO DATE    0.63                      0.88  -0.25     0.05
  SINCE MAR 1      2.01                      5.06  -3.05     4.68
  SINCE JAN 1     10.06                     11.48  -1.42    11.16

SNOWFALL (IN)
  YESTERDAY        0.0          12.8  1982   0.0    0.0      0.0
  MONTH TO DATE    T                         0.3   -0.3      0.0
  SINCE OCT 1     36.4                      27.9    8.5     46.4
  SINCE JUL 1     36.4                      27.9    8.5     46.4
  SNOW DEPTH       0

DEGREE DAYS
 HEATING
  YESTERDAY       27                        16     11       13
  MONTH TO DATE  122                       100     22       79
  SINCE MAR 1    616                       809   -193      918
  SINCE JUL 1   3489                      4444   -955     4821

 COOLING
  YESTERDAY        0                         0      0        0
  MONTH TO DATE    6                         0      6        0
  SINCE MAR 1     11                         1     10        0
  SINCE JAN 1     11                         1     10        0
..................................................................


WIND (MPH)
  HIGHEST WIND SPEED    22   HIGHEST WIND DIRECTION     S (160)
  HIGHEST GUST SPEED    31   HIGHEST GUST DIRECTION     S (160)
  AVERAGE WIND SPEED     8.4


SKY COVER
  AVERAGE SKY COVER 0.5


WEATHER CONDITIONS
 THE FOLLOWING WEATHER WAS RECORDED YESTERDAY.
  NO SIGNIFICANT WEATHER WAS OBSERVED.


RELATIVE HUMIDITY (PERCENT)
 HIGHEST    71          1100 PM
 LOWEST     27          1100 AM
 AVERAGE    49

..........................................................


THE NEWARK NJ CLIMATE NORMALS FOR TODAY
                         NORMAL    RECORD    YEAR
 MAXIMUM TEMPERATURE (F)   59        92      2010
 MINIMUM TEMPERATURE (F)   41        16      1982


SUNRISE AND SUNSET
APRIL  7 2016.........SUNRISE   630 AM EDT   SUNSET   728 PM EDT
APRIL  8 2016.........SUNRISE   628 AM EDT   SUNSET   729 PM EDT


-  INDICATES NEGATIVE NUMBERS.
R  INDICATES RECORD WAS SET OR TIED.
MM INDICATES DATA IS MISSING.
T  INDICATES TRACE AMOUNT.




$$
