425
CDUS41 KOKX 190618
CLIEWR


CLIMATE REPORT
NATIONAL WEATHER SERVICE NEW YORK NY
218 AM EDT MON SEP 19 2016


...................................

...THE NEWARK NJ CLIMATE SUMMARY FOR SEPTEMBER 18 2016...

CLIMATE NORMAL PERIOD 1981 TO 2010
CLIMATE RECORD PERIOD 1929 TO 2016


WEATHER ITEM   OBSERVED TIME   RECORD YEAR NORMAL DEPARTURE LAST
                VALUE   (LST)  VALUE       VALUE  FROM      YEAR
                                                  NORMAL
..................................................................
TEMPERATURE (F)
 YESTERDAY
  MAXIMUM         87    209 PM  90    1992  76     11       85
                                      1948
  MINIMUM         68    416 AM  42    1937  59      9       64
  AVERAGE         78                        67     11       75

PRECIPITATION (IN)
  YESTERDAY        0.00          3.16 1936   0.14  -0.14     0.00
  MONTH TO DATE    0.22                      2.18  -1.96     1.02
  SINCE SEP 1      0.22                      2.18  -1.96     1.02
  SINCE JAN 1     24.03                     33.55  -9.52    28.62

SNOWFALL (IN)
  YESTERDAY        0.0           0.0  2002   0.0    0.0      0.0
                                      2001
  MONTH TO DATE    0.0                       0.0    0.0      0.0
  SINCE OCT 1     32.8                      28.5    4.3     46.4
  SINCE JUL 1      0.0                       0.0    0.0      0.0
  SNOW DEPTH       0

DEGREE DAYS
 HEATING
  YESTERDAY        0                         1     -1        0
  MONTH TO DATE    0                         9     -9        0
  SINCE SEP 1      0                         9     -9        0
  SINCE JUL 1      0                        10    -10        0

 COOLING
  YESTERDAY       13                         4      9       10
  MONTH TO DATE  173                       109     64      207
  SINCE SEP 1    173                       109     64      207
  SINCE JAN 1   1483                      1143    340     1489
..................................................................


WIND (MPH)
  HIGHEST WIND SPEED    17   HIGHEST WIND DIRECTION    SW (230)
  HIGHEST GUST SPEED    23   HIGHEST GUST DIRECTION     S (200)
  AVERAGE WIND SPEED     8.9


SKY COVER
  AVERAGE SKY COVER 0.8


WEATHER CONDITIONS
 THE FOLLOWING WEATHER WAS RECORDED YESTERDAY.
  NO SIGNIFICANT WEATHER WAS OBSERVED.


RELATIVE HUMIDITY (PERCENT)
 HIGHEST    90           300 AM
 LOWEST     51           200 PM
 AVERAGE    71

..........................................................


THE NEWARK NJ CLIMATE NORMALS FOR TODAY
                         NORMAL    RECORD    YEAR
 MAXIMUM TEMPERATURE (F)   76        93      1983
 MINIMUM TEMPERATURE (F)   59        44      1959
                                             1943


SUNRISE AND SUNSET
SEPTEMBER 19 2016.....SUNRISE   642 AM EDT   SUNSET   658 PM EDT
SEPTEMBER 20 2016.....SUNRISE   643 AM EDT   SUNSET   656 PM EDT


-  INDICATES NEGATIVE NUMBERS.
R  INDICATES RECORD WAS SET OR TIED.
MM INDICATES DATA IS MISSING.
T  INDICATES TRACE AMOUNT.




$$
