000
CDUS41 KOKX 130622
CLIEWR


CLIMATE REPORT
NATIONAL WEATHER SERVICE NEW YORK NY
222 AM EDT SUN JUL 13 2014


...................................

...THE NEWARK NJ CLIMATE SUMMARY FOR JULY 12 2014...

CLIMATE NORMAL PERIOD 1981 TO 2010
CLIMATE RECORD PERIOD 1929 TO 2014


WEATHER ITEM   OBSERVED TIME   RECORD YEAR NORMAL DEPARTURE LAST
                VALUE   (LST)  VALUE       VALUE  FROM      YEAR
                                                  NORMAL
..................................................................
TEMPERATURE (F)
 YESTERDAY
  MAXIMUM         85   1232 PM  99    2011  86     -1       79
  MINIMUM         69    530 AM  52    1945  69      0       70
  AVERAGE         77                        78     -1       75

PRECIPITATION (IN)
  YESTERDAY        0.00          1.59 2004   0.16  -0.16     0.10
  MONTH TO DATE    2.80                      1.66   1.14     2.14
  SINCE JUN 1      7.21                      5.68   1.53    10.88
  SINCE JAN 1     30.56                     24.57   5.99    27.13

SNOWFALL (IN)
  YESTERDAY        0.0           0.0  2002   0.0    0.0      0.0
                                      2001
  MONTH TO DATE    0.0                       0.0    0.0      0.0
  SINCE OCT 1     61.1                      28.5   32.6     29.5
  SINCE JUL 1      0.0                       0.0    0.0      0.0
  SNOW DEPTH       0

DEGREE DAYS
 HEATING
  YESTERDAY        0                         0      0        0
  MONTH TO DATE    0                         0      0        0
  SINCE JUN 1      0                        17    -17        8
  SINCE JUL 1      0                         0      0        0

 COOLING
  YESTERDAY       12                        13     -1       10
  MONTH TO DATE  167                       144     23      201
  SINCE JUN 1    413                       383     30      466
  SINCE JAN 1    475                       459     16      566
..................................................................


WIND (MPH)
  HIGHEST WIND SPEED    15   HIGHEST WIND DIRECTION     S (190)
  HIGHEST GUST SPEED    22   HIGHEST GUST DIRECTION    SE (150)
  AVERAGE WIND SPEED     7.3


SKY COVER
  AVERAGE SKY COVER 0.5


WEATHER CONDITIONS
 THE FOLLOWING WEATHER WAS RECORDED YESTERDAY.
  NO SIGNIFICANT WEATHER WAS OBSERVED.


RELATIVE HUMIDITY (PERCENT)
 HIGHEST    84          1200 AM
 LOWEST     40           500 PM
 AVERAGE    62

..........................................................


THE NEWARK NJ CLIMATE NORMALS FOR TODAY
                         NORMAL    RECORD    YEAR
 MAXIMUM TEMPERATURE (F)   86       100      1966
 MINIMUM TEMPERATURE (F)   69        57      1940


SUNRISE AND SUNSET
JULY 13 2014..........SUNRISE   537 AM EDT   SUNSET   828 PM EDT
JULY 14 2014..........SUNRISE   538 AM EDT   SUNSET   827 PM EDT


-  INDICATES NEGATIVE NUMBERS.
R  INDICATES RECORD WAS SET OR TIED.
MM INDICATES DATA IS MISSING.
T  INDICATES TRACE AMOUNT.




$$
