747
CDUS41 KOKX 080622
CLIEWR


CLIMATE REPORT
NATIONAL WEATHER SERVICE NEW YORK NY
122 AM EST WED NOV 8 2017


...................................

...THE NEWARK NJ CLIMATE SUMMARY FOR NOVEMBER 7 2017...

CLIMATE NORMAL PERIOD 1981 TO 2010
CLIMATE RECORD PERIOD 1929 TO 2017


WEATHER ITEM   OBSERVED TIME   RECORD YEAR NORMAL DEPARTURE LAST
                VALUE   (LST)  VALUE       VALUE  FROM      YEAR
                                                  NORMAL
..................................................................
TEMPERATURE (F)
 YESTERDAY
  MAXIMUM         50   1028 AM  78    1938  58     -8       56
  MINIMUM         39   1159 PM  28    1931  42     -3       36
  AVERAGE         45                        50     -5       46

PRECIPITATION (IN)
  YESTERDAY        0.69          1.77 1932   0.11   0.58     0.00
  MONTH TO DATE    0.74                      0.82  -0.08      T
  SINCE SEP 1      7.40                      8.24  -0.84     5.17
  SINCE JAN 1     45.08                     39.61   5.47    28.98

SNOWFALL (IN)
  YESTERDAY        T             5.7  2012   0.0    0.0      0.0
  MONTH TO DATE    T                         0.0    0.0      0.0
  SINCE OCT 1      T                         0.0    0.0      0.0
  SINCE JUL 1      T                         0.0    0.0      0.0
  SNOW DEPTH       0

DEGREE DAYS
 HEATING
  YESTERDAY       20                        15      5       19
  MONTH TO DATE   68                       101    -33       73
  SINCE SEP 1    195                       421   -226      304
  SINCE JUL 1    195                       422   -227      304

 COOLING
  YESTERDAY        0                         0      0        0
  MONTH TO DATE    0                         0      0        1
  SINCE SEP 1    288                       157    131      261
  SINCE JAN 1   1316                      1191    125     1571
..................................................................


WIND (MPH)
  HIGHEST WIND SPEED    22   HIGHEST WIND DIRECTION     N (10)
  HIGHEST GUST SPEED    26   HIGHEST GUST DIRECTION     N (10)
  AVERAGE WIND SPEED    12.5


SKY COVER
  AVERAGE SKY COVER 0.7


WEATHER CONDITIONS
 THE FOLLOWING WEATHER WAS RECORDED YESTERDAY.
  RAIN
  LIGHT RAIN
  FOG


RELATIVE HUMIDITY (PERCENT)
 HIGHEST    92           900 PM
 LOWEST     54          1200 PM
 AVERAGE    73

..........................................................


THE NEWARK NJ CLIMATE NORMALS FOR TODAY
                         NORMAL    RECORD    YEAR
 MAXIMUM TEMPERATURE (F)   58        76      1975
 MINIMUM TEMPERATURE (F)   41        27      1976


SUNRISE AND SUNSET
NOVEMBER  8 2017......SUNRISE   635 AM EST   SUNSET   445 PM EST
NOVEMBER  9 2017......SUNRISE   637 AM EST   SUNSET   444 PM EST


-  INDICATES NEGATIVE NUMBERS.
R  INDICATES RECORD WAS SET OR TIED.
MM INDICATES DATA IS MISSING.
T  INDICATES TRACE AMOUNT.




$$
