145
CDUS41 KOKX 050624
CLIEWR


CLIMATE REPORT
NATIONAL WEATHER SERVICE NEW YORK NY
124 AM EST THU JAN 5 2017


...................................

...THE NEWARK NJ CLIMATE SUMMARY FOR JANUARY 4 2017...

CLIMATE NORMAL PERIOD 1981 TO 2010
CLIMATE RECORD PERIOD 1929 TO 2017


WEATHER ITEM   OBSERVED TIME   RECORD YEAR NORMAL DEPARTURE LAST
                VALUE   (LST)  VALUE       VALUE  FROM      YEAR
                                                  NORMAL
..................................................................
TEMPERATURE (F)
 YESTERDAY
  MAXIMUM         54        MM  68    2000  39     15       35
  MINIMUM         33        MM   1    1981  25      8       14
  AVERAGE         44                        32     12       25

PRECIPITATION (IN)
  YESTERDAY        T             2.94 1982   0.12  -0.12     0.00
  MONTH TO DATE    0.72                      0.47   0.25     0.00
  SINCE DEC 1      3.63                      4.28  -0.65     4.40
  SINCE JAN 1      0.72                      0.47   0.25     0.00

SNOWFALL (IN)
  YESTERDAY        0.0           4.0  1988   0.2   -0.2      0.0
  MONTH TO DATE    T                         0.9   -0.9      0.0
  SINCE OCT 1      3.4                       6.7   -3.3      0.3
  SINCE JUL 1      3.4                       6.7   -3.3      0.3
  SNOW DEPTH       0

DEGREE DAYS
 HEATING
  YESTERDAY       21                        33    -12       40
  MONTH TO DATE   95                       131    -36      122
  SINCE DEC 1    935                      1013    -78      587
  SINCE JUL 1   1618                      1881   -263     1219

 COOLING
  YESTERDAY        0                         0      0        0
  MONTH TO DATE    0                         0      0        0
  SINCE DEC 1      0                         0      0        0
  SINCE JAN 1      0                         0      0        0
..................................................................


WIND (MPH)
  HIGHEST WIND SPEED    28   HIGHEST WIND DIRECTION     W (270)
  HIGHEST GUST SPEED    45   HIGHEST GUST DIRECTION     W (270)
  AVERAGE WIND SPEED    15.0


SKY COVER
  AVERAGE SKY COVER 0.7


WEATHER CONDITIONS
 THE FOLLOWING WEATHER WAS RECORDED YESTERDAY.
  FOG


RELATIVE HUMIDITY (PERCENT)
 HIGHEST   100           600 AM
 LOWEST     29           900 PM
 AVERAGE    65

..........................................................


THE NEWARK NJ CLIMATE NORMALS FOR TODAY
                         NORMAL    RECORD    YEAR
 MAXIMUM TEMPERATURE (F)   39        66      1993
 MINIMUM TEMPERATURE (F)   25         8      1996


SUNRISE AND SUNSET
JANUARY  5 2017.......SUNRISE   721 AM EST   SUNSET   444 PM EST
JANUARY  6 2017.......SUNRISE   721 AM EST   SUNSET   445 PM EST


-  INDICATES NEGATIVE NUMBERS.
R  INDICATES RECORD WAS SET OR TIED.
MM INDICATES DATA IS MISSING.
T  INDICATES TRACE AMOUNT.




$$
