196
CDUS41 KOKX 262133
CLIEWR


CLIMATE REPORT
NATIONAL WEATHER SERVICE NEW YORK NY
433 PM EST TUE JAN 26 2016


...................................

...THE NEWARK NJ CLIMATE SUMMARY FOR JANUARY 26 2016...
VALID TODAY AS OF 0400 PM LOCAL TIME.

CLIMATE NORMAL PERIOD 1981 TO 2010
CLIMATE RECORD PERIOD 1929 TO 2016


WEATHER ITEM   OBSERVED TIME   RECORD YEAR NORMAL DEPARTURE LAST
                VALUE   (LST)  VALUE       VALUE  FROM      YEAR
                                                  NORMAL
..................................................................
TEMPERATURE (F)
 TODAY
  MAXIMUM         46    327 PM  74    1950  39      7       29
  MINIMUM         25    745 AM   4    1994  24      1       21
                                      1945
  AVERAGE         36                        32      4       25

PRECIPITATION (IN)
  TODAY            T             1.92 1986   0.11  -0.11     0.17
  MONTH TO DATE    4.00                      3.00   1.00     4.12
  SINCE DEC 1      8.40                      6.81   1.59     9.03
  SINCE JAN 1      4.00                      3.00   1.00     4.12

SNOWFALL (IN)
  TODAY           MM            11.0  2011   0.2   MM        3.0
  MONTH TO DATE   29.3                       6.4   22.9     10.5
  SINCE OCT 1     29.6                      12.2   17.4     12.2
  SINCE JUL 1     29.6                      12.2   17.4     12.2
  SNOW DEPTH      17

DEGREE DAYS
 HEATING
  TODAY           29                        33     -4       40
  MONTH TO DATE  833                       871    -38      916
  SINCE DEC 1   1298                      1753   -455     1681
  SINCE JUL 1   1930                      2621   -691     2513

 COOLING
  TODAY            0                         0      0        0
  MONTH TO DATE    0                         0      0        0
  SINCE DEC 1      0                         0      0        0
  SINCE JAN 1      0                         0      0        0
..................................................................


WIND (MPH)
  HIGHEST WIND SPEED    15   HIGHEST WIND DIRECTION    SW (230)
  HIGHEST GUST SPEED    24   HIGHEST GUST DIRECTION     W (270)
  AVERAGE WIND SPEED     4.4


SKY COVER
  AVERAGE SKY COVER 0.8


WEATHER CONDITIONS
 THE FOLLOWING WEATHER WAS RECORDED TODAY.
  NO SIGNIFICANT WEATHER WAS OBSERVED.


RELATIVE HUMIDITY (PERCENT)
 HIGHEST    92           600 AM
 LOWEST     58           300 PM
 AVERAGE    75

..........................................................


THE NEWARK NJ CLIMATE NORMALS FOR TOMORROW
                         NORMAL    RECORD    YEAR
 MAXIMUM TEMPERATURE (F)   39        69      1974
 MINIMUM TEMPERATURE (F)   25        -2      1994


SUNRISE AND SUNSET
JANUARY 26 2016.......SUNRISE   712 AM EST   SUNSET   506 PM EST
JANUARY 27 2016.......SUNRISE   711 AM EST   SUNSET   508 PM EST


-  INDICATES NEGATIVE NUMBERS.
R  INDICATES RECORD WAS SET OR TIED.
MM INDICATES DATA IS MISSING.
T  INDICATES TRACE AMOUNT.




$$
