000
CDUS41 KOKX 242138
CLIEWR


CLIMATE REPORT
NATIONAL WEATHER SERVICE NEW YORK NY
437 PM EST SAT DEC 24 2016


...................................

...THE NEWARK NJ CLIMATE SUMMARY FOR DECEMBER 24 2016...
VALID TODAY AS OF 0400 PM LOCAL TIME.

CLIMATE NORMAL PERIOD 1981 TO 2010
CLIMATE RECORD PERIOD 1929 TO 2016


WEATHER ITEM   OBSERVED TIME   RECORD YEAR NORMAL DEPARTURE LAST
                VALUE   (LST)  VALUE       VALUE  FROM      YEAR
                                                  NORMAL
..................................................................
TEMPERATURE (F)
 TODAY
  MAXIMUM         46    359 PM  71    2015  41      5       71
  MINIMUM         37    731 AM   3    1983  27     10       59
  AVERAGE         42                        34      8       65

PRECIPITATION (IN)
  TODAY            0.49          1.37 2003   0.13   0.36     0.03
  MONTH TO DATE    2.54                      3.01  -0.47     3.36
  SINCE DEC 1      2.54                      3.01  -0.47     3.36
  SINCE JAN 1     38.04                     45.45  -7.41    37.94

SNOWFALL (IN)
  TODAY            0.0           7.3  1966   0.2   -0.2      0.0
  MONTH TO DATE    3.4                       3.7   -0.3      0.0
  SINCE OCT 1      3.4                       4.1   -0.7      0.0
  SINCE JUL 1      3.4                       4.1   -0.7      0.0
  SNOW DEPTH       0

DEGREE DAYS
 HEATING
  TODAY           23                        31     -8        0
  MONTH TO DATE  666                       659      7      347
  SINCE DEC 1    666                       659      7      347
  SINCE JUL 1   1349                      1527   -178      979

 COOLING
  TODAY            0                         0      0        0
  MONTH TO DATE    0                         0      0        0
  SINCE DEC 1      0                         0      0        0
  SINCE JAN 1   1571                      1192    379     1555
..................................................................


WIND (MPH)
  HIGHEST WIND SPEED    16   HIGHEST WIND DIRECTION     W (260)
  HIGHEST GUST SPEED    21   HIGHEST GUST DIRECTION    SW (240)
  AVERAGE WIND SPEED     7.6


SKY COVER
  AVERAGE SKY COVER 0.9


WEATHER CONDITIONS
 THE FOLLOWING WEATHER WAS RECORDED TODAY.
  RAIN
  LIGHT RAIN
  FOG


RELATIVE HUMIDITY (PERCENT)
 HIGHEST   100          1000 AM
 LOWEST     54          1200 AM
 AVERAGE    77

..........................................................


THE NEWARK NJ CLIMATE NORMALS FOR TOMORROW
                         NORMAL    RECORD    YEAR
 MAXIMUM TEMPERATURE (F)   41        69      1964
 MINIMUM TEMPERATURE (F)   27         0      1980


SUNRISE AND SUNSET
DECEMBER 24 2016......SUNRISE   719 AM EST   SUNSET   434 PM EST
DECEMBER 25 2016......SUNRISE   719 AM EST   SUNSET   435 PM EST


-  INDICATES NEGATIVE NUMBERS.
R  INDICATES RECORD WAS SET OR TIED.
MM INDICATES DATA IS MISSING.
T  INDICATES TRACE AMOUNT.




$$
