359
CDUS41 KOKX 140625
CLIEWR


CLIMATE REPORT
NATIONAL WEATHER SERVICE NEW YORK NY
124 AM EST WED FEB 14 2018


...................................

...THE NEWARK NJ CLIMATE SUMMARY FOR FEBRUARY 13 2018...

CLIMATE NORMAL PERIOD 1981 TO 2010
CLIMATE RECORD PERIOD 1929 TO 2018


WEATHER ITEM   OBSERVED TIME   RECORD YEAR NORMAL DEPARTURE LAST
                VALUE   (LST)  VALUE       VALUE  FROM      YEAR
                                                  NORMAL
..................................................................
TEMPERATURE (F)
 YESTERDAY
  MAXIMUM         38    305 PM  65    1951  42     -4       38
  MINIMUM         26    740 AM   4    1979  27     -1       30
                                      1967
  AVERAGE         32                        34     -2       34

PRECIPITATION (IN)
  YESTERDAY        0.00          1.90 1966   0.10  -0.10      T
  MONTH TO DATE    3.74                      1.30   2.44     1.55
  SINCE DEC 1      7.44                      8.65  -1.21     9.11
  SINCE JAN 1      5.80                      4.84   0.96     6.20

SNOWFALL (IN)
  YESTERDAY        0.0           9.4  2014   0.4   -0.4       T
  MONTH TO DATE    0.6                       4.4   -3.8      7.9
  SINCE OCT 1     18.4                      18.1    0.3     20.6
  SINCE JUL 1     18.4                      18.1    0.3     20.6
  SNOW DEPTH       0

DEGREE DAYS
 HEATING
  YESTERDAY       33                        31      2       31
  MONTH TO DATE  386                       414    -28      375
  SINCE DEC 1   2369                      2330     39     2048
  SINCE JUL 1   3054                      3198   -144     2731

 COOLING
  YESTERDAY        0                         0      0        0
  MONTH TO DATE    0                         0      0        0
  SINCE DEC 1      0                         0      0        0
  SINCE JAN 1      0                         0      0        0
..................................................................


WIND (MPH)
  HIGHEST WIND SPEED    20   HIGHEST WIND DIRECTION     N (350)
  HIGHEST GUST SPEED    24   HIGHEST GUST DIRECTION     N (350)
  AVERAGE WIND SPEED     8.7


SKY COVER
  AVERAGE SKY COVER 0.6


WEATHER CONDITIONS
 THE FOLLOWING WEATHER WAS RECORDED YESTERDAY.
  NO SIGNIFICANT WEATHER WAS OBSERVED.


RELATIVE HUMIDITY (PERCENT)
 HIGHEST    69           900 PM
 LOWEST     29           300 PM
 AVERAGE    49

..........................................................


THE NEWARK NJ CLIMATE NORMALS FOR TODAY
                         NORMAL    RECORD    YEAR
 MAXIMUM TEMPERATURE (F)   42        65      1946
 MINIMUM TEMPERATURE (F)   27         0      2016
                                             1979


SUNRISE AND SUNSET
FEBRUARY 14 2018......SUNRISE   652 AM EST   SUNSET   530 PM EST
FEBRUARY 15 2018......SUNRISE   651 AM EST   SUNSET   532 PM EST


-  INDICATES NEGATIVE NUMBERS.
R  INDICATES RECORD WAS SET OR TIED.
MM INDICATES DATA IS MISSING.
T  INDICATES TRACE AMOUNT.




$$
