000
CDUS41 KOKX 272044
CLIEWR


CLIMATE REPORT
NATIONAL WEATHER SERVICE NEW YORK NY
444 PM EDT THU JUL 27 2017


...................................

...THE NEWARK NJ CLIMATE SUMMARY FOR JULY 27 2017...
VALID TODAY AS OF 0400 PM LOCAL TIME.

CLIMATE NORMAL PERIOD 1981 TO 2010
CLIMATE RECORD PERIOD 1929 TO 2017


WEATHER ITEM   OBSERVED TIME   RECORD YEAR NORMAL DEPARTURE LAST
                VALUE   (LST)  VALUE       VALUE  FROM      YEAR
                                                  NORMAL
..................................................................
TEMPERATURE (F)
 TODAY
  MAXIMUM         80   1218 PM 101    2005  86     -6       93
  MINIMUM         64    439 AM  57    1977  69     -5       73
                                      1962
  AVERAGE         72                        78     -6       83

PRECIPITATION (IN)
  TODAY            T             1.68 1984   0.17  -0.17     0.00
  MONTH TO DATE    4.36                      4.07   0.29     4.14
  SINCE JUN 1      9.65                      8.09   1.56     6.54
  SINCE JAN 1     32.19                     26.98   5.21    20.94

SNOWFALL (IN)
  TODAY            0.0           0.0  2002   0.0    0.0      0.0
                                      2001
  MONTH TO DATE    0.0                       0.0    0.0      0.0
  SINCE OCT 1     30.0                      28.5    1.5     32.8
  SINCE JUL 1      0.0                       0.0    0.0      0.0
  SNOW DEPTH       0

DEGREE DAYS
 HEATING
  TODAY            0                         0      0        0
  MONTH TO DATE    0                         0      0        0
  SINCE JUN 1     18                        17      1        4
  SINCE JUL 1      0                         0      0        0

 COOLING
  TODAY            7                        12     -5       18
  MONTH TO DATE  350                       338     12      412
  SINCE JUN 1    607                       577     30      662
  SINCE JAN 1    702                       653     49      780
..................................................................


WIND (MPH)
  HIGHEST WIND SPEED    14   HIGHEST WIND DIRECTION    SW (240)
  HIGHEST GUST SPEED    17   HIGHEST GUST DIRECTION     W (250)
  AVERAGE WIND SPEED     7.1


SKY COVER
  AVERAGE SKY COVER 0.8


WEATHER CONDITIONS
 THE FOLLOWING WEATHER WAS RECORDED TODAY.
  LIGHT RAIN


RELATIVE HUMIDITY (PERCENT)
 HIGHEST    87           400 AM
 LOWEST     67          1200 PM
 AVERAGE    77

..........................................................


THE NEWARK NJ CLIMATE NORMALS FOR TOMORROW
                         NORMAL    RECORD    YEAR
 MAXIMUM TEMPERATURE (F)   86       101      1949
 MINIMUM TEMPERATURE (F)   69        58      1962


SUNRISE AND SUNSET
JULY 27 2017..........SUNRISE   549 AM EDT   SUNSET   817 PM EDT
JULY 28 2017..........SUNRISE   550 AM EDT   SUNSET   816 PM EDT


-  INDICATES NEGATIVE NUMBERS.
R  INDICATES RECORD WAS SET OR TIED.
MM INDICATES DATA IS MISSING.
T  INDICATES TRACE AMOUNT.




$$
