000
CDUS41 KOKX 312138
CLIEWR


CLIMATE REPORT
NATIONAL WEATHER SERVICE NEW YORK NY
438 PM EST TUE JAN 31 2017


...................................

...THE NEWARK NJ CLIMATE SUMMARY FOR JANUARY 31 2017...
VALID TODAY AS OF 0400 PM LOCAL TIME.

CLIMATE NORMAL PERIOD 1981 TO 2010
CLIMATE RECORD PERIOD 1929 TO 2017


WEATHER ITEM   OBSERVED TIME   RECORD YEAR NORMAL DEPARTURE LAST
                VALUE   (LST)  VALUE       VALUE  FROM      YEAR
                                                  NORMAL
..................................................................
TEMPERATURE (F)
 TODAY
  MAXIMUM         32    359 PM  64    1947  40     -8       54
  MINIMUM         25    659 AM   1    1948  25      0       30
                                      1935
  AVERAGE         29                        32     -3       42

PRECIPITATION (IN)
  TODAY            0.03          1.04 1937   0.11  -0.08     0.00
  MONTH TO DATE    4.65                      3.54   1.11     4.01
  SINCE DEC 1      7.56                      7.35   0.21     8.41
  SINCE JAN 1      4.65                      3.54   1.11     4.01

SNOWFALL (IN)
  TODAY            0.5           4.4  1949   0.3    0.2      0.0
  MONTH TO DATE    9.3                       7.9    1.4     25.7
  SINCE OCT 1     12.7                      13.7   -1.0     26.0
  SINCE JUL 1     12.7                      13.7   -1.0     26.0
  SNOW DEPTH       0

DEGREE DAYS
 HEATING
  TODAY           36                        33      3       23
  MONTH TO DATE  833                      1036   -203      976
  SINCE DEC 1   1673                      1916   -243     1441
  SINCE JUL 1   2356                      2784   -428     2073

 COOLING
  TODAY            0                         0      0        0
  MONTH TO DATE    0                         0      0        0
  SINCE DEC 1      0                         0      0        0
  SINCE JAN 1      0                         0      0        0
..................................................................


WIND (MPH)
  HIGHEST WIND SPEED    13   HIGHEST WIND DIRECTION     E (90)
  HIGHEST GUST SPEED    17   HIGHEST GUST DIRECTION     E (90)
  AVERAGE WIND SPEED     6.0


SKY COVER
  AVERAGE SKY COVER 0.8


WEATHER CONDITIONS
 THE FOLLOWING WEATHER WAS RECORDED TODAY.
  LIGHT SNOW
  FOG


RELATIVE HUMIDITY (PERCENT)
 HIGHEST    85           200 PM
 LOWEST     39          1200 AM
 AVERAGE    62

..........................................................


THE NEWARK NJ CLIMATE NORMALS FOR TOMORROW
                         NORMAL    RECORD    YEAR
 MAXIMUM TEMPERATURE (F)   40        68      1989
 MINIMUM TEMPERATURE (F)   25         1      1935


SUNRISE AND SUNSET
JANUARY 31 2017.......SUNRISE   707 AM EST   SUNSET   513 PM EST
FEBRUARY  1 2017......SUNRISE   706 AM EST   SUNSET   515 PM EST


-  INDICATES NEGATIVE NUMBERS.
R  INDICATES RECORD WAS SET OR TIED.
MM INDICATES DATA IS MISSING.
T  INDICATES TRACE AMOUNT.




$$
