821
CDUS41 KOKX 232141
CLIEWR


CLIMATE REPORT
NATIONAL WEATHER SERVICE NEW YORK NY
440 PM EST THU FEB 23 2017


...................................

...THE NEWARK NJ CLIMATE SUMMARY FOR FEBRUARY 23 2017...
VALID TODAY AS OF 0400 PM LOCAL TIME.

CLIMATE NORMAL PERIOD 1981 TO 2010
CLIMATE RECORD PERIOD 1929 TO 2017


WEATHER ITEM   OBSERVED TIME   RECORD YEAR NORMAL DEPARTURE LAST
                VALUE   (LST)  VALUE       VALUE  FROM      YEAR
                                                  NORMAL
..................................................................
TEMPERATURE (F)
 TODAY
  MAXIMUM         67    349 PM  68    1985  44     23       42
  MINIMUM         43    706 AM   7    2015  28     15       34
  AVERAGE         55                        36     19       38

PRECIPITATION (IN)
  TODAY            T             1.15 2010   0.11  -0.11     0.27
  MONTH TO DATE    1.55                      2.33  -0.78     2.94
  SINCE DEC 1      9.11                      9.68  -0.57    11.35
  SINCE JAN 1      6.20                      5.87   0.33     6.95

SNOWFALL (IN)
  TODAY            0.0           4.1  1987   0.3   -0.3      0.0
  MONTH TO DATE    7.9                       7.9    0.0      5.2
  SINCE OCT 1     20.6                      21.6   -1.0     31.2
  SINCE JUL 1     20.6                      21.6   -1.0     31.2
  SNOW DEPTH       0

DEGREE DAYS
 HEATING
  TODAY           10                        29    -19       27
  MONTH TO DATE  582                       711   -129      679
  SINCE DEC 1   2255                      2627   -372     2120
  SINCE JUL 1   2938                      3495   -557     2752

 COOLING
  TODAY            0                         0      0        0
  MONTH TO DATE    0                         0      0        0
  SINCE DEC 1      0                         0      0        0
  SINCE JAN 1      0                         0      0        0
..................................................................


WIND (MPH)
  HIGHEST WIND SPEED    14   HIGHEST WIND DIRECTION     S (180)
  HIGHEST GUST SPEED    17   HIGHEST GUST DIRECTION     S (180)
  AVERAGE WIND SPEED     5.8


SKY COVER
  AVERAGE SKY COVER 0.6


WEATHER CONDITIONS
 THE FOLLOWING WEATHER WAS RECORDED TODAY.
  LIGHT RAIN
  FOG
  FOG W/VISIBILITY <= 1/4 MILE


RELATIVE HUMIDITY (PERCENT)
 HIGHEST    96           500 AM
 LOWEST     58           400 PM
 AVERAGE    77

..........................................................


THE NEWARK NJ CLIMATE NORMALS FOR TOMORROW
                         NORMAL    RECORD    YEAR
 MAXIMUM TEMPERATURE (F)   45        73      1985
 MINIMUM TEMPERATURE (F)   29         4      2015


SUNRISE AND SUNSET
FEBRUARY 23 2017......SUNRISE   639 AM EST   SUNSET   541 PM EST
FEBRUARY 24 2017......SUNRISE   638 AM EST   SUNSET   542 PM EST


-  INDICATES NEGATIVE NUMBERS.
R  INDICATES RECORD WAS SET OR TIED.
MM INDICATES DATA IS MISSING.
T  INDICATES TRACE AMOUNT.




$$
