000
CDUS41 KOKX 012034
CLIEWR


CLIMATE REPORT
NATIONAL WEATHER SERVICE NEW YORK NY
434 PM EDT WED JUL 1 2015


...................................

...THE NEWARK NJ CLIMATE SUMMARY FOR JULY 1 2015...
VALID TODAY AS OF 0400 PM LOCAL TIME.

CLIMATE NORMAL PERIOD 1981 TO 2010
CLIMATE RECORD PERIOD 1929 TO 2015


WEATHER ITEM   OBSERVED TIME   RECORD YEAR NORMAL DEPARTURE LAST
                VALUE   (LST)  VALUE       VALUE  FROM      YEAR
                                                  NORMAL
..................................................................
TEMPERATURE (F)
 TODAY
  MAXIMUM         85    255 PM 100    1963  85      0       95
  MINIMUM         68    324 AM  52    1943  68      0       71
  AVERAGE         77                        76      1       83

PRECIPITATION (IN)
  TODAY            0.99          1.22 1971   0.13   0.86     0.00
  MONTH TO DATE    0.99                      0.13   0.86     0.00
  SINCE JUN 1      6.89                      4.15   2.74     4.41
  SINCE JAN 1     24.50                     23.04   1.46    27.76

SNOWFALL (IN)
  TODAY            0.0           0.0  2002   0.0    0.0      0.0
                                      2001
  MONTH TO DATE    0.0                       0.0    0.0      0.0
  SINCE OCT 1     46.4                      28.5   17.9     61.1
  SINCE JUL 1      0.0                       0.0    0.0      0.0
  SNOW DEPTH       0

DEGREE DAYS
 HEATING
  TODAY            0                         0      0        0
  MONTH TO DATE    0                         0      0        0
  SINCE JUN 1     29                        17     12        0
  SINCE JUL 1      0                         0      0        0

 COOLING
  TODAY           12                        11      1       18
  MONTH TO DATE   12                        11      1       18
  SINCE JUN 1    261                       250     11      260
  SINCE JAN 1    421                       326     95      322
..................................................................


WIND (MPH)
  HIGHEST WIND SPEED    40   HIGHEST WIND DIRECTION    SW (240)
  HIGHEST GUST SPEED    51   HIGHEST GUST DIRECTION    SW (230)
  AVERAGE WIND SPEED    10.6


SKY COVER
  AVERAGE SKY COVER 0.8


WEATHER CONDITIONS
 THE FOLLOWING WEATHER WAS RECORDED TODAY.
  THUNDERSTORM
  HEAVY RAIN
  LIGHT RAIN
  FOG


RELATIVE HUMIDITY (PERCENT)
 HIGHEST    93           200 AM
 LOWEST     44           300 PM
 AVERAGE    69

..........................................................


THE NEWARK NJ CLIMATE NORMALS FOR TOMORROW
                         NORMAL    RECORD    YEAR
 MAXIMUM TEMPERATURE (F)   85       102      1966
 MINIMUM TEMPERATURE (F)   68        53      1940


SUNRISE AND SUNSET
JULY  1 2015..........SUNRISE   529 AM EDT   SUNSET   832 PM EDT
JULY  2 2015..........SUNRISE   530 AM EDT   SUNSET   832 PM EDT


-  INDICATES NEGATIVE NUMBERS.
R  INDICATES RECORD WAS SET OR TIED.
MM INDICATES DATA IS MISSING.
T  INDICATES TRACE AMOUNT.




$$
