000
CDUS41 KOKX 300621
CLIEWR


CLIMATE REPORT
NATIONAL WEATHER SERVICE NEW YORK NY
121 AM EST FRI JAN 30 2015


...................................

...THE NEWARK NJ CLIMATE SUMMARY FOR JANUARY 29 2015...

CLIMATE NORMAL PERIOD 1981 TO 2010
CLIMATE RECORD PERIOD 1929 TO 2015


WEATHER ITEM   OBSERVED TIME   RECORD YEAR NORMAL DEPARTURE LAST
                VALUE   (LST)  VALUE       VALUE  FROM      YEAR
                                                  NORMAL
..................................................................
TEMPERATURE (F)
 YESTERDAY
  MAXIMUM         32   1114 PM  70    2002  39     -7       22
  MINIMUM         12    631 AM   0    1977  25    -13       12
  AVERAGE         22                        32    -10       17

PRECIPITATION (IN)
  YESTERDAY        0.03          1.07 1990   0.11  -0.08     0.05
  MONTH TO DATE    4.38                      3.32   1.06     2.78
  SINCE DEC 1      9.29                      7.13   2.16     7.40
  SINCE JAN 1      4.38                      3.32   1.06     2.78

SNOWFALL (IN)
  YESTERDAY        0.2           1.1  1986   0.3   -0.1      0.7
  MONTH TO DATE   14.2                       7.3    6.9     20.8
  SINCE OCT 1     15.9                      13.1    2.8     30.2
  SINCE JUL 1     15.9                      13.1    2.8     30.2
  SNOW DEPTH       6

DEGREE DAYS
 HEATING
  YESTERDAY       43                        33     10       48
  MONTH TO DATE 1041                       970     71     1086
  SINCE DEC 1   1806                      1852    -46     1948
  SINCE JUL 1   2638                      2720    -82     2818

 COOLING
  YESTERDAY        0                         0      0        0
  MONTH TO DATE    0                         0      0        0
  SINCE DEC 1      0                         0      0        0
  SINCE JAN 1      0                         0      0        0
..................................................................


WIND (MPH)
  HIGHEST WIND SPEED    10   HIGHEST WIND DIRECTION    SE (150)
  HIGHEST GUST SPEED    14   HIGHEST GUST DIRECTION     S (200)
  AVERAGE WIND SPEED     4.4


SKY COVER
  AVERAGE SKY COVER 0.6


WEATHER CONDITIONS
 THE FOLLOWING WEATHER WAS RECORDED YESTERDAY.
  LIGHT SNOW
  FOG


RELATIVE HUMIDITY (PERCENT)
 HIGHEST    69           500 PM
 LOWEST     39           200 PM
 AVERAGE    54

..........................................................


THE NEWARK NJ CLIMATE NORMALS FOR TODAY
                         NORMAL    RECORD    YEAR
 MAXIMUM TEMPERATURE (F)   39        66      2013
 MINIMUM TEMPERATURE (F)   25         3      1935


SUNRISE AND SUNSET
JANUARY 30 2015.......SUNRISE   709 AM EST   SUNSET   512 PM EST
JANUARY 31 2015.......SUNRISE   708 AM EST   SUNSET   513 PM EST


-  INDICATES NEGATIVE NUMBERS.
R  INDICATES RECORD WAS SET OR TIED.
MM INDICATES DATA IS MISSING.
T  INDICATES TRACE AMOUNT.




$$
