000
CDUS41 KOKX 182032
CLIEWR


CLIMATE REPORT
NATIONAL WEATHER SERVICE NEW YORK NY
432 PM EDT THU SEP 18 2014


...................................

...THE NEWARK NJ CLIMATE SUMMARY FOR SEPTEMBER 18 2014...
VALID TODAY AS OF 0400 PM LOCAL TIME.

CLIMATE NORMAL PERIOD 1981 TO 2010
CLIMATE RECORD PERIOD 1929 TO 2014


WEATHER ITEM   OBSERVED TIME   RECORD YEAR NORMAL DEPARTURE LAST
                VALUE   (LST)  VALUE       VALUE  FROM      YEAR
                                                  NORMAL
..................................................................
TEMPERATURE (F)
 TODAY
  MAXIMUM         78    240 PM  90    1992  76      2       73
                                      1948
  MINIMUM         54    517 AM  42    1937  59     -5       49
  AVERAGE         66                        67     -1       61

PRECIPITATION (IN)
  TODAY            0.00          3.16 1936   0.14  -0.14     0.00
  MONTH TO DATE    1.11                      2.18  -1.07     0.77
  SINCE SEP 1      1.11                      2.18  -1.07     0.77
  SINCE JAN 1     35.73                     33.55   2.18    34.07

SNOWFALL (IN)
  TODAY            0.0           0.0  2002   0.0    0.0      0.0
                                      2001
  MONTH TO DATE    0.0                       0.0    0.0      0.0
  SINCE OCT 1     61.1                      28.5   32.6     29.5
  SINCE JUL 1      0.0                       0.0    0.0      0.0
  SNOW DEPTH       0

DEGREE DAYS
 HEATING
  TODAY            0                         1     -1        4
  MONTH TO DATE    6                         9     -3       23
  SINCE SEP 1      6                         9     -3       23
  SINCE JUL 1      6                        10     -4       23

 COOLING
  TODAY            1                         4     -3        0
  MONTH TO DATE  137                       109     28      114
  SINCE SEP 1    137                       109     28      114
  SINCE JAN 1   1122                      1143    -21     1285
..................................................................


WIND (MPH)
  HIGHEST WIND SPEED    13   HIGHEST WIND DIRECTION     W (270)
  HIGHEST GUST SPEED    18   HIGHEST GUST DIRECTION     W (290)
  AVERAGE WIND SPEED     4.2


SKY COVER
  AVERAGE SKY COVER 0.3


WEATHER CONDITIONS
 THE FOLLOWING WEATHER WAS RECORDED TODAY.
  NO SIGNIFICANT WEATHER WAS OBSERVED.


RELATIVE HUMIDITY (PERCENT)
 HIGHEST    89           500 AM
 LOWEST     31           200 PM
 AVERAGE    60

..........................................................


THE NEWARK NJ CLIMATE NORMALS FOR TOMORROW
                         NORMAL    RECORD    YEAR
 MAXIMUM TEMPERATURE (F)   76        93      1983
 MINIMUM TEMPERATURE (F)   59        44      1959
                                             1943


SUNRISE AND SUNSET
SEPTEMBER 18 2014.....SUNRISE   640 AM EDT   SUNSET   701 PM EDT
SEPTEMBER 19 2014.....SUNRISE   641 AM EDT   SUNSET   659 PM EDT


-  INDICATES NEGATIVE NUMBERS.
R  INDICATES RECORD WAS SET OR TIED.
MM INDICATES DATA IS MISSING.
T  INDICATES TRACE AMOUNT.




$$
