000
CDUS41 KOKX 290617
CLIEWR


CLIMATE REPORT
NATIONAL WEATHER SERVICE NEW YORK NY
216 AM EDT FRI APR 29 2016


...................................

...THE NEWARK NJ CLIMATE SUMMARY FOR APRIL 28 2016...

CLIMATE NORMAL PERIOD 1981 TO 2010
CLIMATE RECORD PERIOD 1929 TO 2016


WEATHER ITEM   OBSERVED TIME   RECORD YEAR NORMAL DEPARTURE LAST
                VALUE   (LST)  VALUE       VALUE  FROM      YEAR
                                                  NORMAL
..................................................................
TEMPERATURE (F)
 YESTERDAY
  MAXIMUM         58   1205 PM  90    2009  67     -9       73
                                      1990
  MINIMUM         47   1025 PM  33    1934  48     -1       49
  AVERAGE         53                        57     -4       61

PRECIPITATION (IN)
  YESTERDAY        T             2.78 1980   0.14  -0.14     0.00
  MONTH TO DATE    1.09                      3.94  -2.85     1.67
  SINCE MAR 1      2.47                      8.12  -5.65     6.30
  SINCE JAN 1     10.52                     14.54  -4.02    12.78

SNOWFALL (IN)
  YESTERDAY        0.0           0.0  2001   0.0    0.0      0.0
  MONTH TO DATE    T                         0.9   -0.9       T
  SINCE OCT 1     36.4                      28.5    7.9     46.4
  SINCE JUL 1     36.4                      28.5    7.9     46.4
  SNOW DEPTH       0

DEGREE DAYS
 HEATING
  YESTERDAY       12                         8      4        4
  MONTH TO DATE  338                       360    -22      313
  SINCE MAR 1    832                      1069   -237     1152
  SINCE JUL 1   3705                      4704   -999     5055

 COOLING
  YESTERDAY        0                         1     -1        0
  MONTH TO DATE   13                         7      6        3
  SINCE MAR 1     18                         8     10        3
  SINCE JAN 1     18                         8     10        3
..................................................................


WIND (MPH)
  HIGHEST WIND SPEED    15   HIGHEST WIND DIRECTION    NE (30)
  HIGHEST GUST SPEED    18   HIGHEST GUST DIRECTION    NE (30)
  AVERAGE WIND SPEED     6.7


SKY COVER
  AVERAGE SKY COVER 0.8


WEATHER CONDITIONS
 THE FOLLOWING WEATHER WAS RECORDED YESTERDAY.
  LIGHT RAIN


RELATIVE HUMIDITY (PERCENT)
 HIGHEST    86           200 AM
 LOWEST     24          1200 PM
 AVERAGE    55

..........................................................


THE NEWARK NJ CLIMATE NORMALS FOR TODAY
                         NORMAL    RECORD    YEAR
 MAXIMUM TEMPERATURE (F)   67        91      1974
 MINIMUM TEMPERATURE (F)   48        35      1947
                                             1934


SUNRISE AND SUNSET
APRIL 29 2016.........SUNRISE   557 AM EDT   SUNSET   751 PM EDT
APRIL 30 2016.........SUNRISE   556 AM EDT   SUNSET   752 PM EDT


-  INDICATES NEGATIVE NUMBERS.
R  INDICATES RECORD WAS SET OR TIED.
MM INDICATES DATA IS MISSING.
T  INDICATES TRACE AMOUNT.




$$
