000
CDUS41 KOKX 162144
CLIEWR


CLIMATE REPORT
NATIONAL WEATHER SERVICE NEW YORK NY
443 PM EST THU NOV 16 2017


...................................

...THE NEWARK NJ CLIMATE SUMMARY FOR NOVEMBER 16 2017...
VALID TODAY AS OF 0400 PM LOCAL TIME.

CLIMATE NORMAL PERIOD 1981 TO 2010
CLIMATE RECORD PERIOD 1929 TO 2017


WEATHER ITEM   OBSERVED TIME   RECORD YEAR NORMAL DEPARTURE LAST
                VALUE   (LST)  VALUE       VALUE  FROM      YEAR
                                                  NORMAL
..................................................................
TEMPERATURE (F)
 TODAY
  MAXIMUM         59    204 PM  74    2005  55      4       64
  MINIMUM         50    612 AM  15    1933  39     11       41
  AVERAGE         55                        47      8       53

PRECIPITATION (IN)
  TODAY            0.15          2.74 1985   0.12   0.03     0.00
  MONTH TO DATE    0.99                      1.87  -0.88     2.99
  SINCE SEP 1      7.65                      9.29  -1.64     8.16
  SINCE JAN 1     45.33                     40.66   4.67    31.97

SNOWFALL (IN)
  TODAY            0.0           0.5  1985   0.1   -0.1      0.0
  MONTH TO DATE    T                         0.1   -0.1      0.0
  SINCE OCT 1      T                         0.1   -0.1      0.0
  SINCE JUL 1      T                         0.1   -0.1      0.0
  SNOW DEPTH       0

DEGREE DAYS
 HEATING
  TODAY           10                        18     -8       12
  MONTH TO DATE  268                       254     14      201
  SINCE SEP 1    395                       574   -179      432
  SINCE JUL 1    395                       575   -180      432

 COOLING
  TODAY            0                         0      0        0
  MONTH TO DATE    0                         0      0        1
  SINCE SEP 1    288                       157    131      261
  SINCE JAN 1   1316                      1191    125     1571
..................................................................


WIND (MPH)
  HIGHEST WIND SPEED    38   HIGHEST WIND DIRECTION     W (260)
  HIGHEST GUST SPEED    45   HIGHEST GUST DIRECTION     W (250)
  AVERAGE WIND SPEED    12.0


SKY COVER
  AVERAGE SKY COVER 0.8


WEATHER CONDITIONS
 THE FOLLOWING WEATHER WAS RECORDED TODAY.
  RAIN
  LIGHT RAIN
  FOG


RELATIVE HUMIDITY (PERCENT)
 HIGHEST    89           600 AM
 LOWEST     40           200 PM
 AVERAGE    65

..........................................................


THE NEWARK NJ CLIMATE NORMALS FOR TOMORROW
                         NORMAL    RECORD    YEAR
 MAXIMUM TEMPERATURE (F)   54        71      1953
 MINIMUM TEMPERATURE (F)   39        18      1933


SUNRISE AND SUNSET
NOVEMBER 16 2017......SUNRISE   645 AM EST   SUNSET   438 PM EST
NOVEMBER 17 2017......SUNRISE   646 AM EST   SUNSET   437 PM EST


-  INDICATES NEGATIVE NUMBERS.
R  INDICATES RECORD WAS SET OR TIED.
MM INDICATES DATA IS MISSING.
T  INDICATES TRACE AMOUNT.




$$
