000
CDUS41 KOKX 142131
CLIEWR


CLIMATE REPORT
NATIONAL WEATHER SERVICE NEW YORK NY
431 PM EST SUN JAN 14 2018


...................................

...THE NEWARK NJ CLIMATE SUMMARY FOR JANUARY 14 2018...
VALID TODAY AS OF 0400 PM LOCAL TIME.

CLIMATE NORMAL PERIOD 1981 TO 2010
CLIMATE RECORD PERIOD 1929 TO 2018


WEATHER ITEM   OBSERVED TIME   RECORD YEAR NORMAL DEPARTURE LAST
                VALUE   (LST)  VALUE       VALUE  FROM      YEAR
                                                  NORMAL
..................................................................
TEMPERATURE (F)
 TODAY
  MAXIMUM         27    242 PM  70    1932  38    -11       34
  MINIMUM         15    818 AM   7    1988  24     -9       28
                                      1957
  AVERAGE         21                        31    -10       31

PRECIPITATION (IN)
  TODAY            0.00          2.00 1940   0.12  -0.12     0.10
  MONTH TO DATE    1.32                      1.66  -0.34     1.86
  SINCE DEC 1      2.96                      5.47  -2.51     4.77
  SINCE JAN 1      1.32                      1.66  -0.34     1.86

SNOWFALL (IN)
  TODAY            0.0           4.3  1977   0.3   -0.3      1.4
  MONTH TO DATE    8.4                       3.5    4.9      8.8
  SINCE OCT 1     16.1                       9.3    6.8     12.2
  SINCE JUL 1     16.1                       9.3    6.8     12.2
  SNOW DEPTH       0

DEGREE DAYS
 HEATING
  TODAY           44                        34     10       34
  MONTH TO DATE  550                       466     84      411
  SINCE DEC 1   1485                      1348    137     1251
  SINCE JUL 1   2170                      2216    -46     1934

 COOLING
  TODAY            0                         0      0        0
  MONTH TO DATE    0                         0      0        0
  SINCE DEC 1      0                         0      0        0
  SINCE JAN 1      0                         0      0        0
..................................................................


WIND (MPH)
  HIGHEST WIND SPEED    21   HIGHEST WIND DIRECTION    NW (320)
  HIGHEST GUST SPEED    29   HIGHEST GUST DIRECTION    NW (330)
  AVERAGE WIND SPEED    14.8


SKY COVER
  AVERAGE SKY COVER 0.3


WEATHER CONDITIONS
 THE FOLLOWING WEATHER WAS RECORDED TODAY.
  NO SIGNIFICANT WEATHER WAS OBSERVED.


RELATIVE HUMIDITY (PERCENT)
 HIGHEST    59           300 AM
 LOWEST     26           400 PM
 AVERAGE    43

..........................................................


THE NEWARK NJ CLIMATE NORMALS FOR TOMORROW
                         NORMAL    RECORD    YEAR
 MAXIMUM TEMPERATURE (F)   38        67      1932
 MINIMUM TEMPERATURE (F)   24         0      1957


SUNRISE AND SUNSET
JANUARY 14 2018.......SUNRISE   719 AM EST   SUNSET   453 PM EST
JANUARY 15 2018.......SUNRISE   719 AM EST   SUNSET   454 PM EST


-  INDICATES NEGATIVE NUMBERS.
R  INDICATES RECORD WAS SET OR TIED.
MM INDICATES DATA IS MISSING.
T  INDICATES TRACE AMOUNT.




$$
