000
CDUS41 KOKX 282035
CLIEWR


CLIMATE REPORT
NATIONAL WEATHER SERVICE NEW YORK NY
435 PM EDT SAT MAY 28 2016


...................................

...THE NEWARK NJ CLIMATE SUMMARY FOR MAY 28 2016...
VALID TODAY AS OF 0400 PM LOCAL TIME.

CLIMATE NORMAL PERIOD 1981 TO 2010
CLIMATE RECORD PERIOD 1929 TO 2016


WEATHER ITEM   OBSERVED TIME   RECORD YEAR NORMAL DEPARTURE LAST
                VALUE   (LST)  VALUE       VALUE  FROM      YEAR
                                                  NORMAL
..................................................................
TEMPERATURE (F)
 TODAY
  MAXIMUM         96R   149 PM  92    1959  76     20       89
  MINIMUM         71    532 AM  42    1961  57     14       70
  AVERAGE         84                        66     18       80

PRECIPITATION (IN)
  TODAY            0.00          1.37 1984   0.14  -0.14     0.00
  MONTH TO DATE    2.25                      3.66  -1.41     1.10
  SINCE MAR 1      4.75                     12.04  -7.29     7.40
  SINCE JAN 1     12.80                     18.46  -5.66    13.88

SNOWFALL (IN)
  TODAY            0.0           0.0  2002   0.0    0.0      0.0
                                      2001
  MONTH TO DATE    0.0                       0.0    0.0      0.0
  SINCE OCT 1     36.4                      28.5    7.9     46.4
  SINCE JUL 1     36.4                      28.5    7.9     46.4
  SNOW DEPTH       0

DEGREE DAYS
 HEATING
  TODAY            0                         2     -2        0
  MONTH TO DATE  170                       130     40       48
  SINCE MAR 1   1026                      1215   -189     1211
  SINCE JUL 1   3899                      4850   -951     5114

 COOLING
  TODAY           19                         4     15       15
  MONTH TO DATE   62                        52     10      127
  SINCE MAR 1     80                        64     16      130
  SINCE JAN 1     80                        64     16      130
..................................................................


WIND (MPH)
  HIGHEST WIND SPEED    17   HIGHEST WIND DIRECTION    SW (220)
  HIGHEST GUST SPEED    24   HIGHEST GUST DIRECTION    SW (230)
  AVERAGE WIND SPEED    10.0


SKY COVER
  AVERAGE SKY COVER 0.5


WEATHER CONDITIONS
 THE FOLLOWING WEATHER WAS RECORDED TODAY.
  NO SIGNIFICANT WEATHER WAS OBSERVED.


RELATIVE HUMIDITY (PERCENT)
 HIGHEST    69          1200 AM
 LOWEST     36           100 PM
 AVERAGE    53

..........................................................


THE NEWARK NJ CLIMATE NORMALS FOR TOMORROW
                         NORMAL    RECORD    YEAR
 MAXIMUM TEMPERATURE (F)   76        97      1987
 MINIMUM TEMPERATURE (F)   58        40      1936


SUNRISE AND SUNSET
MAY 28 2016...........SUNRISE   530 AM EDT   SUNSET   819 PM EDT
MAY 29 2016...........SUNRISE   529 AM EDT   SUNSET   820 PM EDT


-  INDICATES NEGATIVE NUMBERS.
R  INDICATES RECORD WAS SET OR TIED.
MM INDICATES DATA IS MISSING.
T  INDICATES TRACE AMOUNT.




$$
