000
CDUS41 KOKX 262031
CLIEWR


CLIMATE REPORT
NATIONAL WEATHER SERVICE NEW YORK NY
431 PM EDT SUN OCT 26 2014


...................................

...THE NEWARK NJ CLIMATE SUMMARY FOR OCTOBER 26 2014...
VALID TODAY AS OF 0400 PM LOCAL TIME.

CLIMATE NORMAL PERIOD 1981 TO 2010
CLIMATE RECORD PERIOD 1929 TO 2014


WEATHER ITEM   OBSERVED TIME   RECORD YEAR NORMAL DEPARTURE LAST
                VALUE   (LST)  VALUE       VALUE  FROM      YEAR
                                                  NORMAL
..................................................................
TEMPERATURE (F)
 TODAY
  MAXIMUM         64   1250 PM  79    1964  62      2       57
                                      1963
  MINIMUM         53    632 AM  31    1952  45      8       33
                                      1936
                                      1933
  AVERAGE         59                        53      6       45

PRECIPITATION (IN)
  TODAY            0.00          3.96 1943   0.11  -0.11     0.00
  MONTH TO DATE    4.12                      3.03   1.09     0.43
  SINCE SEP 1      5.64                      6.85  -1.21     1.97
  SINCE JAN 1     40.26                     38.22   2.04    35.27

SNOWFALL (IN)
  TODAY            0.0           T    1962   0.0    0.0      0.0
  MONTH TO DATE    T                         0.0    0.0      0.0
  SINCE OCT 1      T                         0.0    0.0      0.0
  SINCE JUL 1      T                         0.0    0.0      0.0
  SNOW DEPTH       0

DEGREE DAYS
 HEATING
  TODAY            6                        12     -6       20
  MONTH TO DATE  145                       213    -68      148
  SINCE SEP 1    164                       257    -93      195
  SINCE JUL 1    164                       258    -94      195

 COOLING
  TODAY            0                         0      0        0
  MONTH TO DATE   21                        14      7       47
  SINCE SEP 1    190                       154     36      166
  SINCE JAN 1   1175                      1188    -13     1337
..................................................................


WIND (MPH)
  HIGHEST WIND SPEED    26   HIGHEST WIND DIRECTION     W (280)
  HIGHEST GUST SPEED    32   HIGHEST GUST DIRECTION     W (280)
  AVERAGE WIND SPEED    13.8


SKY COVER
  AVERAGE SKY COVER 0.6


WEATHER CONDITIONS
 THE FOLLOWING WEATHER WAS RECORDED TODAY.
  NO SIGNIFICANT WEATHER WAS OBSERVED.


RELATIVE HUMIDITY (PERCENT)
 HIGHEST    62           300 AM
 LOWEST     34          1100 AM
 AVERAGE    48

..........................................................


THE NEWARK NJ CLIMATE NORMALS FOR TOMORROW
                         NORMAL    RECORD    YEAR
 MAXIMUM TEMPERATURE (F)   62        81      1963
 MINIMUM TEMPERATURE (F)   45        27      1936


SUNRISE AND SUNSET
OCTOBER 26 2014.......SUNRISE   720 AM EDT   SUNSET   601 PM EDT
OCTOBER 27 2014.......SUNRISE   721 AM EDT   SUNSET   559 PM EDT


-  INDICATES NEGATIVE NUMBERS.
R  INDICATES RECORD WAS SET OR TIED.
MM INDICATES DATA IS MISSING.
T  INDICATES TRACE AMOUNT.




$$
