433
CDUS41 KOKX 180652
CLIEWR


CLIMATE REPORT
NATIONAL WEATHER SERVICE NEW YORK NY
152 AM EST THU JAN 18 2018


...................................

...THE NEWARK NJ CLIMATE SUMMARY FOR JANUARY 17 2018...

CLIMATE NORMAL PERIOD 1981 TO 2010
CLIMATE RECORD PERIOD 1929 TO 2018


WEATHER ITEM   OBSERVED TIME   RECORD YEAR NORMAL DEPARTURE LAST
                VALUE   (LST)  VALUE       VALUE  FROM      YEAR
                                                  NORMAL
..................................................................
TEMPERATURE (F)
 YESTERDAY
  MAXIMUM         36    605 AM  62    1990  38     -2       41
  MINIMUM         21   1159 PM  -7    1982  24     -3       38
  AVERAGE         29                        31     -2       40

PRECIPITATION (IN)
  YESTERDAY        0.23          1.42 1994   0.11   0.12     0.53
  MONTH TO DATE    1.55                      2.01  -0.46     2.39
  SINCE DEC 1      3.19                      5.82  -2.63     5.30
  SINCE JAN 1      1.55                      2.01  -0.46     2.39

SNOWFALL (IN)
  YESTERDAY        1.0           3.3  1985   0.3    0.7      0.0
  MONTH TO DATE    9.4                       4.3    5.1      8.8
  SINCE OCT 1     17.1                      10.1    7.0     12.2
  SINCE JUL 1     17.1                      10.1    7.0     12.2
  SNOW DEPTH       0

DEGREE DAYS
 HEATING
  YESTERDAY       36                        34      2       25
  MONTH TO DATE  662                       568     94      496
  SINCE DEC 1   1597                      1450    147     1336
  SINCE JUL 1   2282                      2318    -36     2019

 COOLING
  YESTERDAY        0                         0      0        0
  MONTH TO DATE    0                         0      0        0
  SINCE DEC 1      0                         0      0        0
  SINCE JAN 1      0                         0      0        0
..................................................................


WIND (MPH)
  HIGHEST WIND SPEED    20   HIGHEST WIND DIRECTION    NW (320)
  HIGHEST GUST SPEED    29   HIGHEST GUST DIRECTION    NW (310)
  AVERAGE WIND SPEED    10.4


SKY COVER
  AVERAGE SKY COVER 0.9


WEATHER CONDITIONS
 THE FOLLOWING WEATHER WAS RECORDED YESTERDAY.
  LIGHT RAIN
  SNOW
  LIGHT SNOW
  FOG
  HAZE


RELATIVE HUMIDITY (PERCENT)
 HIGHEST    96           800 AM
 LOWEST     54          1000 PM
 AVERAGE    75

..........................................................


THE NEWARK NJ CLIMATE NORMALS FOR TODAY
                         NORMAL    RECORD    YEAR
 MAXIMUM TEMPERATURE (F)   38        66      1990
 MINIMUM TEMPERATURE (F)   24        -7      1982


SUNRISE AND SUNSET
JANUARY 18 2018.......SUNRISE   717 AM EST   SUNSET   457 PM EST
JANUARY 19 2018.......SUNRISE   717 AM EST   SUNSET   459 PM EST


-  INDICATES NEGATIVE NUMBERS.
R  INDICATES RECORD WAS SET OR TIED.
MM INDICATES DATA IS MISSING.
T  INDICATES TRACE AMOUNT.




$$
