000
CDUS41 KOKX 190624
CLIEWR


CLIMATE REPORT
NATIONAL WEATHER SERVICE NEW YORK NY
224 AM EDT FRI MAY 19 2017


...................................

...THE NEWARK NJ CLIMATE SUMMARY FOR MAY 18 2017...

CLIMATE NORMAL PERIOD 1981 TO 2010
CLIMATE RECORD PERIOD 1929 TO 2017


WEATHER ITEM   OBSERVED TIME   RECORD YEAR NORMAL DEPARTURE LAST
                VALUE   (LST)  VALUE       VALUE  FROM      YEAR
                                                  NORMAL
..................................................................
TEMPERATURE (F)
 YESTERDAY
  MAXIMUM         94R   317 PM  90    1986  73     21       67
                                      1977
                                      1936
  MINIMUM         74    514 AM  43    2003  54     20       50
                                      1983
                                      1955
  AVERAGE         84                        63     21       59

PRECIPITATION (IN)
  YESTERDAY        0.00          2.26 2011   0.13  -0.13      T
  MONTH TO DATE    5.03                      2.26   2.77     2.07
  SINCE MAR 1     13.59                     10.64   2.95     4.57
  SINCE JAN 1     20.33                     17.06   3.27    12.62

SNOWFALL (IN)
  YESTERDAY        0.0           0.0  2002   0.0    0.0      0.0
                                      2001
  MONTH TO DATE    0.0                       0.0    0.0      0.0
  SINCE OCT 1     30.0                      28.5    1.5     32.8
  SINCE JUL 1     30.0                      28.5    1.5     32.8
  SNOW DEPTH       0

DEGREE DAYS
 HEATING
  YESTERDAY        0                         4     -4        6
  MONTH TO DATE  127                       101     26      153
  SINCE MAR 1   1164                      1186    -22     1009
  SINCE JUL 1   4173                      4821   -648     3882

 COOLING
  YESTERDAY       19                         2     17        0
  MONTH TO DATE   38                        23     15        2
  SINCE MAR 1     74                        35     39       20
  SINCE JAN 1     74                        35     39       20
..................................................................


WIND (MPH)
  HIGHEST WIND SPEED    25   HIGHEST WIND DIRECTION    SW (220)
  HIGHEST GUST SPEED    35   HIGHEST GUST DIRECTION    SW (230)
  AVERAGE WIND SPEED    13.4


SKY COVER
  AVERAGE SKY COVER 0.6


WEATHER CONDITIONS
 THE FOLLOWING WEATHER WAS RECORDED YESTERDAY.
  NO SIGNIFICANT WEATHER WAS OBSERVED.


RELATIVE HUMIDITY (PERCENT)
 HIGHEST    73           400 AM
 LOWEST     32           400 PM
 AVERAGE    53

..........................................................


THE NEWARK NJ CLIMATE NORMALS FOR TODAY
                         NORMAL    RECORD    YEAR
 MAXIMUM TEMPERATURE (F)   73        98      1962
 MINIMUM TEMPERATURE (F)   54        39      2002


SUNRISE AND SUNSET
MAY 19 2017...........SUNRISE   536 AM EDT   SUNSET   811 PM EDT
MAY 20 2017...........SUNRISE   535 AM EDT   SUNSET   812 PM EDT


-  INDICATES NEGATIVE NUMBERS.
R  INDICATES RECORD WAS SET OR TIED.
MM INDICATES DATA IS MISSING.
T  INDICATES TRACE AMOUNT.




$$
