000
CXUS51 KOKX 021232
CLSEWR
NYCCLSEWR 000
TTAA00 OKX 021229
CLIMATE REPORT
NATIONAL WEATHER SERVICE NEW YORK, NY
720 AM EST SAT MAR 02 2024
...................................
...THE NEWARK NJ CLIMATE SUMMARY FOR THE SEASON, FROM
12/1/2023 TO 2/29/2024...
CLIMATE NORMAL PERIOD 1991 TO 2020
CLIMATE RECORD PERIOD 1931 TO 2024
WEATHER OBSERVED NORMAL DEPART LAST YEAR`S
VALUE DATE(S) VALUE FROM VALUE
NORMAL
..............................................................
TEMPERATURE (F)
RECORD
HIGH 80 02/21/2018
LOW -14 02/09/1934
HIGHEST 64 12/10 MM MM
12/18
LOWEST 17 01/17 MM MM
01/18
AVG. MAXIMUM 47.2 42.6 4.6
AVG. MINIMUM 33.7 28.0 5.7
MEAN 40.4 35.3 5.1
DAYS MAX >= 90 0 0.0 0.0
DAYS MAX <= 32 4 13.5 -9.5
DAYS MIN <= 32 42 60.1 -18.1
DAYS MIN <= 0 0 0.2 -0.2
PRECIPITATION (INCHES)
RECORD
MAXIMUM 20.41 1979
MINIMUM MM MM
TOTALS 14.82 10.54 4.28 10.25
DAILY AVG. 0.16 NAN NAN
DAYS >= .01 33 31.7 1.3
DAYS >= .10 23 19.0 4.0
DAYS >= .50 8 8.1 -0.1
DAYS >= 1.00 3 2.8 0.2
GREATEST
24 HR. TOTAL 3.15
STORM TOTAL 2.75
(MM/DD(HH))
SNOWFALL (INCHES)
RECORDS
TOTAL 69.5 1961
24 HR TOTAL 1.7 MM
TOTALS 12.2 24.6 -12.4
LIQUID EQUIV 1.20 2.40 -1.20
SINCE 7/1 12.2 25.4 -13.2
LIQUID 7/1 1.22
DAYS >= TRACE 14 11.2 2.8
DAYS >= 1.0 3 5.3 -2.3
GREATEST
SNOW DEPTH 4 02/17
24 HR TOTAL MM
STORM TOTAL 4.9
(MM/DD(HH))
DEGREE DAYS
HEATING TOTAL 2209 2674 -465
SINCE 7/1 2916 3557 -641
COOLING TOTAL 0 0 0
SINCE 1/1 0 0 0
..............................................................
WIND (MPH)
AVERAGE WIND SPEED 9.1
HIGHEST WIND SPEED/DIRECTION 43/280 DATE 02/28
HIGHEST GUST SPEED/DIRECTION 64/270 DATE 02/28
SKY COVER
POSSIBLE SUNSHINE (PERCENT) MM
AVERAGE SKY COVER 0.65
NUMBER OF DAYS FAIR 20
NUMBER OF DAYS PC 27
NUMBER OF DAYS CLOUDY 44
AVERAGE RH (PERCENT) 63
WEATHER CONDITIONS. NUMBER OF DAYS WITH
THUNDERSTORM 0 MIXED PRECIP 1
HEAVY RAIN 5 RAIN 15
LIGHT RAIN 34 FREEZING RAIN 0
LT FREEZING RAIN 1 HAIL 0
HEAVY SNOW 1 SNOW 2
LIGHT SNOW 14 SLEET 3
FOG 35 FOG W/VIS <= 1/4 MILE 1
HAZE 10
- INDICATES NEGATIVE NUMBERS.
R INDICATES RECORD WAS SET OR TIED.
MM INDICATES DATA IS MISSING.
T INDICATES TRACE AMOUNT.
$$