000
CXUS51 KOKX 011646
CLSEWR

CLIMATE REPORT
NATIONAL WEATHER SERVICE NEW YORK NY
1146 AM EST FRI MAR 1 2013


...THE NEWARK NJ CLIMATE SUMMARY FOR THE SEASON, FROM
12/1/2012 TO 2/28/2013...

CLIMATE NORMAL PERIOD 1981 TO 2010
CLIMATE RECORD PERIOD 1929 TO 2013

WEATHER         OBSERVED          NORMAL  DEPART  LAST YEAR`S
                 VALUE   DATE(S)  VALUE   FROM    VALUE
                                          NORMAL
.............................................................
TEMPERATURE (F)
RECORD
 HIGH              76   12/07/1998
                        02/15/1949
 LOW              -14   02/09/1934
HIGHEST            66   01/30        MM      MM
LOWEST             11   01/24        MM      MM
                        01/23
AVG. MAXIMUM     43.6              41.5     2.1
AVG. MINIMUM     30.1              27.0     3.1
MEAN             36.9              34.2     2.7
DAYS MAX >= 90      0               0.0     0.0
DAYS MAX <= 32      8              14.7    -6.7
DAYS MIN <= 32     58              62.6    -4.6
DAYS MIN <= 0       0               0.4    -0.4

PRECIPITATION (INCHES)
RECORD
 MAXIMUM        14.28   2010
 MINIMUM         7.12   2007
TOTALS          11.40             10.23    1.17     8.73
DAILY AVG.       0.13              0.11    0.02
DAYS >= .01        40              30.8     9.2
DAYS >= .10        23              18.4     4.6
DAYS >= .50        10               7.6     2.4
DAYS >= 1.00        1               2.7    -1.7
GREATEST
 24 HR. TOTAL    1.85   MM
 STORM TOTAL       MM
 (MM/DD(HH))            MM

SNOWFALL (INCHES)
RECORDS
 TOTAL           66.0   2011
 24 HR TOTAL     17.7   MM
TOTALS           14.1              22.6    -8.5
 LIQUID EQUIV    1.41              2.30   -0.89
SINCE 7/1        20.7              23.0    -2.3
 LIQUID 7/1      2.07
DAYS >= TRACE      23              11.3    11.7
DAYS >= 1.0         3               5.2    -2.2
GREATEST
 SNOW DEPTH         8   02/09
 24 HR TOTAL      5.4   MM
 STORM TOTAL       MM
 (MM/DD(HH))            MM

DEGREE_DAYS
HEATING TOTAL    2506              2767    -261
 SINCE 7/1         MM              3635      MM
COOLING TOTAL       0                 0       0
 SINCE 1/1          0                 0       0
..............................................................

WIND (MPH)
AVERAGE WIND SPEED              10.0
HIGHEST WIND SPEED/DIRECTION    45/270    DATE  01/31
HIGHEST GUST SPEED/DIRECTION    59/230    DATE  01/31

SKY COVER
POSSIBLE SUNSHINE (PERCENT)   MM
AVERAGE SKY COVER           0.70
NUMBER OF DAYS FAIR            5
NUMBER OF DAYS PC             43
NUMBER OF DAYS CLOUDY         42

AVERAGE RH (PERCENT)     66

WEATHER CONDITIONS. NUMBER OF DAYS WITH
THUNDERSTORM              0     MIXED PRECIP               2
HEAVY RAIN                5     RAIN                      15
LIGHT RAIN               40     FREEZING RAIN              0
LT FREEZING RAIN          2     HAIL                       0
HEAVY SNOW                0     SNOW                       7
LIGHT SNOW               20     SLEET                      5
FOG                      47     FOG W/VIS <= 1/4 MILE      6
HAZE                     16

-  INDICATES NEGATIVE NUMBERS.
R  INDICATES RECORD WAS SET OR TIED.
MM INDICATES DATA IS MISSING.
T  INDICATES TRACE AMOUNT.

$$
