000
CXUS51 KOKX 011419 RRA
CLSEWR

CLIMATE REPORT
NATIONAL WEATHER SERVICE NEW YORK NY
1019 AM EDT SAT JUN 1 2013

...................................

...THE NEWARK NJ CLIMATE SUMMARY FOR THE SEASON, FROM
3/1/2013 TO 5/31/2013...

CLIMATE NORMAL PERIOD 1981 TO 2010
CLIMATE RECORD PERIOD 1929 TO 2013

WEATHER         OBSERVED          NORMAL  DEPART  LAST YEAR`S
                 VALUE   DATE(S)  VALUE   FROM    VALUE
                                          NORMAL
.............................................................
TEMPERATURE (F)
RECORD
 HIGH              99   05/20/1996
 LOW                6   03/04/1943
HIGHEST            94   05/31        MM      MM
LOWEST             25   03/18        MM      MM
AVG. MAXIMUM     60.8              61.6    -0.8
AVG. MINIMUM     43.7              43.5     0.2
MEAN             52.2              52.6    -0.4
DAYS MAX >= 90      2               1.4     0.6
DAYS MAX <= 32      0               0.8    -0.8
DAYS MIN <= 32     18              13.8     4.2
DAYS MIN <= 0       0               0.0     0.0

PRECIPITATION (INCHES)
RECORD
 MAXIMUM        26.50   1983
 MINIMUM         4.43   1935
TOTALS           9.91             12.47   -2.56     8.82
DAILY AVG.       0.11              0.14   -0.03
DAYS >= .01        26              33.8    -7.8
DAYS >= .10        16              21.0    -5.0
DAYS >= .50         9               8.2     0.8
DAYS >= 1.00        2               3.1    -1.1
GREATEST
 24 HR. TOTAL    1.51   MM
 STORM TOTAL       MM
 (MM/DD(HH))            MM

SNOWFALL (INCHES)
RECORDS
 TOTAL           29.4   1956
 24 HR TOTAL     12.8   04/06/1982 TO 04/06/1982
TOTALS            8.8               5.5     3.3
 LIQUID EQUIV    0.88              0.60    0.28
SINCE 7/1        29.5              28.5     1.0
 LIQUID 7/1      2.95
DAYS >= TRACE      10               2.8     7.2
DAYS >= 1.0         2               1.5     0.5
GREATEST
 SNOW DEPTH         2   03/09
 24 HR TOTAL      6.6   MM
 STORM TOTAL       MM
 (MM/DD(HH))            MM

DEGREE_DAYS
HEATING TOTAL    1253              1219      34
 SINCE 7/1         MM              4855      MM
COOLING TOTAL     100                75      25
 SINCE 1/1        100                76      24
..............................................................

WIND (MPH)
AVERAGE WIND SPEED              9.8
HIGHEST WIND SPEED/DIRECTION    38/030    DATE  03/06
HIGHEST GUST SPEED/DIRECTION    48/310    DATE  05/25

SKY COVER
POSSIBLE SUNSHINE (PERCENT)   MM
AVERAGE SKY COVER           0.60
NUMBER OF DAYS FAIR           15
NUMBER OF DAYS PC             44
NUMBER OF DAYS CLOUDY         33

AVERAGE RH (PERCENT)     59

WEATHER CONDITIONS. NUMBER OF DAYS WITH
THUNDERSTORM              0     MIXED PRECIP               1
HEAVY RAIN                7     RAIN                      13
LIGHT RAIN               43     FREEZING RAIN              0
LT FREEZING RAIN          1     HAIL                       0
HEAVY SNOW                1     SNOW                       7
LIGHT SNOW                9     SLEET                      2
FOG                      28     FOG W/VIS <= 1/4 MILE      5
HAZE                      8

-  INDICATES NEGATIVE NUMBERS.
R  INDICATES RECORD WAS SET OR TIED.
MM INDICATES DATA IS MISSING.
T  INDICATES TRACE AMOUNT.

$$
