000
CXUS51 KOKX 061407
CLSEWR

CLIMATE REPORT
NATIONAL WEATHER SERVICE NEW YORK NY
905 AM EST THU DEC 6 2012

...THE NEWARK NJ CLIMATE SUMMARY FOR THE SEASON, FROM
9/1/2012 TO 11/30/2012...

CLIMATE NORMAL PERIOD 1981 TO 2010
CLIMATE RECORD PERIOD 1929 TO 2012

WEATHER         OBSERVED          NORMAL  DEPART  LAST YEAR`S
                 VALUE   DATE(S)  VALUE   FROM    VALUE
                                          NORMAL
.............................................................
TEMPERATURE (F)
RECORD
 HIGH             105   09/02/1953
 LOW               12   11/27/1932
HIGHEST            92   09/01        MM      MM
LOWEST             27   11/06        MM      MM
AVG. MAXIMUM     64.9              65.5    -0.6
AVG. MINIMUM     49.4              48.9     0.5
MEAN             57.2              57.2     0.0
DAYS MAX >= 90      2               1.1     0.9
DAYS MAX <= 32      0               0.1    -0.1
DAYS MIN <= 32      6               5.5     0.5
DAYS MIN <= 0       0               0.0     0.0

PRECIPITATION (INCHES)
RECORD
 MAXIMUM        20.22   1944
 MINIMUM         4.21   1931
TOTALS           8.40             11.07   -2.67    17.46
DAILY AVG.       0.09              0.12   -0.03
DAYS >= .01        27              26.8     0.2
DAYS >= .10        16              16.8    -0.8
DAYS >= .50         6               7.9    -1.9
DAYS >= 1.00        1               3.0    -2.0
GREATEST
 24 HR. TOTAL    1.08   MM
 STORM TOTAL       MM
 (MM/DD(HH))            MM

SNOWFALL (INCHES)
RECORDS
 TOTAL            8.7   1938
 24 HR TOTAL       MM
TOTALS            6.6               0.4     6.2
 LIQUID EQUIV    0.66              0.00    0.66
SINCE 7/1         6.6               0.4     6.2
 LIQUID 7/1      0.66
DAYS >= TRACE       3               0.4     2.6
DAYS >= 1.0         1               0.1     0.9
GREATEST
 SNOW DEPTH         5R  11/08
 24 HR TOTAL      5.7   MM
 STORM TOTAL       MM
 (MM/DD(HH))            MM

DEGREE_DAYS
HEATING TOTAL     874               866       8
 SINCE 7/1         MM               868      MM
COOLING TOTAL     179               157      22
 SINCE 1/1       1450              1192     258
..............................................................

WIND (MPH)
AVERAGE WIND SPEED              8.3
HIGHEST WIND SPEED/DIRECTION    52/120    DATE  10/29
HIGHEST GUST SPEED/DIRECTION    78/090    DATE  10/29

SKY COVER
POSSIBLE SUNSHINE (PERCENT)   MM
AVERAGE SKY COVER           0.60
NUMBER OF DAYS FAIR           14
NUMBER OF DAYS PC             42
NUMBER OF DAYS CLOUDY         35

AVERAGE RH (PERCENT)     67

WEATHER CONDITIONS. NUMBER OF DAYS WITH
THUNDERSTORM              0     MIXED PRECIP               1
HEAVY RAIN                8     RAIN                      13
LIGHT RAIN               33     FREEZING RAIN              0
LT FREEZING RAIN          0     HAIL                       0
HEAVY SNOW                0     SNOW                       2
LIGHT SNOW                3     SLEET                      1
FOG                      30     FOG W/VIS <= 1/4 MILE      3
HAZE                     12

-  INDICATES NEGATIVE NUMBERS.
R  INDICATES RECORD WAS SET OR TIED.
MM INDICATES DATA IS MISSING.
T  INDICATES TRACE AMOUNT.

$$
