000
CXUS51 KOKX 021244
CLSEWR

CLIMATE REPORT
NATIONAL WEATHER SERVICE NEW YORK NY
743 AM EST FRI DEC 2 2011

...THE NEWARK NJ CLIMATE SUMMARY FOR THE SEASON, FROM
9/1/2011 TO 11/30/2011...

CLIMATE NORMAL PERIOD 1981 TO 2010
CLIMATE RECORD PERIOD 1929 TO 2011

WEATHER         OBSERVED          NORMAL  DEPART  LAST YEAR`S
                 VALUE   DATE(S)  VALUE   FROM    VALUE
                                          NORMAL
.............................................................
TEMPERATURE (F)
RECORD
 HIGH             105   09/02/1953
 LOW               12   11/27/1932
HIGHEST            88   10/09        MM      MM
                        09/14
                        09/04
LOWEST             32   11/06        MM      MM
                        10/31
AVG. MAXIMUM     68.3              65.5     2.8
AVG. MINIMUM     51.9              48.9     3.0
MEAN             60.1              57.2     2.9
DAYS MAX >= 90      0               1.1    -1.1
DAYS MAX <= 32      0               0.1    -0.1
DAYS MIN <= 32      2               5.5    -3.5
DAYS MIN <= 0       0               0.0     0.0

PRECIPITATION (INCHES)
RECORD
 MAXIMUM        20.22   1944
 MINIMUM         4.21   1931
TOTALS          17.46             11.07    6.39     9.25
DAILY AVG.       0.19              0.12    0.07
DAYS >= .01        30              26.8     3.2
DAYS >= .10        18              16.8     1.2
DAYS >= .50        13               7.9     5.1
DAYS >= 1.00        7               3.0     4.0
GREATEST
 24 HR. TOTAL    3.18   MM
 STORM TOTAL       MM
 (MM/DD(HH))            MM

SNOWFALL (INCHES)
RECORDS
 TOTAL            8.7   1938
 24 HR TOTAL       MM
TOTALS            5.2               0.4     4.8
 LIQUID EQUIV    0.52              0.00    0.52
SINCE 7/1         5.2               0.4     4.8
 LIQUID 7/1      0.52
DAYS >= TRACE       3               0.4     2.6
DAYS >= 1.0         1               0.1     0.9
GREATEST
 SNOW DEPTH         3R  10/30
 24 HR TOTAL      5.2   MM
 STORM TOTAL       MM
 (MM/DD(HH))            MM

DEGREE_DAYS
HEATING TOTAL     659               866    -207
 SINCE 7/1         MM               868      MM
COOLING TOTAL     236               157      79
 SINCE 1/1       1585              1192     393
..............................................................

WIND (MPH)
AVERAGE WIND SPEED              8.0
HIGHEST WIND SPEED/DIRECTION    32/220    DATE  10/15
HIGHEST GUST SPEED/DIRECTION    40/230    DATE  10/15

SKY COVER
POSSIBLE SUNSHINE (PERCENT)   MM
AVERAGE SKY COVER           0.60
NUMBER OF DAYS FAIR           18
NUMBER OF DAYS PC             37
NUMBER OF DAYS CLOUDY         36

AVERAGE RH (PERCENT)     66

WEATHER CONDITIONS. NUMBER OF DAYS WITH
THUNDERSTORM              0     MIXED PRECIP               0
HEAVY RAIN                7     RAIN                      16
LIGHT RAIN               35     FREEZING RAIN              0
LT FREEZING RAIN          0     HAIL                       1
HEAVY SNOW                1     SNOW                       1
LIGHT SNOW                2     SLEET                      0
FOG                      34     FOG W/VIS <= 1/4 MILE      4
HAZE                     20

-  INDICATES NEGATIVE NUMBERS.
R  INDICATES RECORD WAS SET OR TIED.
MM INDICATES DATA IS MISSING.
T  INDICATES TRACE AMOUNT.

$$
