000
CXUS51 KOKX 022029
CLSEWR

NYCCLMEWR 000
TTAA00 KOKX 021404


CLIMATE REPORT
NATIONAL WEATHER SERVICE NEW YORK NY
429 PM EDT FRI SEP 2 2011

...................................

...THE NEWARK NJ CLIMATE SUMMARY FOR THE SEASON, FROM
6/1/2011 TO 8/31/2011...

CLIMATE NORMAL PERIOD 1981 TO 2010
CLIMATE RECORD PERIOD 1929 TO 2011

WEATHER         OBSERVED          NORMAL  DEPART  LAST YEAR`S
                 VALUE   DATE(S)  VALUE   FROM    VALUE
                                          NORMAL
.............................................................
TEMPERATURE (F)
RECORD
 HIGH             108   07/22/2011
 LOW               41   06/01/1938
HIGHEST           108R  07/22        MM      MM
LOWEST             55   06/15        MM      MM
AVG. MAXIMUM     87.0              83.9     3.1
AVG. MINIMUM     69.0              66.5     2.5
MEAN             78.0              75.2     2.8
DAYS MAX >= 90     30              18.3    11.7
DAYS MAX <= 32      0               0.0     0.0
DAYS MIN <= 32      0               0.0     0.0
DAYS MIN <= 0       0               0.0     0.0

PRECIPITATION (INCHES)
RECORD
 MAXIMUM        21.30   2003
 MINIMUM         4.46   1966
TOTALS          23.57R            12.48   11.09     6.74
DAILY AVG.       0.26              0.14    0.12
DAYS >= .01        32              30.8     1.2
DAYS >= .10        22              19.5     2.5
DAYS >= .50         8               8.3    -0.3
DAYS >= 1.00        4               3.7     0.3
GREATEST
 24 HR. TOTAL    8.92   08/27 TO 08/28
 STORM TOTAL       MM
 (MM/DD(HH))            MM

SNOWFALL (INCHES)
RECORDS
 TOTAL              T   2009
                        2008
                        2007
 24 HR TOTAL       MM
TOTALS              T (HAIL)        0.0     0.0
 LIQUID EQUIV      MM              0.00      MM
SINCE 7/1         0.0               0.0     0.0
 LIQUID 7/1      0.00
DAYS >= TRACE       1               0.0     1.0
DAYS >= 1.0         0               0.0     0.0
GREATEST
 SNOW DEPTH         0   MM
 24 HR TOTAL      0.0   MM
 STORM TOTAL       MM
 (MM/DD(HH))            MM

DEGREE_DAYS
HEATING TOTAL       0                18     -18
 SINCE 7/1          0                 1      -1
COOLING TOTAL    1220               957     263
 SINCE 1/1       1349              1034     315
..............................................................

WIND (MPH)
AVERAGE WIND SPEED              7.9
HIGHEST WIND SPEED/DIRECTION    45/260    DATE  08/28
HIGHEST GUST SPEED/DIRECTION    61/260    DATE  08/28

SKY COVER
POSSIBLE SUNSHINE (PERCENT)   MM
AVERAGE SKY COVER           0.60
NUMBER OF DAYS FAIR           15
NUMBER OF DAYS PC             48
NUMBER OF DAYS CLOUDY         29

AVERAGE RH (PERCENT)     60

WEATHER CONDITIONS. NUMBER OF DAYS WITH
THUNDERSTORM              0     MIXED PRECIP               0
HEAVY RAIN               17     RAIN                      16
LIGHT RAIN               37     FREEZING RAIN              0
LT FREEZING RAIN          0     HAIL                       1
HEAVY SNOW                0     SNOW                       0
LIGHT SNOW                0     SLEET                      0
FOG                      36     FOG W/VIS <= 1/4 MILE      1
HAZE                     28

-  INDICATES NEGATIVE NUMBERS.
R  INDICATES RECORD WAS SET OR TIED.
MM INDICATES DATA IS MISSING.
T  INDICATES TRACE AMOUNT.

$$
