000
CXUS51 KOKX 011746
CLSEWR

CLIMATE REPORT
NATIONAL WEATHER SERVICE NEW YORK NY
1246 PM EST THU MAR 1 2012

...THE NEWARK NJ CLIMATE SUMMARY FOR THE SEASON, FROM
12/1/2011 TO 2/29/2012...

CLIMATE NORMAL PERIOD 1981 TO 2010
CLIMATE RECORD PERIOD 1929 TO 2012

WEATHER         OBSERVED          NORMAL  DEPART  LAST YEAR`S
                 VALUE   DATE(S)  VALUE   FROM    VALUE
                                          NORMAL
.............................................................
TEMPERATURE (F)
RECORD
 HIGH              76   12/07/1998
                        02/15/1949
 LOW              -14   02/09/1934
HIGHEST            64   02/01        MM      MM
                        01/07
LOWEST             12   01/04        MM      MM
AVG. MAXIMUM     48.0              41.5     6.5
AVG. MINIMUM     32.1              27.0     5.1
MEAN             40.0              34.2     5.8
DAYS MAX >= 90      0               0.0     0.0
DAYS MAX <= 32      4              14.7   -10.7
DAYS MIN <= 32     46              62.6   -16.6
DAYS MIN <= 0       0               0.4    -0.4

PRECIPITATION (INCHES)
RECORD
 MAXIMUM        20.41   1979
 MINIMUM           MM     MM
TOTALS           8.73             10.23   -1.50    11.77
DAILY AVG.       0.10              0.11   -0.01
DAYS >= .01        26              30.8    -4.8
DAYS >= .10        17              18.4    -1.4
DAYS >= .50         5               7.6    -2.6
DAYS >= 1.00        3               2.7     0.3
GREATEST
 24 HR. TOTAL    2.08   MM
 STORM TOTAL       MM
 (MM/DD(HH))            MM

SNOWFALL (INCHES)
RECORDS
 TOTAL           66.0   2011
 24 HR TOTAL     17.7   MM
TOTALS            3.6              22.7   -19.1
 LIQUID EQUIV    0.36              2.30   -1.94
SINCE 7/1         8.8              23.1   -14.3
 LIQUID 7/1      0.88
DAYS >= TRACE      12              11.3     0.7
DAYS >= 1.0         1               5.2    -4.2
GREATEST
 SNOW DEPTH         3   01/22
 24 HR TOTAL      3.3   MM
 STORM TOTAL       MM
 (MM/DD(HH))            MM

DEGREE_DAYS
HEATING TOTAL    2251              2767    -516
 SINCE 7/1         MM              3662      MM
COOLING TOTAL       0                 0       0
 SINCE 1/1          0                 0       0
..............................................................

WIND (MPH)
AVERAGE WIND SPEED              9.7
HIGHEST WIND SPEED/DIRECTION    41/260    DATE  01/13
HIGHEST GUST SPEED/DIRECTION    52/260    DATE  01/13

SKY COVER
POSSIBLE SUNSHINE (PERCENT)   MM
AVERAGE SKY COVER           0.60
NUMBER OF DAYS FAIR           16
NUMBER OF DAYS PC             46
NUMBER OF DAYS CLOUDY         29

AVERAGE RH (PERCENT)     58

WEATHER CONDITIONS. NUMBER OF DAYS WITH
THUNDERSTORM              0     MIXED PRECIP               0
HEAVY RAIN                5     RAIN                      13
LIGHT RAIN               30     FREEZING RAIN              0
LT FREEZING RAIN          1     HAIL                       0
HEAVY SNOW                0     SNOW                       2
LIGHT SNOW                9     SLEET                      4
FOG                      23     FOG W/VIS <= 1/4 MILE      2
HAZE                     13

-  INDICATES NEGATIVE NUMBERS.
R  INDICATES RECORD WAS SET OR TIED.
MM INDICATES DATA IS MISSING.
T  INDICATES TRACE AMOUNT.

$$
