000
CXUS51 KOKX 011359
CLSEWR

CLIMATE REPORT
NATIONAL WEATHER SERVICE NEW YORK NY
900 AM EDT WED SEP 1 2010

...................................

...THE NEWARK NJ CLIMATE SUMMARY FOR THE SEASON, FROM
6/1/2010 TO 8/31/2010...

CLIMATE NORMAL PERIOD 1971 TO 2000
CLIMATE RECORD PERIOD 1929 TO 2010

WEATHER         OBSERVED          NORMAL  DEPART  LAST YEAR`S
                 VALUE   DATE(S)  VALUE   FROM    VALUE
                                          NORMAL
.............................................................
TEMPERATURE (F)
RECORD
 HIGH             105   08/09/2001
                        07/10/1993
                        07/08/1993
 LOW               41   06/01/1938
HIGHEST           103   07/06        MM      MM
LOWEST             55   06/09        MM      MM
AVG. MAXIMUM     87.9              84.9     3.0
AVG. MINIMUM     69.6              66.3     3.3
MEAN             78.7              75.6     3.1
DAYS MAX >= 90     45              21.5    23.5
DAYS MAX <= 32      0               0.0     0.0
DAYS MIN <= 32      0               0.0     0.0
DAYS MIN <= 0       0               0.0     0.0

PRECIPITATION (INCHES)
RECORD
 MAXIMUM        21.30   2003
 MINIMUM         4.46   1966
TOTALS           6.74             12.10   -5.36    18.70
DAILY AVG.       0.07              0.13   -0.06
DAYS >= .01        25              30.3    -5.3
DAYS >= .10        14              19.4    -5.4
DAYS >= .50         5               8.0    -3.0
DAYS >= 1.00        0               3.3    -3.3
GREATEST
 24 HR. TOTAL    1.20   MM
 STORM TOTAL       MM
 (MM/DD(HH))            MM

SNOWFALL (INCHES)
RECORDS
 TOTAL              T   2009
                        2008
                        2007
 24 HR TOTAL       MM
TOTALS            0.0               0.0     0.0
 LIQUID EQUIV    0.00              0.00    0.00
SINCE 7/1         0.0               0.0     0.0
 LIQUID 7/1      0.00
DAYS >= TRACE       0               0.0     0.0
DAYS >= 1.0         0               0.0     0.0
GREATEST
 SNOW DEPTH         0   MM
 24 HR TOTAL      0.0   MM
 STORM TOTAL       MM
 (MM/DD(HH))            MM

DEGREE_DAYS
HEATING TOTAL       2                20     -18
 SINCE 7/1          0                 7      -7
COOLING TOTAL    1290               982     308
 SINCE 1/1       1451              1059     392
..............................................................

WIND (MPH)
AVERAGE WIND SPEED              8.5
HIGHEST WIND SPEED/DIRECTION    36/270    DATE  06/06
HIGHEST GUST SPEED/DIRECTION    48/250    DATE  06/06

SKY COVER
POSSIBLE SUNSHINE (PERCENT)   MM

NUMBER OF DAYS FAIR           14
NUMBER OF DAYS PC             52
NUMBER OF DAYS CLOUDY         26

AVERAGE RH (PERCENT)     58

WEATHER CONDITIONS. NUMBER OF DAYS WITH
THUNDERSTORM             14     MIXED PRECIP               0
HEAVY RAIN               12     RAIN                      16
LIGHT RAIN               32     FREEZING RAIN              0
LT FREEZING RAIN          0     HAIL                       1
HEAVY SNOW                0     SNOW                       0
LIGHT SNOW                0     SLEET                      0
FOG                      19     FOG W/VIS <= 1/4 MILE      1
HAZE                     24

-  INDICATES NEGATIVE NUMBERS.
R  INDICATES RECORD WAS SET OR TIED.
MM INDICATES DATA IS MISSING.
T  INDICATES TRACE AMOUNT.

$$
