000
CXUS51 KOKX 020055
CLSEWR

CLIMATE REPORT
NATIONAL WEATHER SERVICE NEW YORK NY
853 PM EDT TUE JUN 1 2010

...................................

...THE NEWARK NJ CLIMATE SUMMARY FOR THE SEASON, FROM
3/1/2010 TO 5/31/2010...

CLIMATE NORMAL PERIOD 1971 TO 2000
CLIMATE RECORD PERIOD 1929 TO 2010

WEATHER         OBSERVED          NORMAL  DEPART  LAST YEAR`S
                 VALUE   DATE(S)  VALUE   FROM    VALUE
                                          NORMAL
.............................................................
TEMPERATURE (F)
RECORD
 HIGH              99   05/20/1996
 LOW                6   03/04/1943
HIGHEST            95   05/26        MM      MM
LOWEST             28   03/27        MM      MM
AVG. MAXIMUM     67.1              61.7     5.4
AVG. MINIMUM     47.7              43.1     4.6
MEAN             57.4              52.4     5.0
DAYS MAX >= 90      3               2.0     1.0
DAYS MAX <= 32      0               0.7    -0.7
DAYS MIN <= 32      2              13.3   -11.3
DAYS MIN <= 0       0               0.0     0.0

PRECIPITATION (INCHES)
RECORD
 MAXIMUM        26.50   1983
 MINIMUM         4.43   1935
TOTALS          16.46             11.84    4.62    10.30
DAILY AVG.       0.18              0.13    0.05
DAYS >= .01        30              33.4    -3.4
DAYS >= .10        17              21.4    -4.4
DAYS >= .50        10               8.4     1.6
DAYS >= 1.00        7               3.0     4.0
GREATEST
 24 HR. TOTAL    3.99   03/13 TO 03/13
 STORM TOTAL       MM
 (MM/DD(HH))            MM

SNOWFALL (INCHES)
RECORDS
 TOTAL           29.4   1956
 24 HR TOTAL     12.8   04/06/1982 TO 04/06/1982
TOTALS              T               5.1    -5.1
 LIQUID EQUIV       T                MM      MM
SINCE 7/1        47.9              25.9    22.0
 LIQUID 7/1      4.79
DAYS >= TRACE       2               2.7    -0.7
DAYS >= 1.0         0               1.3    -1.3
GREATEST
 SNOW DEPTH         3   03/01
 24 HR TOTAL        T   03/05 TO 03/05
                        03/03 TO 03/03
 STORM TOTAL       MM
 (MM/DD(HH))            MM

DEGREE_DAYS
HEATING TOTAL     835              1218    -383
 SINCE 7/1       4375              4858    -483
COOLING TOTAL     161                59     102
 SINCE 1/1        161                82      79
..............................................................

WIND (MPH)
AVERAGE WIND SPEED              9.9
HIGHEST WIND SPEED/DIRECTION    43/270    DATE  05/08
HIGHEST GUST SPEED/DIRECTION    55/280    DATE  05/08

SKY COVER
POSSIBLE SUNSHINE (PERCENT)   MM

NUMBER OF DAYS FAIR           14
NUMBER OF DAYS PC             40
NUMBER OF DAYS CLOUDY         38

AVERAGE RH (PERCENT)     53

WEATHER CONDITIONS. NUMBER OF DAYS WITH
THUNDERSTORM             10     MIXED PRECIP               1
HEAVY RAIN               11     RAIN                      16
LIGHT RAIN               44     FREEZING RAIN              0
LT FREEZING RAIN          0     HAIL                       0
HEAVY SNOW                0     SNOW                       1
LIGHT SNOW                2     SLEET                      0
FOG                      25     FOG W/VIS <= 1/4 MILE      1
HAZE                     32

-  INDICATES NEGATIVE NUMBERS.
R  INDICATES RECORD WAS SET OR TIED.
MM INDICATES DATA IS MISSING.
T  INDICATES TRACE AMOUNT.

$$
