000
CXUS51 KOKX 011539
CLSEWR

CLIMATE REPORT
NATIONAL WEATHER SERVICE NEW YORK NY
1038 AM EST TUE MAR 1 2011


...THE NEWARK NJ CLIMATE SUMMARY FOR THE SEASON, FROM
12/1/2010 TO 2/28/2011...

CLIMATE NORMAL PERIOD 1971 TO 2000
CLIMATE RECORD PERIOD 1929 TO 2011

WEATHER         OBSERVED          NORMAL  DEPART  LAST YEAR`S
                 VALUE   DATE(S)  VALUE   FROM    VALUE
                                          NORMAL
.............................................................
TEMPERATURE (F)
RECORD
 HIGH              76   12/07/1998
                        02/15/1949
 LOW              -14   02/09/1934
HIGHEST            71   02/18        MM      MM
LOWEST              5   01/24        MM      MM
AVG. MAXIMUM     40.1              40.4    -0.3
AVG. MINIMUM     25.7              26.0    -0.3
MEAN             32.9              33.2    -0.3
DAYS MAX >= 90      0               0.0     0.0
DAYS MAX <= 32     16              17.8    -1.8
DAYS MIN <= 32     76              61.7    14.3
DAYS MIN <= 0       0               0.8    -0.8

PRECIPITATION (INCHES)
RECORD
 MAXIMUM        14.28   2010
 MINIMUM         7.12   2007
TOTALS          11.77              9.88    1.89    14.28
DAILY AVG.       0.13              0.11    0.02
DAYS >= .01        28              31.1    -3.1
DAYS >= .10        18              19.1    -1.1
DAYS >= .50         9               7.6     1.4
DAYS >= 1.00        5               2.6     2.4
GREATEST
 24 HR. TOTAL    2.03   MM
 STORM TOTAL       MM
 (MM/DD(HH))            MM

SNOWFALL (INCHES)
RECORDS          69.5   1961
 TOTAL           66.0   2011
 24 HR TOTAL     17.7   MM
TOTALS           66.0              20.2    45.8
 LIQUID EQUIV    6.60              2.00    4.60
SINCE 7/1        66.0              20.8    45.2
 LIQUID 7/1      6.60
DAYS >= TRACE      30              11.3    18.7
DAYS >= 1.0        10               5.1     4.9
GREATEST
 SNOW DEPTH        24R  12/27
 24 HR TOTAL     17.7R  MM
 STORM TOTAL       MM
 (MM/DD(HH))            MM

DEGREE_DAYS
HEATING TOTAL    2878              2860      18
 SINCE 7/1       3613              3660     -47
COOLING TOTAL       0                 0       0
 SINCE 1/1          0                 0       0
..............................................................

WIND (MPH)
AVERAGE WIND SPEED              10.6
HIGHEST WIND SPEED/DIRECTION    43/290    DATE  12/27
HIGHEST GUST SPEED/DIRECTION    52/310    DATE  12/27

SKY COVER
POSSIBLE SUNSHINE (PERCENT)   MM

NUMBER OF DAYS FAIR            9
NUMBER OF DAYS PC             49
NUMBER OF DAYS CLOUDY         32

AVERAGE RH (PERCENT)     57

WEATHER CONDITIONS. NUMBER OF DAYS WITH
THUNDERSTORM              1     MIXED PRECIP               0
HEAVY RAIN                3     RAIN                       5
LIGHT RAIN               16     FREEZING RAIN              2
LT FREEZING RAIN          5     HAIL                       0
HEAVY SNOW                5     SNOW                      11
LIGHT SNOW               26     SLEET                      5
FOG                      27     FOG W/VIS <= 1/4 MILE      7
HAZE                     23

-  INDICATES NEGATIVE NUMBERS.
R  INDICATES RECORD WAS SET OR TIED.
MM INDICATES DATA IS MISSING.
T  INDICATES TRACE AMOUNT.

$$
