000
CXUS51 KOKX 021448
CLSEWR

CLIMATE REPORT
NATIONAL WEATHER SERVICE NEW YORK NY
948 AM EST THU DEC 2 2010

...................................

...THE NEWARK NJ CLIMATE SUMMARY FOR THE SEASON, FROM
9/1/2010 TO 11/30/2010...

CLIMATE NORMAL PERIOD 1971 TO 2000
CLIMATE RECORD PERIOD 1929 TO 2010

WEATHER         OBSERVED          NORMAL  DEPART  LAST YEAR`S
                 VALUE   DATE(S)  VALUE   FROM    VALUE
                                          NORMAL
.............................................................
TEMPERATURE (F)
RECORD
 HIGH             105   09/02/1953
 LOW               12   11/27/1932
HIGHEST            98   09/01        MM      MM
LOWEST             30   11/29        MM      MM
                        11/28
AVG. MAXIMUM     67.7              66.6     1.1
AVG. MINIMUM     50.4              49.1     1.3
MEAN             59.0              57.8     1.2
DAYS MAX >= 90      6               1.5     4.5
DAYS MAX <= 32      0               0.1    -0.1
DAYS MIN <= 32      3               6.6    -3.6
DAYS MIN <= 0       0               0.0     0.0

PRECIPITATION (INCHES)
RECORD
 MAXIMUM        20.22   1944
 MINIMUM         4.21   1931
TOTALS           9.25             10.62   -1.37     8.36
DAILY AVG.       0.10              0.12   -0.02
DAYS >= .01        26              26.8    -0.8
DAYS >= .10        16              17.3    -1.3
DAYS >= .50         5               7.6    -2.6
DAYS >= 1.00        2               2.9    -0.9
GREATEST
 24 HR. TOTAL    2.36   MM
 STORM TOTAL       MM
 (MM/DD(HH))            MM

SNOWFALL (INCHES)
RECORDS
 TOTAL            8.7   1938
 24 HR TOTAL       MM
TOTALS              T               0.6    -0.6
 LIQUID EQUIV      MM                MM      MM
SINCE 7/1           T               0.6    -0.6
 LIQUID 7/1        MM
DAYS >= TRACE       2               0.4     1.6
DAYS >= 1.0         0               0.2    -0.2
GREATEST
 SNOW DEPTH         0   MM
 24 HR TOTAL      0.0   MM
 STORM TOTAL       MM
 (MM/DD(HH))            MM

DEGREE_DAYS
HEATING TOTAL     735               854    -119
 SINCE 7/1        735               861    -126
COOLING TOTAL     220               161      59
 SINCE 1/1       1671              1220     451
..............................................................

WIND (MPH)
AVERAGE WIND SPEED              9.4
HIGHEST WIND SPEED/DIRECTION    40/260    DATE  11/17
HIGHEST GUST SPEED/DIRECTION    53/270    DATE  11/17

SKY COVER
POSSIBLE SUNSHINE (PERCENT)   MM

NUMBER OF DAYS FAIR           22
NUMBER OF DAYS PC             42
NUMBER OF DAYS CLOUDY         27

AVERAGE RH (PERCENT)     61

WEATHER CONDITIONS. NUMBER OF DAYS WITH
THUNDERSTORM              5     MIXED PRECIP               0
HEAVY RAIN                9     RAIN                      10
LIGHT RAIN               37     FREEZING RAIN              0
LT FREEZING RAIN          0     HAIL                       0
HEAVY SNOW                0     SNOW                       1
LIGHT SNOW                1     SLEET                      2
FOG                      29     FOG W/VIS <= 1/4 MILE      3
HAZE                     16

-  INDICATES NEGATIVE NUMBERS.
R  INDICATES RECORD WAS SET OR TIED.
MM INDICATES DATA IS MISSING.
T  INDICATES TRACE AMOUNT.

$$
