000
CXUS51 KOKX 012105
CLSEWR

NYCCLMEWR 000
TTAA00 KOKX 012102


CLIMATE REPORT
NATIONAL WEATHER SERVICE NEW YORK NY
502 PM EDT TUE SEP 1 2009

...................................

...THE NEWARK NJ CLIMATE SUMMARY FOR THE SEASON, FROM
6/1/2009 TO 8/31/2009...

CLIMATE NORMAL PERIOD 1971 TO 2000
CLIMATE RECORD PERIOD 1929 TO 2009

WEATHER         OBSERVED          NORMAL  DEPART  LAST YEAR`S
                 VALUE   DATE(S)  VALUE   FROM    VALUE
                                          NORMAL
.............................................................
TEMPERATURE (F)
RECORD
 HIGH             105   08/09/2001
                        07/10/1993
                        07/08/1993
 LOW               41   06/01/1938
HIGHEST            95   08/17        MM      MM
                        08/10
LOWEST             49   06/01        MM      MM
AVG. MAXIMUM     81.6              84.9    -3.3
AVG. MINIMUM     65.3              66.3    -1.0
MEAN             73.4              75.6    -2.2
DAYS MAX >= 90     11              21.5   -10.5
DAYS MAX <= 32      0               0.0     0.0
DAYS MIN <= 32      0               0.0     0.0
DAYS MIN <= 0       0               0.0     0.0

PRECIPITATION (INCHES)
RECORD
 MAXIMUM        21.30   2003
 MINIMUM         4.46   1966
TOTALS          18.70             12.10    6.60    11.57
DAILY AVG.       0.20              0.13    0.07
DAYS >= .01        39              30.3     8.7
DAYS >= .10        30              19.4    10.6
DAYS >= .50        15               8.0     7.0
DAYS >= 1.00        4               3.3     0.7
GREATEST
 24 HR. TOTAL    2.97   MM
 STORM TOTAL       MM
 (MM/DD(HH))            MM

SNOWFALL (INCHES)
RECORDS
 TOTAL              T   2008
                        2007
                        2002
 24 HR TOTAL       MM
TOTALS              T               0.0     0.0
 LIQUID EQUIV      MM              0.00      MM
SINCE 7/1           T               0.0     0.0
 LIQUID 7/1        MM
DAYS >= TRACE       2               0.0     2.0
DAYS >= 1.0         0               0.0     0.0
GREATEST
 SNOW DEPTH         0   MM
 24 HR TOTAL      0.0   MM
 STORM TOTAL       MM
 (MM/DD(HH))            MM

DEGREE_DAYS
HEATING TOTAL      20                20       0
 SINCE 7/1          0                 7      -7
COOLING TOTAL     821               982    -161
 SINCE 1/1        921              1059    -138

FREEZE DATES
RECORD
 EARLIEST     MM
 LATEST       MM
EARLIEST                        MM
LATEST                          MM
..............................................................

WIND (MPH)
AVERAGE WIND SPEED              7.4
HIGHEST WIND SPEED/DIRECTION    40/170    DATE  07/29
HIGHEST GUST SPEED/DIRECTION    56/170    DATE  07/29

SKY COVER
POSSIBLE SUNSHINE (PERCENT)   MM

NUMBER OF DAYS FAIR           13
NUMBER OF DAYS PC             45
NUMBER OF DAYS CLOUDY         34

AVERAGE RH (PERCENT)     64

WEATHER CONDITIONS. NUMBER OF DAYS WITH
THUNDERSTORM             19     MIXED PRECIP               0
HEAVY RAIN               24     RAIN                      29
LIGHT RAIN               47     FREEZING RAIN              0
LT FREEZING RAIN          0     HAIL                       3
HEAVY SNOW                0     SNOW                       0
LIGHT SNOW                0     SLEET                      0
FOG                      36     FOG W/VIS <= 1/4 MILE      6
HAZE                     40

-  INDICATES NEGATIVE NUMBERS.
R  INDICATES RECORD WAS SET OR TIED.
MM INDICATES DATA IS MISSING.
T  INDICATES TRACE AMOUNT.

$$
