000
CXUS51 KOKX 011521
CLSEWR

CLIMATE REPORT
NATIONAL WEATHER SERVICE NEW YORK NY
1119 AM EDT THU JUN 1 2017



...THE NEWARK NJ CLIMATE SUMMARY FOR THE SEASON, FROM
3/1/2017 TO 5/31/2017...

CLIMATE NORMAL PERIOD 1981 TO 2010
CLIMATE RECORD PERIOD 1929 TO 2017

WEATHER         OBSERVED          NORMAL  DEPART  LAST YEAR`S
                 VALUE   DATE(S)  VALUE   FROM    VALUE
                                          NORMAL
.............................................................
TEMPERATURE (F)
RECORD
 HIGH              99   05/20/1996
 LOW                6   03/04/1943
HIGHEST            94   05/18        MM      MM
LOWEST             14   03/05        MM      MM
AVG. MAXIMUM     61.1              61.6    -0.5
AVG. MINIMUM     44.4              43.5     0.9
MEAN             52.7              52.6     0.1
DAYS MAX >= 90      3               1.4     1.6
DAYS MAX <= 32      5               0.8     4.2
DAYS MIN <= 32     16              13.8     2.2
DAYS MIN <= 0       0               0.0     0.0

PRECIPITATION (INCHES)
RECORD
 MAXIMUM        26.50   1983
 MINIMUM         4.43   1935
TOTALS          15.80             12.47    3.33     6.35
DAILY AVG.       0.17              0.14    0.03
DAYS >= .01        34              33.8     0.2
DAYS >= .10        20              21.0    -1.0
DAYS >= .50        10               8.2     1.8
DAYS >= 1.00        5               3.1     1.9
GREATEST
 24 HR. TOTAL    3.05   MM
 STORM TOTAL       MM
 (MM/DD(HH))            MM

SNOWFALL (INCHES)
RECORDS
 TOTAL           29.4   1956
 24 HR TOTAL     12.8   04/06/1982 TO 04/06/1982
TOTALS            9.4               5.5     3.9
 LIQUID EQUIV    0.94              0.60    0.34
SINCE 7/1        30.0              28.5     1.5
 LIQUID 7/1      3.00
DAYS >= TRACE       7               2.8     4.2
DAYS >= 1.0         2               1.5     0.5
GREATEST
 SNOW DEPTH         5   03/16
                        03/15
 24 HR TOTAL      6.9   MM
 STORM TOTAL       MM
 (MM/DD(HH))            MM

DEGREE_DAYS
HEATING TOTAL    1206              1219     -13
 SINCE 7/1         MM              4855      MM
COOLING TOTAL      95                75      20
 SINCE 1/1         95                76      19
..............................................................

WIND (MPH)
AVERAGE WIND SPEED              10.8
HIGHEST WIND SPEED/DIRECTION    43/260    DATE  05/02
HIGHEST GUST SPEED/DIRECTION    57/270    DATE  03/02

SKY COVER
POSSIBLE SUNSHINE (PERCENT)   MM
AVERAGE SKY COVER           0.70
NUMBER OF DAYS FAIR            7
NUMBER OF DAYS PC             41
NUMBER OF DAYS CLOUDY         44

AVERAGE RH (PERCENT)     60

WEATHER CONDITIONS. NUMBER OF DAYS WITH
THUNDERSTORM              0     MIXED PRECIP               0
HEAVY RAIN               11     RAIN                      11
LIGHT RAIN               47     FREEZING RAIN              0
LT FREEZING RAIN          0     HAIL                       0
HEAVY SNOW                0     SNOW                       3
LIGHT SNOW                7     SLEET                      1
FOG                      31     FOG W/VIS <= 1/4 MILE      1
HAZE                      6

-  INDICATES NEGATIVE NUMBERS.
R  INDICATES RECORD WAS SET OR TIED.
MM INDICATES DATA IS MISSING.
T  INDICATES TRACE AMOUNT.

$$
