000
CXUS51 KOKX 021413
CLSEWR

CLIMATE REPORT
NATIONAL WEATHER SERVICE NEW YORK NY
850 AM EST WED DEC 2 2015

...................................

...THE NEWARK NJ CLIMATE SUMMARY FOR THE SEASON, FROM
9/1/2015 TO 11/30/2015...

CLIMATE NORMAL PERIOD 1981 TO 2010
CLIMATE RECORD PERIOD 1929 TO 2015

WEATHER         OBSERVED          NORMAL  DEPART  LAST YEAR`S
                 VALUE   DATE(S)  VALUE   FROM    VALUE
                                          NORMAL
.............................................................
TEMPERATURE (F)
RECORD
 HIGH             105   09/02/1953
 LOW               12   11/27/1932
HIGHEST            98   09/08        MM      MM
LOWEST             27   11/24        MM      MM
AVG. MAXIMUM     69.9              65.5     4.4
AVG. MINIMUM     51.9              48.9     3.0
MEAN             60.9              57.2     3.7
DAYS MAX >= 90      5               1.1     3.9
DAYS MAX <= 32      0               0.1    -0.1
DAYS MIN <= 32      5               5.5    -0.5
DAYS MIN <= 0       0               0.0     0.0

PRECIPITATION (INCHES)
RECORD
 MAXIMUM        20.22   1944
 MINIMUM         4.21   1931
TOTALS           6.98             11.07   -4.09     9.80
DAILY AVG.       0.08              0.12   -0.04
DAYS >= .01        19              26.8    -7.8
DAYS >= .10        10              16.8    -6.8
DAYS >= .50         5               7.9    -2.9
DAYS >= 1.00        3               3.0     0.0
GREATEST
 24 HR. TOTAL    1.46   MM
 STORM TOTAL       MM
 (MM/DD(HH))            MM

SNOWFALL (INCHES)
RECORDS
 TOTAL            8.7   1938
 24 HR TOTAL       MM
TOTALS            0.0               0.4    -0.4
 LIQUID EQUIV    0.00              0.00    0.00
SINCE 7/1         0.0               0.4    -0.4
 LIQUID 7/1      0.00
DAYS >= TRACE       0               0.4    -0.4
DAYS >= 1.0         0               0.1    -0.1
GREATEST
 SNOW DEPTH         0   MM
 24 HR TOTAL      0.0   MM
 STORM TOTAL       MM
 (MM/DD(HH))            MM

DEGREE_DAYS
HEATING TOTAL     632               866    -234
 SINCE 7/1        632               868    -236
COOLING TOTAL     273               157     116
 SINCE 1/1       1555              1192     363
..............................................................

WIND (MPH)
AVERAGE WIND SPEED              8.5
HIGHEST WIND SPEED/DIRECTION    37/290    DATE  10/09
HIGHEST GUST SPEED/DIRECTION    46/300    DATE  10/09

SKY COVER
POSSIBLE SUNSHINE (PERCENT)   MM
AVERAGE SKY COVER           0.60
NUMBER OF DAYS FAIR           26
NUMBER OF DAYS PC             36
NUMBER OF DAYS CLOUDY         29

AVERAGE RH (PERCENT)     63

WEATHER CONDITIONS. NUMBER OF DAYS WITH
THUNDERSTORM              0     MIXED PRECIP               0
HEAVY RAIN                6     RAIN                       9
LIGHT RAIN               27     FREEZING RAIN              0
LT FREEZING RAIN          0     HAIL                       0
HEAVY SNOW                0     SNOW                       0
LIGHT SNOW                0     SLEET                      0
FOG                      20     FOG W/VIS <= 1/4 MILE      2
HAZE                      5

-  INDICATES NEGATIVE NUMBERS.
R  INDICATES RECORD WAS SET OR TIED.
MM INDICATES DATA IS MISSING.
T  INDICATES TRACE AMOUNT.

$$
