000
CXUS51 KOKX 021621
CLSEWR

NYCCLMEWR 000
TTAA00 KOKX 021559


CLIMATE REPORT
NATIONAL WEATHER SERVICE NEW YORK NY
1120 AM EST WED DEC 2 2009

...................................

...THE NEWARK NJ CLIMATE SUMMARY FOR THE SEASON, FROM
9/1/2009 TO 11/30/2009...

CLIMATE NORMAL PERIOD 1971 TO 2000
CLIMATE RECORD PERIOD 1929 TO 2009

WEATHER         OBSERVED          NORMAL  DEPART  LAST YEAR`S
                 VALUE   DATE(S)  VALUE   FROM    VALUE
                                          NORMAL
.............................................................
TEMPERATURE (F)
RECORD
 HIGH             105   09/02/1953
 LOW               12   11/27/1932
HIGHEST            86   09/05        MM      MM
LOWEST             31   11/07        MM      MM
AVG. MAXIMUM     65.4              66.6    -1.2
AVG. MINIMUM     50.1              49.1     1.0
MEAN             57.8              57.8     0.0
DAYS MAX >= 90      0               1.5    -1.5
DAYS MAX <= 32      0               0.1    -0.1
DAYS MIN <= 32      1               6.6    -5.6
DAYS MIN <= 0       0               0.0     0.0

PRECIPITATION (INCHES)
RECORD
 MAXIMUM        20.22   1944
 MINIMUM         4.21   1931
TOTALS           8.36             10.62   -2.26    13.00
DAILY AVG.       0.09              0.12   -0.03
DAYS >= .01        28              26.8     1.2
DAYS >= .10        18              17.3     0.7
DAYS >= .50         6               7.6    -1.6
DAYS >= 1.00        2               2.9    -0.9
GREATEST
 24 HR. TOTAL    2.11   MM
 STORM TOTAL       MM
 (MM/DD(HH))            MM

SNOWFALL (INCHES)
RECORDS
 TOTAL            8.7   1938
 24 HR TOTAL       MM
TOTALS            0.0               0.6    -0.6
 LIQUID EQUIV    0.00                MM      MM
SINCE 7/1           T               0.6    -0.6
 LIQUID 7/1        MM
DAYS >= TRACE       0               0.4    -0.4
DAYS >= 1.0         0               0.2    -0.2
GREATEST
 SNOW DEPTH         0   MM
 24 HR TOTAL      0.0   MM
 STORM TOTAL       MM
 (MM/DD(HH))            MM

DEGREE_DAYS
HEATING TOTAL     750               854    -104
 SINCE 7/1        750               861    -111
COOLING TOTAL     106               161     -55
 SINCE 1/1       1027              1220    -193

FREEZE DATES
RECORD
 EARLIEST     MM
 LATEST       MM
EARLIEST                        MM
LATEST                          MM
..............................................................

WIND (MPH)
AVERAGE WIND SPEED              9.1
HIGHEST WIND SPEED/DIRECTION    40/270    DATE  10/07
HIGHEST GUST SPEED/DIRECTION    55/290    DATE  10/07

SKY COVER
POSSIBLE SUNSHINE (PERCENT)   MM

NUMBER OF DAYS FAIR           10
NUMBER OF DAYS PC             40
NUMBER OF DAYS CLOUDY         41

AVERAGE RH (PERCENT)     61

WEATHER CONDITIONS. NUMBER OF DAYS WITH
THUNDERSTORM              3     MIXED PRECIP               0
HEAVY RAIN                6     RAIN                      12
LIGHT RAIN               39     FREEZING RAIN              0
LT FREEZING RAIN          0     HAIL                       0
HEAVY SNOW                0     SNOW                       0
LIGHT SNOW                0     SLEET                      0
FOG                      24     FOG W/VIS <= 1/4 MILE      1
HAZE                     25

-  INDICATES NEGATIVE NUMBERS.
R  INDICATES RECORD WAS SET OR TIED.
MM INDICATES DATA IS MISSING.
T  INDICATES TRACE AMOUNT.

$$
