000
CXUS51 KOKX 021607 CCA
CLSEWR

CLIMATE REPORT...CORRECTED
NATIONAL WEATHER SERVICE NEW YORK NY
1107 AM EST TUE MAR 2 2010

...THE NEWARK NJ CLIMATE SUMMARY FOR THE SEASON, FROM
12/1/2009 TO 2/28/2010...

CLIMATE NORMAL PERIOD 1971 TO 2000
CLIMATE RECORD PERIOD 1929 TO 2010

WEATHER         OBSERVED          NORMAL  DEPART  LAST YEAR`S
                 VALUE   DATE(S)  VALUE   FROM    VALUE
                                          NORMAL
.............................................................
TEMPERATURE (F)
RECORD
 HIGH              76   12/07/1998
                        02/15/1949
 LOW              -14   02/09/1934
HIGHEST            67   12/03        MM      MM
LOWEST             14   01/31        MM      MM
                        01/10
                        01/30
AVG. MAXIMUM     40.5              40.4     0.1
AVG. MINIMUM     27.0              26.0     1.0
MEAN             33.7              33.2     0.5
DAYS MAX >= 90      0               0.0     0.0
DAYS MAX <= 32     14              17.8    -3.8
DAYS MIN <= 32     69              61.7     7.3
DAYS MIN <= 0       0               0.8    -0.8

PRECIPITATION (INCHES)
RECORD
 MAXIMUM        20.41   1978-79
 MINIMUM         4.38   2001-02
TOTALS          14.28              9.88    4.40     9.32
DAILY AVG.       0.16              0.11    0.05
DAYS >= .01        30              31.1    -1.1
DAYS >= .10        19              19.1    -0.1
DAYS >= .50        11               7.6     3.4
DAYS >= 1.00        5               2.6     2.4
GREATEST
 24 HR. TOTAL    1.96   MM
 STORM TOTAL       MM
 (MM/DD(HH))            MM

SNOWFALL (INCHES)
RECORDS
 TOTAL           69.5   1960-61
 24 HR TOTAL     18.0   01/07/1996
TOTALS           47.9              20.2    27.7
 LIQUID EQUIV    4.79              2.00    2.79
SINCE 7/1        47.9              20.8    27.1
 LIQUID 7/1      4.79
DAYS >= TRACE      26              11.3    14.7
DAYS >= 1.0         9               5.1     3.9
GREATEST
 SNOW DEPTH        12   02/26
 24 HR TOTAL     13.2   02/10
 STORM TOTAL       MM
 (MM/DD(HH))            MM

DEGREE_DAYS
HEATING TOTAL    2790              2860     -70
 SINCE 7/1       3540              3660    -120
COOLING TOTAL       0                 0       0
 SINCE 1/1          0                 0       0

FREEZE DATES
RECORD
 EARLIEST     MM
 LATEST       MM
EARLIEST                        MM
LATEST                          MM
..............................................................

WIND (MPH)
AVERAGE WIND SPEED              11.3
HIGHEST WIND SPEED/DIRECTION    41/320    DATE  12/29
HIGHEST GUST SPEED/DIRECTION    49/320    DATE  12/29

SKY COVER
POSSIBLE SUNSHINE (PERCENT)   MM

NUMBER OF DAYS FAIR           17
NUMBER OF DAYS PC             39
NUMBER OF DAYS CLOUDY         34

AVERAGE RH (PERCENT)     56

WEATHER CONDITIONS. NUMBER OF DAYS WITH
THUNDERSTORM              0     MIXED PRECIP               0
HEAVY RAIN                5     RAIN                      15
LIGHT RAIN               21     FREEZING RAIN              0
LT FREEZING RAIN          2     HAIL                       0
HEAVY SNOW                4     SNOW                      10
LIGHT SNOW               22     SLEET                      3
FOG                      27     FOG W/VIS <= 1/4 MILE      5
HAZE                     23

-  INDICATES NEGATIVE NUMBERS.
R  INDICATES RECORD WAS SET OR TIED.
MM INDICATES DATA IS MISSING.
T  INDICATES TRACE AMOUNT.

$$
