000
CXUS51 KOKX 012154
CLSEWR

NYCCLMEWR 000
TTAA00 KOKX 011810


CLIMATE REPORT
NATIONAL WEATHER SERVICE NEW YORK NY
554 PM EDT MON JUN 1 2009

...................................

...THE NEWARK NJ CLIMATE SUMMARY FOR THE SEASON, FROM
3/1/2009 TO 5/31/2009...

CLIMATE NORMAL PERIOD 1971 TO 2000
CLIMATE RECORD PERIOD 1929 TO 2009

WEATHER         OBSERVED          NORMAL  DEPART  LAST YEAR`S
                 VALUE   DATE(S)  VALUE   FROM    VALUE
                                          NORMAL
.............................................................
TEMPERATURE (F)
RECORD
 HIGH              99   05/20/1996
 LOW                6   03/04/1943
HIGHEST            93   04/26        MM      MM
LOWEST             12   03/03        MM      MM
AVG. MAXIMUM     62.1              61.7     0.4
AVG. MINIMUM     44.4              43.1     1.3
MEAN             53.3              52.4     0.9
DAYS MAX >= 90      3               2.0     1.0
DAYS MAX <= 32      2               0.7     1.3
DAYS MIN <= 32     13              13.3    -0.3
DAYS MIN <= 0       0               0.0     0.0

PRECIPITATION (INCHES)
RECORD
 MAXIMUM        26.50   1983
 MINIMUM         4.43   1935
TOTALS          10.30             11.84   -1.54    10.26
DAILY AVG.       0.11              3.95   -3.84
DAYS >= .01        29              33.4    -4.4
DAYS >= .10        21              21.4    -0.4
DAYS >= .50         6               8.4    -2.4
DAYS >= 1.00        1               3.0    -2.0
GREATEST
 24 HR. TOTAL    2.12   04/20 TO 04/21
 STORM TOTAL       MM
 (MM/DD(HH))            MM

SNOWFALL (INCHES)
RECORDS
 TOTAL           29.4   1956
 24 HR TOTAL       MM   MM
TOTALS            7.0               5.1     1.9
 LIQUID EQUIV    0.70                MM      MM
SINCE 7/1        27.1              25.9     1.2
 LIQUID 7/1      2.71
DAYS >= TRACE       4               2.7     1.3
DAYS >= 1.0         2               1.3     0.7
GREATEST
 SNOW DEPTH         5   03/03
                        03/02
 24 HR TOTAL      5.3   03/02 TO 03/02
 STORM TOTAL       MM
 (MM/DD(HH))            MM

DEGREE_DAYS
HEATING TOTAL    1153              1218     -65
 SINCE 7/1       4829              4858     -29
COOLING TOTAL     100                59      41
 SINCE 1/1        100                82      18

FREEZE DATES
RECORD
 EARLIEST     MM
 LATEST       MM
EARLIEST                        MM
LATEST                          MM
..............................................................

WIND (MPH)
AVERAGE WIND SPEED              9.9
HIGHEST WIND SPEED/DIRECTION    40/270    DATE  04/04
HIGHEST GUST SPEED/DIRECTION    49/270    DATE  04/04

SKY COVER
POSSIBLE SUNSHINE (PERCENT)   MM

NUMBER OF DAYS FAIR           15
NUMBER OF DAYS PC             30
NUMBER OF DAYS CLOUDY         47

AVERAGE RH (PERCENT)     55

WEATHER CONDITIONS. NUMBER OF DAYS WITH
THUNDERSTORM              9     MIXED PRECIP               0
HEAVY RAIN                8     RAIN                      15
LIGHT RAIN               40     FREEZING RAIN              0
LT FREEZING RAIN          0     HAIL                       0
HEAVY SNOW                1     SNOW                       2
LIGHT SNOW                4     SLEET                      0
FOG                      36     FOG W/VIS <= 1/4 MILE      2
HAZE                     35

-  INDICATES NEGATIVE NUMBERS.
R  INDICATES RECORD WAS SET OR TIED.
MM INDICATES DATA IS MISSING.
T  INDICATES TRACE AMOUNT.

$$
