000
CXUS51 KOKX 012022
CLSEWR

NYCCLMEWR 000
TTAA00 KOKX 012018


CLIMATE REPORT
NATIONAL WEATHER SERVICE NEW YORK NY
411 PM EDT MON JUN 1 2015

...................................

...THE NEWARK NJ CLIMATE SUMMARY FOR THE SEASON, FROM
3/1/2015 TO 5/31/2015...

CLIMATE NORMAL PERIOD 1981 TO 2010
CLIMATE RECORD PERIOD 1929 TO 2015

WEATHER         OBSERVED          NORMAL  DEPART  LAST YEAR`S
                 VALUE   DATE(S)  VALUE   FROM    VALUE
                                          NORMAL
.............................................................
TEMPERATURE (F)
RECORD
 HIGH              99   05/20/1996
 LOW                6   03/04/1943
HIGHEST            91   05/26        MM      MM
LOWEST             11   03/07        MM      MM
AVG. MAXIMUM     63.0              61.6     1.4
AVG. MINIMUM     43.7              43.5     0.2
MEAN             53.3              52.6     0.7
DAYS MAX >= 90      2               1.4     0.6
DAYS MAX <= 32      2               0.8     1.2
DAYS MIN <= 32     19              13.8     5.2
DAYS MIN <= 0       0               0.0     0.0

PRECIPITATION (INCHES)
RECORD
 MAXIMUM        26.50   1983
 MINIMUM         4.43   1935
TOTALS          11.23             12.47   -1.24    15.63
DAILY AVG.       0.12              0.14   -0.02
DAYS >= .01        26              33.8    -7.8
DAYS >= .10        18              21.0    -3.0
DAYS >= .50         7               8.2    -1.2
DAYS >= 1.00        1               3.1    -2.1
GREATEST
 24 HR. TOTAL    3.83   MM
 STORM TOTAL       MM
 (MM/DD(HH))            MM

SNOWFALL (INCHES)
RECORDS
 TOTAL           29.4   1956
 24 HR TOTAL     12.8   04/06/1982 TO 04/06/1982
TOTALS           16.3               5.5    10.8
 LIQUID EQUIV    1.63              0.60    1.03
SINCE 7/1        46.4              28.5    17.9
 LIQUID 7/1      4.64
DAYS >= TRACE       9               2.8     6.2
DAYS >= 1.0         4               1.5     2.5
GREATEST
 SNOW DEPTH         8   03/07
                        03/06
 24 HR TOTAL      6.7   MM
 STORM TOTAL       MM
 (MM/DD(HH))            MM

DEGREE_DAYS
HEATING TOTAL    1211              1219      -8
 SINCE 7/1         MM              4855      MM
COOLING TOTAL     160                75      85
 SINCE 1/1        160                76      84
..............................................................

WIND (MPH)
AVERAGE WIND SPEED              9.6
HIGHEST WIND SPEED/DIRECTION    37/320    DATE  03/17
HIGHEST GUST SPEED/DIRECTION    51/310    DATE  03/17

SKY COVER
POSSIBLE SUNSHINE (PERCENT)   MM
AVERAGE SKY COVER           0.60
NUMBER OF DAYS FAIR           12
NUMBER OF DAYS PC             46
NUMBER OF DAYS CLOUDY         34

AVERAGE RH (PERCENT)     57

WEATHER CONDITIONS. NUMBER OF DAYS WITH
THUNDERSTORM              0     MIXED PRECIP               0
HEAVY RAIN                5     RAIN                      10
LIGHT RAIN               33     FREEZING RAIN              1
LT FREEZING RAIN          2     HAIL                       2
HEAVY SNOW                1     SNOW                       5
LIGHT SNOW                7     SLEET                      2
FOG                      32     FOG W/VIS <= 1/4 MILE      6
HAZE                     10

-  INDICATES NEGATIVE NUMBERS.
R  INDICATES RECORD WAS SET OR TIED.
MM INDICATES DATA IS MISSING.
T  INDICATES TRACE AMOUNT.

$$
