000
CXUS51 KOKX 011621
CLSEWR

CLIMATE REPORT
NATIONAL WEATHER SERVICE NEW YORK NY
1121 AM EST SUN DEC 1 2013


...THE NEWARK NJ CLIMATE SUMMARY FOR THE SEASON, FROM
9/1/2013 TO 11/30/2013...

CLIMATE NORMAL PERIOD 1981 TO 2010
CLIMATE RECORD PERIOD 1929 TO 2013

WEATHER         OBSERVED          NORMAL  DEPART  LAST YEAR`S
                 VALUE   DATE(S)  VALUE   FROM    VALUE
                                          NORMAL
.............................................................
TEMPERATURE (F)
RECORD
 HIGH             105   09/02/1953
 LOW               12   11/27/1932
HIGHEST            96   09/11        MM      MM
LOWEST             21   11/25        MM      MM
AVG. MAXIMUM     66.3              65.5     0.8
AVG. MINIMUM     47.8              48.9    -1.1
MEAN             57.0              57.2    -0.2
DAYS MAX >= 90      1               1.1    -0.1
DAYS MAX <= 32      1               0.1     0.9
DAYS MIN <= 32     12               5.5     6.5
DAYS MIN <= 0       0               0.0     0.0

PRECIPITATION (INCHES)
RECORD
 MAXIMUM        20.22   1944
 MINIMUM         4.21   1931
TOTALS           5.02             11.07   -6.05     8.40
DAILY AVG.       0.06              0.12   -0.06
DAYS >= .01        21              26.8    -5.8
DAYS >= .10         9              16.8    -7.8
DAYS >= .50         4               7.9    -3.9
DAYS >= 1.00        1               3.0    -2.0
GREATEST
 24 HR. TOTAL    2.42   MM
 STORM TOTAL       MM
 (MM/DD(HH))            MM

SNOWFALL (INCHES)
RECORDS
 TOTAL            8.7   1938
 24 HR TOTAL       MM
TOTALS              T               0.4    -0.4
 LIQUID EQUIV      MM              0.00      MM
SINCE 7/1           T               0.4    -0.4
 LIQUID 7/1        MM
DAYS >= TRACE       3               0.4     2.6
DAYS >= 1.0         0               0.1    -0.1
GREATEST
 SNOW DEPTH         0   MM
 24 HR TOTAL      0.0   MM
 STORM TOTAL       MM
 (MM/DD(HH))            MM

DEGREE_DAYS
HEATING TOTAL     870               866       4
 SINCE 7/1        870               868       2
COOLING TOTAL     166               157       9
 SINCE 1/1       1337              1192     145
..............................................................

WIND (MPH)
AVERAGE WIND SPEED              8.7
HIGHEST WIND SPEED/DIRECTION    36/270    DATE  11/10
HIGHEST GUST SPEED/DIRECTION    49/260    DATE  11/01

SKY COVER
POSSIBLE SUNSHINE (PERCENT)   MM
AVERAGE SKY COVER           0.60
NUMBER OF DAYS FAIR           20
NUMBER OF DAYS PC             49
NUMBER OF DAYS CLOUDY         22

AVERAGE RH (PERCENT)     62

WEATHER CONDITIONS. NUMBER OF DAYS WITH
THUNDERSTORM              0     MIXED PRECIP               1
HEAVY RAIN                6     RAIN                      10
LIGHT RAIN               31     FREEZING RAIN              0
LT FREEZING RAIN          0     HAIL                       0
HEAVY SNOW                0     SNOW                       1
LIGHT SNOW                1     SLEET                      1
FOG                      26     FOG W/VIS <= 1/4 MILE      1
HAZE                     14

-  INDICATES NEGATIVE NUMBERS.
R  INDICATES RECORD WAS SET OR TIED.
MM INDICATES DATA IS MISSING.
T  INDICATES TRACE AMOUNT.

$$
