000
CXUS51 KOKX 031345 RRA
CLSEWR

CLIMATE REPORT
NATIONAL WEATHER SERVICE NEW YORK NY
938 AM EDT SUN SEP 3 2017

...................................

...THE NEWARK NJ CLIMATE SUMMARY FOR THE SEASON, FROM
6/1/2017 TO 8/31/2017...

CLIMATE NORMAL PERIOD 1981 TO 2010
CLIMATE RECORD PERIOD 1929 TO 2017

WEATHER         OBSERVED          NORMAL  DEPART  LAST YEAR`S
                 VALUE   DATE(S)  VALUE   FROM    VALUE
                                          NORMAL
.............................................................
TEMPERATURE (F)
RECORD
 HIGH             108   07/22/2011
 LOW               41   06/01/1938
HIGHEST            99   06/13        MM      MM
LOWEST             52   06/09        MM      MM
                        06/07
AVG. MAXIMUM     83.2              83.9    -0.7
AVG. MINIMUM     66.1              66.5    -0.4
MEAN             74.6              75.2    -0.6
DAYS MAX >= 90     16              18.3    -2.3
DAYS MAX <= 32      0               0.0     0.0
DAYS MIN <= 32      0               0.0     0.0
DAYS MIN <= 0       0               0.0     0.0

PRECIPITATION (INCHES)
RECORD
 MAXIMUM        23.57   2011
 MINIMUM         4.46   1966
TOTALS          15.14             12.48    2.66     9.41
DAILY AVG.       0.17              0.14    0.03
DAYS >= .01        34              30.8     3.2
DAYS >= .10        21              19.5     1.5
DAYS >= .50        12               8.3     3.7
DAYS >= 1.00        4               3.7     0.3
GREATEST
 24 HR. TOTAL    2.15   MM
 STORM TOTAL       MM
 (MM/DD(HH))            MM

SNOWFALL (INCHES)
RECORDS
 TOTAL              T   2011
                        2009
                        2008
 24 HR TOTAL       MM
TOTALS            0.0               0.0     0.0
 LIQUID EQUIV    0.00              0.00    0.00
SINCE 7/1         0.0               0.0     0.0
 LIQUID 7/1      0.00
DAYS >= TRACE       0               0.0     0.0
DAYS >= 1.0         0               0.0     0.0
GREATEST
 SNOW DEPTH         0   MM
 24 HR TOTAL      0.0   MM
 STORM TOTAL       MM
 (MM/DD(HH))            MM

DEGREE_DAYS
HEATING TOTAL      18                18       0
 SINCE 7/1          0                 1      -1
COOLING TOTAL     933               957     -24
 SINCE 1/1       1028              1034      -6
..............................................................

WIND (MPH)
AVERAGE WIND SPEED              8.6
HIGHEST WIND SPEED/DIRECTION    44/240    DATE  06/19
HIGHEST GUST SPEED/DIRECTION    63/240    DATE  06/19

SKY COVER
POSSIBLE SUNSHINE (PERCENT)   MM
AVERAGE SKY COVER           0.60
NUMBER OF DAYS FAIR           11
NUMBER OF DAYS PC             55
NUMBER OF DAYS CLOUDY         26

AVERAGE RH (PERCENT)     65

WEATHER CONDITIONS. NUMBER OF DAYS WITH
THUNDERSTORM              0     MIXED PRECIP               0
HEAVY RAIN               16     RAIN                      19
LIGHT RAIN               44     FREEZING RAIN              0
LT FREEZING RAIN          0     HAIL                       0
HEAVY SNOW                0     SNOW                       0
LIGHT SNOW                0     SLEET                      0
FOG                      29     FOG W/VIS <= 1/4 MILE      0
HAZE                      9

-  INDICATES NEGATIVE NUMBERS.
R  INDICATES RECORD WAS SET OR TIED.
MM INDICATES DATA IS MISSING.
T  INDICATES TRACE AMOUNT.

$$
